000
CDUS45 KBOI 260931
CLIMYL


CLIMATE REPORT
NATIONAL WEATHER SERVICE BOISE ID
330 AM MDT WED JUL 26 2017


...................................

...THE MCCALL ID CLIMATE SUMMARY FOR JULY 25 2017...

CLIMATE NORMAL PERIOD 1981 TO 2010
CLIMATE RECORD PERIOD 1930 TO 2017


WEATHER ITEM   OBSERVED TIME   RECORD YEAR NORMAL DEPARTURE LAST
                VALUE   (LST)  VALUE       VALUE  FROM      YEAR
                                                  NORMAL
..................................................................
TEMPERATURE (F)
 YESTERDAY
  MAXIMUM         85    524 PM 102    1928  80      5       87
  MINIMUM         55    544 AM  32    1974  44     11       47
  AVERAGE         70                        62      8       67

PRECIPITATION (IN)
  YESTERDAY        0.00          0.82 1990   0.02  -0.02     0.00
  MONTH TO DATE    T                         0.61  -0.61     1.40
  SINCE OCT 1     29.77                     18.43  11.34    25.23
  SINCE JAN 1     21.28                     12.25   9.03    14.66

DEGREE DAYS
 HEATING
  YESTERDAY        0                         4     -4        0
  MONTH TO DATE    3                       131   -128      114
  SINCE JUN 1    239                       498   -259      340
  SINCE JUL 1      3                       131   -128      114

 COOLING
  YESTERDAY        5                         1      4        2
  MONTH TO DATE   93                        10     83       10
  SINCE JUN 1     99                        11     88       45
  SINCE JAN 1     99                        11     88       45
..................................................................


WIND (MPH)
  HIGHEST WIND SPEED    14   HIGHEST WIND DIRECTION     W (260)
  HIGHEST GUST SPEED    19   HIGHEST GUST DIRECTION     S (180)
  AVERAGE WIND SPEED     3.0


SKY COVER
  AVERAGE SKY COVER 0.1


WEATHER CONDITIONS
 THE FOLLOWING WEATHER WAS RECORDED YESTERDAY.
  NO SIGNIFICANT WEATHER WAS OBSERVED.


RELATIVE HUMIDITY (PERCENT)
 HIGHEST    67           300 AM
 LOWEST     20           600 PM
 AVERAGE    44

..........................................................


THE MCCALL ID CLIMATE NORMALS FOR TODAY
                         NORMAL    RECORD    YEAR
 MAXIMUM TEMPERATURE (F)   80       101      1928
 MINIMUM TEMPERATURE (F)   44        29      1910


SUNRISE AND SUNSET
JULY 26 2017..........SUNRISE   624 AM MDT   SUNSET   917 PM MDT
JULY 27 2017..........SUNRISE   625 AM MDT   SUNSET   916 PM MDT


-  INDICATES NEGATIVE NUMBERS.
R  INDICATES RECORD WAS SET OR TIED.
MM INDICATES DATA IS MISSING.
T  INDICATES TRACE AMOUNT.




$$
