000
CDUS45 KBOI 280932
CLIMYL


CLIMATE REPORT
NATIONAL WEATHER SERVICE BOISE ID
331 AM MDT MON JUL 28 2014


...................................

...THE MCCALL ID CLIMATE SUMMARY FOR JULY 27 2014...

CLIMATE NORMAL PERIOD 1981 TO 2010
CLIMATE RECORD PERIOD 1930 TO 2014


WEATHER ITEM   OBSERVED TIME   RECORD YEAR NORMAL DEPARTURE LAST
                VALUE   (LST)  VALUE       VALUE  FROM      YEAR
                                                  NORMAL
..................................................................
TEMPERATURE (F)
 YESTERDAY
  MAXIMUM         91    353 PM  96    1934  81     10       86
  MINIMUM         46    602 AM  34    1986  44      2       53
  AVERAGE         69                        62      7       70

PRECIPITATION (IN)
  YESTERDAY        0.00          0.19 1948   0.02  -0.02     0.00
  MONTH TO DATE    0.12                      0.65  -0.53      T
  SINCE OCT 1     19.38                     18.47   0.91    24.74
  SINCE JAN 1     15.31                     12.29   3.02    11.25

DEGREE DAYS
 HEATING
  YESTERDAY        0                         3     -3        0
  MONTH TO DATE   18                       138   -120       11
  SINCE JUN 1    332                       505   -173      274
  SINCE JUL 1     18                       138   -120       11

 COOLING
  YESTERDAY        4                         1      3        5
  MONTH TO DATE  107                        12     95       97
  SINCE JUN 1    107                        13     94      119
  SINCE JAN 1    107                        13     94      119
..................................................................


WIND (MPH)
  HIGHEST WIND SPEED    14   HIGHEST WIND DIRECTION     N (20)
  HIGHEST GUST SPEED    20   HIGHEST GUST DIRECTION     N (360)
  AVERAGE WIND SPEED     4.1


SKY COVER
  AVERAGE SKY COVER 0.0


WEATHER CONDITIONS
 THE FOLLOWING WEATHER WAS RECORDED YESTERDAY.
  NO SIGNIFICANT WEATHER WAS OBSERVED.


RELATIVE HUMIDITY (PERCENT)
 HIGHEST    71           500 AM
 LOWEST      9           400 PM
 AVERAGE    40

..........................................................


THE MCCALL ID CLIMATE NORMALS FOR TODAY
                         NORMAL    RECORD    YEAR
 MAXIMUM TEMPERATURE (F)   81        97      1934
 MINIMUM TEMPERATURE (F)   44        32      1986


SUNRISE AND SUNSET
JULY 28 2014..........SUNRISE   626 AM MDT   SUNSET   915 PM MDT
JULY 29 2014..........SUNRISE   627 AM MDT   SUNSET   914 PM MDT


-  INDICATES NEGATIVE NUMBERS.
R  INDICATES RECORD WAS SET OR TIED.
MM INDICATES DATA IS MISSING.
T  INDICATES TRACE AMOUNT.




$$
