000
CDUS45 KBOI 250932
CLIMYL


CLIMATE REPORT
NATIONAL WEATHER SERVICE BOISE ID
331 AM MDT TUE APR 25 2017


...................................

...THE MCCALL ID CLIMATE SUMMARY FOR APRIL 24 2017...

CLIMATE NORMAL PERIOD 1981 TO 2010
CLIMATE RECORD PERIOD 1930 TO 2017


WEATHER ITEM   OBSERVED TIME   RECORD YEAR NORMAL DEPARTURE LAST
                VALUE   (LST)  VALUE       VALUE  FROM      YEAR
                                                  NORMAL
..................................................................
TEMPERATURE (F)
 YESTERDAY
  MAXIMUM         45    435 PM  80    1977  52     -7       50
  MINIMUM         33   1159 PM  12    1950  27      6       35
  AVERAGE         39                        39      0       43

PRECIPITATION (IN)
  YESTERDAY        0.44          1.00 1930   0.06   0.38      T
  MONTH TO DATE    3.31                      1.55   1.76     1.13
  SINCE OCT 1     25.98                     13.40  12.58    21.18
  SINCE JAN 1     17.49                      7.22  10.27    10.61

DEGREE DAYS
 HEATING
  YESTERDAY       26                        26      0       22
  MONTH TO DATE  651                       699    -48      474
  SINCE MAR 1   1607                      1813   -206     1467
  SINCE JUL 1   7810                      8488   -678     7336

 COOLING
  YESTERDAY        0                         0      0        0
  MONTH TO DATE    0                         0      0        0
  SINCE MAR 1      0                         0      0        0
  SINCE JAN 1      0                         0      0        0
..................................................................


WIND (MPH)
  HIGHEST WIND SPEED    17   HIGHEST WIND DIRECTION     S (170)
  HIGHEST GUST SPEED    20   HIGHEST GUST DIRECTION     S (170)
  AVERAGE WIND SPEED     2.9


SKY COVER
  AVERAGE SKY COVER 1.0


WEATHER CONDITIONS
 THE FOLLOWING WEATHER WAS RECORDED YESTERDAY.
  HEAVY RAIN
  RAIN
  LIGHT RAIN
  LIGHT SNOW
  FOG


RELATIVE HUMIDITY (PERCENT)
 HIGHEST    92           100 AM
 LOWEST     70           400 PM
 AVERAGE    81

..........................................................


THE MCCALL ID CLIMATE NORMALS FOR TODAY
                         NORMAL    RECORD    YEAR
 MAXIMUM TEMPERATURE (F)   52        79      1977
 MINIMUM TEMPERATURE (F)   27        18      1948


SUNRISE AND SUNSET
APRIL 25 2017.........SUNRISE   643 AM MDT   SUNSET   843 PM MDT
APRIL 26 2017.........SUNRISE   641 AM MDT   SUNSET   844 PM MDT


-  INDICATES NEGATIVE NUMBERS.
R  INDICATES RECORD WAS SET OR TIED.
MM INDICATES DATA IS MISSING.
T  INDICATES TRACE AMOUNT.




$$
