000
CDUS45 KBOI 230934
CLIMYL


CLIMATE REPORT
NATIONAL WEATHER SERVICE BOISE ID
334 AM MDT TUE SEP 23 2014


...................................

...THE MCCALL ID CLIMATE SUMMARY FOR SEPTEMBER 22 2014...

CLIMATE NORMAL PERIOD 1981 TO 2010
CLIMATE RECORD PERIOD 1930 TO 2014


WEATHER ITEM   OBSERVED TIME   RECORD YEAR NORMAL DEPARTURE LAST
                VALUE   (LST)  VALUE       VALUE  FROM      YEAR
                                                  NORMAL
..................................................................
TEMPERATURE (F)
 YESTERDAY
  MAXIMUM         75    427 PM  86    1966  65     10       56
  MINIMUM         51   1116 PM  16    1991  31     20       45
  AVERAGE         63                        48     15       51

PRECIPITATION (IN)
  YESTERDAY        0.00          0.71 2007   0.03  -0.03     0.02
  MONTH TO DATE    T                         0.62  -0.62     0.78
  SINCE OCT 1     20.69                     19.84   0.85    25.84
  SINCE JAN 1     16.62                     13.66   2.96    12.35

DEGREE DAYS
 HEATING
  YESTERDAY        2                        17    -15       14
  MONTH TO DATE  173                       287   -114      129
  SINCE SEP 1    173                       287   -114      129
  SINCE JUL 1    289                       615   -326      176

 COOLING
  YESTERDAY        0                         0      0        0
  MONTH TO DATE    0                         0      0        6
  SINCE SEP 1      0                         0      0        6
  SINCE JAN 1    185                        25    160      186
..................................................................


WIND (MPH)
  HIGHEST WIND SPEED    15   HIGHEST WIND DIRECTION    NW (310)
  HIGHEST GUST SPEED    20   HIGHEST GUST DIRECTION    NW (300)
  AVERAGE WIND SPEED     2.5


SKY COVER
  AVERAGE SKY COVER 0.4


WEATHER CONDITIONS
 THE FOLLOWING WEATHER WAS RECORDED YESTERDAY.
  NO SIGNIFICANT WEATHER WAS OBSERVED.


RELATIVE HUMIDITY (PERCENT)
 HIGHEST    83           600 AM
 LOWEST     40           600 PM
 AVERAGE    62

..........................................................


THE MCCALL ID CLIMATE NORMALS FOR TODAY
                         NORMAL    RECORD    YEAR
 MAXIMUM TEMPERATURE (F)   65        86      1987
 MINIMUM TEMPERATURE (F)   31        19      1996


SUNRISE AND SUNSET
SEPTEMBER 23 2014.....SUNRISE   733 AM MDT   SUNSET   740 PM MDT
SEPTEMBER 24 2014.....SUNRISE   734 AM MDT   SUNSET   738 PM MDT


-  INDICATES NEGATIVE NUMBERS.
R  INDICATES RECORD WAS SET OR TIED.
MM INDICATES DATA IS MISSING.
T  INDICATES TRACE AMOUNT.




$$
