000
CDUS45 KBOI 090931
CLIMYL


CLIMATE REPORT
NATIONAL WEATHER SERVICE BOISE ID
231 AM MST TUE FEB 9 2016


...................................

...THE MCCALL ID CLIMATE SUMMARY FOR FEBRUARY 8 2016...

CLIMATE NORMAL PERIOD 1981 TO 2010
CLIMATE RECORD PERIOD 1930 TO 2016


WEATHER ITEM   OBSERVED TIME   RECORD YEAR NORMAL DEPARTURE LAST
                VALUE   (LST)  VALUE       VALUE  FROM      YEAR
                                                  NORMAL
..................................................................
TEMPERATURE (F)
 YESTERDAY
  MAXIMUM         37    305 PM  56    1963  32      5       47
  MINIMUM         11    837 AM -25    1936  10      1       32
  AVERAGE         24                        21      3       40

PRECIPITATION (IN)
  YESTERDAY        0.00          0.83 1945   0.07  -0.07      T
  MONTH TO DATE    0.27                      0.60  -0.33     1.70
  SINCE OCT 1     13.72                      8.51   5.21    12.24
  SINCE JAN 1      3.15                      2.33   0.82     3.48

DEGREE DAYS
 HEATING
  YESTERDAY       41                        44     -3       25
  MONTH TO DATE  357                       352      5      244
  SINCE DEC 1   3037                      3188   -151     2658
  SINCE JUL 1   5138                      5826   -688     4673

 COOLING
  YESTERDAY        0                         0      0        0
  MONTH TO DATE    0                         0      0        0
  SINCE DEC 1      0                         0      0        0
  SINCE JAN 1      0                         0      0        0
..................................................................


WIND (MPH)
  HIGHEST WIND SPEED     7   HIGHEST WIND DIRECTION     S (190)
  HIGHEST GUST SPEED     8   HIGHEST GUST DIRECTION     S (180)
  AVERAGE WIND SPEED     1.2


SKY COVER
  AVERAGE SKY COVER 0.2


WEATHER CONDITIONS
 THE FOLLOWING WEATHER WAS RECORDED YESTERDAY.
  FOG
  FOG W/VISIBILITY <= 1/4 MILE
  HAZE


RELATIVE HUMIDITY (PERCENT)
 HIGHEST   100          1000 PM
 LOWEST     70           300 PM
 AVERAGE    85

..........................................................


THE MCCALL ID CLIMATE NORMALS FOR TODAY
                         NORMAL    RECORD    YEAR
 MAXIMUM TEMPERATURE (F)   32        55      1963
 MINIMUM TEMPERATURE (F)   10       -33      1933


SUNRISE AND SUNSET
FEBRUARY  9 2016......SUNRISE   754 AM MST   SUNSET   603 PM MST
FEBRUARY 10 2016......SUNRISE   753 AM MST   SUNSET   605 PM MST


-  INDICATES NEGATIVE NUMBERS.
R  INDICATES RECORD WAS SET OR TIED.
MM INDICATES DATA IS MISSING.
T  INDICATES TRACE AMOUNT.




$$
