000
CDUS45 KBOI 010932
CLIMYL


CLIMATE REPORT
NATIONAL WEATHER SERVICE BOISE ID
232 AM MST SUN FEB 1 2015


...................................

...THE MCCALL ID CLIMATE SUMMARY FOR JANUARY 31 2015...

CLIMATE NORMAL PERIOD 1981 TO 2010
CLIMATE RECORD PERIOD 1930 TO 2015


WEATHER ITEM   OBSERVED TIME   RECORD YEAR NORMAL DEPARTURE LAST
                VALUE   (LST)  VALUE       VALUE  FROM      YEAR
                                                  NORMAL
..................................................................
TEMPERATURE (F)
 YESTERDAY
  MAXIMUM         43    332 PM  49    1992  30     13       24
  MINIMUM          7    718 AM -29    1950  11     -4        5
  AVERAGE         25                        21      4       15

PRECIPITATION (IN)
  YESTERDAY        0.00          1.51 1961   0.05  -0.05     0.04
  MONTH TO DATE    1.78                      1.73   0.05     1.66
  SINCE OCT 1     10.54                      7.91   2.63     5.73
  SINCE JAN 1      1.78                      1.73   0.05     1.66

DEGREE DAYS
 HEATING
  YESTERDAY       40                        44     -4       50
  MONTH TO DATE 1246                      1401   -155     1346
  SINCE DEC 1   2414                      2836   -422     2802
  SINCE JUL 1   4478                      5474   -996     4892

 COOLING
  YESTERDAY        0                         0      0        0
  MONTH TO DATE    0                         0      0        0
  SINCE DEC 1      0                         0      0        0
  SINCE JAN 1      0                         0      0        0
..................................................................


WIND (MPH)
  HIGHEST WIND SPEED    12   HIGHEST WIND DIRECTION     W (290)
  HIGHEST GUST SPEED    14   HIGHEST GUST DIRECTION     W (280)
  AVERAGE WIND SPEED     2.6


SKY COVER
  AVERAGE SKY COVER 0.0


WEATHER CONDITIONS
 THE FOLLOWING WEATHER WAS RECORDED YESTERDAY.
  FOG


RELATIVE HUMIDITY (PERCENT)
 HIGHEST    92           100 AM
 LOWEST     39           400 PM
 AVERAGE    66

..........................................................


THE MCCALL ID CLIMATE NORMALS FOR TODAY
                         NORMAL    RECORD    YEAR
 MAXIMUM TEMPERATURE (F)   30        49      1992
 MINIMUM TEMPERATURE (F)   11       -29      1956


SUNRISE AND SUNSET
FEBRUARY  1 2015......SUNRISE   804 AM MST   SUNSET   552 PM MST
FEBRUARY  2 2015......SUNRISE   803 AM MST   SUNSET   554 PM MST


-  INDICATES NEGATIVE NUMBERS.
R  INDICATES RECORD WAS SET OR TIED.
MM INDICATES DATA IS MISSING.
T  INDICATES TRACE AMOUNT.




$$
