000
CDUS45 KBOI 250932
CLIMYL


CLIMATE REPORT
NATIONAL WEATHER SERVICE BOISE ID
332 AM MDT MON JUL 25 2016


...................................

...THE MCCALL ID CLIMATE SUMMARY FOR JULY 24 2016...

CLIMATE NORMAL PERIOD 1981 TO 2010
CLIMATE RECORD PERIOD 1930 TO 2016


WEATHER ITEM   OBSERVED TIME   RECORD YEAR NORMAL DEPARTURE LAST
                VALUE   (LST)  VALUE       VALUE  FROM      YEAR
                                                  NORMAL
..................................................................
TEMPERATURE (F)
 YESTERDAY
  MAXIMUM         83    522 PM  97    2006  80      3       79
  MINIMUM         45    542 AM  34    1944  44      1       46
  AVERAGE         64                        62      2       63

PRECIPITATION (IN)
  YESTERDAY        0.00          0.93 1977   0.02  -0.02     0.00
  MONTH TO DATE    1.40                      0.59   0.81     2.22
  SINCE OCT 1     25.23                     18.41   6.82    20.56
  SINCE JAN 1     14.66                     12.23   2.43    11.80

DEGREE DAYS
 HEATING
  YESTERDAY        1                         4     -3        2
  MONTH TO DATE  114                       127    -13       36
  SINCE JUN 1    340                       494   -154      145
  SINCE JUL 1    114                       127    -13       36

 COOLING
  YESTERDAY        0                         1     -1        0
  MONTH TO DATE    8                         9     -1       43
  SINCE JUN 1     43                        10     33      109
  SINCE JAN 1     43                        10     33      109
..................................................................


WIND (MPH)
  HIGHEST WIND SPEED    12   HIGHEST WIND DIRECTION    SE (120)
  HIGHEST GUST SPEED    20   HIGHEST GUST DIRECTION     E (90)
  AVERAGE WIND SPEED     3.4


SKY COVER
  AVERAGE SKY COVER 0.0


WEATHER CONDITIONS
 THE FOLLOWING WEATHER WAS RECORDED YESTERDAY.
  NO SIGNIFICANT WEATHER WAS OBSERVED.


RELATIVE HUMIDITY (PERCENT)
 HIGHEST    76           400 AM
 LOWEST     15           600 PM
 AVERAGE    46

..........................................................


THE MCCALL ID CLIMATE NORMALS FOR TODAY
                         NORMAL    RECORD    YEAR
 MAXIMUM TEMPERATURE (F)   80        94      1933
 MINIMUM TEMPERATURE (F)   44        32      1974


SUNRISE AND SUNSET
JULY 25 2016..........SUNRISE   623 AM MDT   SUNSET   918 PM MDT
JULY 26 2016..........SUNRISE   624 AM MDT   SUNSET   917 PM MDT


-  INDICATES NEGATIVE NUMBERS.
R  INDICATES RECORD WAS SET OR TIED.
MM INDICATES DATA IS MISSING.
T  INDICATES TRACE AMOUNT.




$$
