000
CDUS44 KLIX 022117
CLINEW


CLIMATE REPORT
NATIONAL WEATHER SERVICE NEW ORLEANS
416 PM CDT MON MAY 2 2016


...................................

...THE NEW ORLEANS CLIMATE SUMMARY FOR MAY 2 2016...
VALID TODAY AS OF 0400 PM LOCAL TIME.

CLIMATE NORMAL PERIOD 1981 TO 2010
CLIMATE RECORD PERIOD 1946 TO 2016


WEATHER ITEM   OBSERVED TIME   RECORD YEAR NORMAL DEPARTURE LAST
                VALUE   (LST)  VALUE       VALUE  FROM      YEAR
                                                  NORMAL
..................................................................
TEMPERATURE (F)
 TODAY
  MAXIMUM         81   1254 PM  92    2002  82     -1       82
  MINIMUM         68    419 AM  49    1971  65      3       64
                                      1965
  AVERAGE         75                        73      2       73

PRECIPITATION (IN)
  TODAY            0.01          1.77 1961   0.14  -0.13     0.00
  MONTH TO DATE    1.99                      0.28   1.71     0.00
  SINCE MAR 1     18.24                      9.44   8.80    18.33
  SINCE JAN 1     26.37                     19.89   6.48    26.03

SNOWFALL (IN)
  TODAY            0.0
  MONTH TO DATE    0.0
  SINCE MAR 1      0.0
  SINCE JUL 1      0.0
  SNOW DEPTH       0

DEGREE DAYS
 HEATING
  TODAY            0                         0      0        0
  MONTH TO DATE    0                         0      0        0
  SINCE MAR 1     41                       170   -129       70
  SINCE JUL 1    755                      1279   -524     1274

 COOLING
  TODAY           10                         8      2        8
  MONTH TO DATE   19                        16      3       15
  SINCE MAR 1    367                       236    131      407
  SINCE JAN 1    403                       273    130      425
..................................................................


WIND (MPH)
  HIGHEST WIND SPEED    14   HIGHEST WIND DIRECTION    SE (150)
  HIGHEST GUST SPEED    17   HIGHEST GUST DIRECTION    SE (150)
  AVERAGE WIND SPEED     5.7


SKY COVER
  POSSIBLE SUNSHINE  MM
  AVERAGE SKY COVER 0.8


WEATHER CONDITIONS
 THE FOLLOWING WEATHER WAS RECORDED TODAY.
  LIGHT RAIN


RELATIVE HUMIDITY (PERCENT)
 HIGHEST    87           300 AM
 LOWEST     74           900 AM
 AVERAGE    81

..........................................................


THE NEW ORLEANS CLIMATE NORMALS FOR TOMORROW
                         NORMAL    RECORD    YEAR
 MAXIMUM TEMPERATURE (F)   82        90      2002
 MINIMUM TEMPERATURE (F)   65        51      2013
                                             2004
                                             1988


SUNRISE AND SUNSET
MAY  2 2016...........SUNRISE   617 AM CDT   SUNSET   739 PM CDT
MAY  3 2016...........SUNRISE   616 AM CDT   SUNSET   740 PM CDT


-  INDICATES NEGATIVE NUMBERS.
R  INDICATES RECORD WAS SET OR TIED.
MM INDICATES DATA IS MISSING.
T  INDICATES TRACE AMOUNT.




$$
