000
CDUS44 KLIX 202216
CLINEW


CLIMATE REPORT
NATIONAL WEATHER SERVICE NEW ORLEANS
415 PM CST MON FEB 20 2017


...................................

...THE NEW ORLEANS CLIMATE SUMMARY FOR FEBRUARY 20 2017...
VALID TODAY AS OF 0400 PM LOCAL TIME.

CLIMATE NORMAL PERIOD 1981 TO 2010
CLIMATE RECORD PERIOD 1946 TO 2017


WEATHER ITEM   OBSERVED TIME   RECORD YEAR NORMAL DEPARTURE LAST
                VALUE   (LST)  VALUE       VALUE  FROM      YEAR
                                                  NORMAL
..................................................................
TEMPERATURE (F)
 TODAY
  MAXIMUM         79    204 PM  82    1971  66     13       78
  MINIMUM         64    211 AM  26    1978  49     15       59
  AVERAGE         72                        58     14       69

PRECIPITATION (IN)
  TODAY            0.00          1.85 1979   0.17  -0.17     0.00
  MONTH TO DATE    1.80                      3.92  -2.12     1.67
  SINCE DEC 1     14.56                     14.31   0.25    12.54
  SINCE JAN 1      6.70                      9.07  -2.37     6.08

SNOWFALL (IN)
  TODAY            0.0
  MONTH TO DATE    0.0
  SINCE DEC 1      0.0
  SINCE JUL 1      0.0
  SNOW DEPTH       0

DEGREE DAYS
 HEATING
  TODAY            0                         8     -8        0
  MONTH TO DATE   66                       195   -129      148
  SINCE DEC 1    481                       887   -406      604
  SINCE JUL 1    552                      1051   -499      662

 COOLING
  TODAY            7                         1      6        4
  MONTH TO DATE   47                        20     27       23
  SINCE DEC 1    154                        63     91      138
  SINCE JAN 1     99                        36     63       27
..................................................................


WIND (MPH)
  HIGHEST WIND SPEED    21   HIGHEST WIND DIRECTION    SE (150)
  HIGHEST GUST SPEED    26   HIGHEST GUST DIRECTION     S (160)
  AVERAGE WIND SPEED    12.5


SKY COVER
  POSSIBLE SUNSHINE  MM
  AVERAGE SKY COVER 0.7


WEATHER CONDITIONS
 THE FOLLOWING WEATHER WAS RECORDED TODAY.
  FOG


RELATIVE HUMIDITY (PERCENT)
 HIGHEST   100           200 AM
 LOWEST     69          1200 PM
 AVERAGE    85

..........................................................


THE NEW ORLEANS CLIMATE NORMALS FOR TOMORROW
                         NORMAL    RECORD    YEAR
 MAXIMUM TEMPERATURE (F)   67        80      2011
                                             2008
                                             2005
 MINIMUM TEMPERATURE (F)   49        31      1978


SUNRISE AND SUNSET
FEBRUARY 20 2017......SUNRISE   636 AM CST   SUNSET   554 PM CST
FEBRUARY 21 2017......SUNRISE   635 AM CST   SUNSET   555 PM CST


-  INDICATES NEGATIVE NUMBERS.
R  INDICATES RECORD WAS SET OR TIED.
MM INDICATES DATA IS MISSING.
T  INDICATES TRACE AMOUNT.




$$
