000
CDUS44 KLIX 220701
CLINEW


CLIMATE REPORT
NATIONAL WEATHER SERVICE NEW ORLEANS
201 AM CDT FRI SEP 22 2017


...................................

...THE NEW ORLEANS CLIMATE SUMMARY FOR SEPTEMBER 21 2017...

CLIMATE NORMAL PERIOD 1981 TO 2010
CLIMATE RECORD PERIOD 1946 TO 2017


WEATHER ITEM   OBSERVED TIME   RECORD YEAR NORMAL DEPARTURE LAST
                VALUE   (LST)  VALUE       VALUE  FROM      YEAR
                                                  NORMAL
..................................................................
TEMPERATURE (F)
 YESTERDAY
  MAXIMUM         92    313 PM  96    2016  86      6       96
  MINIMUM         72    610 AM  59    1983  71      1       80
                                      1981
  AVERAGE         82                        79      3       88

PRECIPITATION (IN)
  YESTERDAY        0.00          2.53 2013   0.15  -0.15     0.00
  MONTH TO DATE    0.36                      3.74  -3.38     4.31
  SINCE SEP 1      0.36                      3.74  -3.38     4.31
  SINCE JAN 1     64.01                     47.95  16.06    59.74

SNOWFALL (IN)
  YESTERDAY        0.0
  MONTH TO DATE    0.0
  SINCE SEP 1      0.0
  SINCE JUL 1      0.0
  SNOW DEPTH       0

DEGREE DAYS
 HEATING
  YESTERDAY        0                         0      0        0
  MONTH TO DATE    0                         0      0        0
  SINCE SEP 1      0                         0      0        0
  SINCE JUL 1      0                         0      0        0

 COOLING
  YESTERDAY       17                        14      3       23
  MONTH TO DATE  306                       332    -26      441
  SINCE SEP 1    306                       332    -26      441
  SINCE JAN 1   2659                      2578     81     3143
..................................................................


WIND (MPH)
  HIGHEST WIND SPEED    13   HIGHEST WIND DIRECTION     E (80)
  HIGHEST GUST SPEED    15   HIGHEST GUST DIRECTION    NE (40)
  AVERAGE WIND SPEED     3.0


SKY COVER
  POSSIBLE SUNSHINE  MM
  AVERAGE SKY COVER 0.4


WEATHER CONDITIONS
 THE FOLLOWING WEATHER WAS RECORDED YESTERDAY.
  THUNDERSTORM
  FOG


RELATIVE HUMIDITY (PERCENT)
 HIGHEST   100           300 AM
 LOWEST     52           200 PM
 AVERAGE    76

..........................................................


THE NEW ORLEANS CLIMATE NORMALS FOR TODAY
                         NORMAL    RECORD    YEAR
 MAXIMUM TEMPERATURE (F)   86        95      1997
 MINIMUM TEMPERATURE (F)   71        56      1983


SUNRISE AND SUNSET
SEPTEMBER 22 2017.....SUNRISE   649 AM CDT   SUNSET   657 PM CDT
SEPTEMBER 23 2017.....SUNRISE   650 AM CDT   SUNSET   656 PM CDT


-  INDICATES NEGATIVE NUMBERS.
R  INDICATES RECORD WAS SET OR TIED.
MM INDICATES DATA IS MISSING.
T  INDICATES TRACE AMOUNT.




$$
