000
CDUS44 KLIX 260719
CLINEW


CLIMATE REPORT
NATIONAL WEATHER SERVICE NEW ORLEANS
218 AM CDT THU MAR 26 2015


...................................

...THE NEW ORLEANS CLIMATE SUMMARY FOR MARCH 25 2015...

CLIMATE NORMAL PERIOD 1981 TO 2010
CLIMATE RECORD PERIOD 1946 TO 2015


WEATHER ITEM   OBSERVED TIME   RECORD YEAR NORMAL DEPARTURE LAST
                VALUE   (LST)  VALUE       VALUE  FROM      YEAR
                                                  NORMAL
..................................................................
TEMPERATURE (F)
 YESTERDAY
  MAXIMUM         77    256 PM  84    2005  74      3       68
  MINIMUM         58    544 AM  30    1968  55      3       50
  AVERAGE         68                        64      4       59

PRECIPITATION (IN)
  YESTERDAY        0.00          0.68 1976   0.15  -0.15     0.00
  MONTH TO DATE    6.01                      3.63   2.38     1.16
  SINCE MAR 1      6.01                      3.63   2.38     1.16
  SINCE JAN 1     13.71                     14.08  -0.37    10.19

SNOWFALL (IN)
  YESTERDAY        0.0
  MONTH TO DATE    0.0
  SINCE MAR 1      0.0
  SINCE JUL 1      0.0
  SNOW DEPTH       0

DEGREE DAYS
 HEATING
  YESTERDAY        0                         3     -3        6
  MONTH TO DATE   61                       119    -58      163
  SINCE MAR 1     61                       119    -58      163
  SINCE JUL 1   1265                      1228     37     1516

 COOLING
  YESTERDAY        3                         2      1        0
  MONTH TO DATE  109                        45     64       18
  SINCE MAR 1    109                        45     64       18
  SINCE JAN 1    127                        82     45       42
..................................................................


WIND (MPH)
  HIGHEST WIND SPEED    12   HIGHEST WIND DIRECTION     S (170)
  HIGHEST GUST SPEED    15   HIGHEST GUST DIRECTION    NW (330)
  AVERAGE WIND SPEED     5.0


SKY COVER
  POSSIBLE SUNSHINE  MM
  AVERAGE SKY COVER 0.7


WEATHER CONDITIONS
 THE FOLLOWING WEATHER WAS RECORDED YESTERDAY.
  FOG
  FOG W/VISIBILITY <= 1/4 MILE
  HAZE


RELATIVE HUMIDITY (PERCENT)
 HIGHEST    93          1200 AM
 LOWEST     50           400 PM
 AVERAGE    72

..........................................................


THE NEW ORLEANS CLIMATE NORMALS FOR TODAY
                         NORMAL    RECORD    YEAR
 MAXIMUM TEMPERATURE (F)   74        84      2011
 MINIMUM TEMPERATURE (F)   55        33      1968


SUNRISE AND SUNSET
MARCH 26 2015.........SUNRISE   658 AM CDT   SUNSET   716 PM CDT
MARCH 27 2015.........SUNRISE   657 AM CDT   SUNSET   717 PM CDT


-  INDICATES NEGATIVE NUMBERS.
R  INDICATES RECORD WAS SET OR TIED.
MM INDICATES DATA IS MISSING.
T  INDICATES TRACE AMOUNT.




$$
