000
CDUS44 KLIX 182225
CLINEW


CLIMATE REPORT
NATIONAL WEATHER SERVICE NEW ORLEANS
NATIONAL WEATHER SERVICE NEW ORL
424 PM CST THU JAN 18 2018


...................................

...THE NEW ORLEANS CLIMATE SUMMARY FOR JANUARY 18 2018...
VALID TODAY AS OF 0400 PM LOCAL TIME.

CLIMATE NORMAL PERIOD 1981 TO 2010
CLIMATE RECORD PERIOD 1946 TO 2018


WEATHER ITEM   OBSERVED TIME   RECORD YEAR NORMAL DEPARTURE LAST
                VALUE   (LST)  VALUE       VALUE  FROM      YEAR
                                                  NORMAL
..................................................................
TEMPERATURE (F)
 TODAY
  MAXIMUM         42    259 PM  79    1974  62    -20       78
  MINIMUM         27    720 AM  22    1948  45    -18       67
  AVERAGE         35                        53    -18       73

PRECIPITATION (IN)
  TODAY            0.00          1.96 1969   0.17  -0.17      T
  MONTH TO DATE    2.31                      2.95  -0.64     3.50
  SINCE DEC 1      7.47                      8.19  -0.72    11.36
  SINCE JAN 1      2.31                      2.95  -0.64     3.50

SNOWFALL (IN)
  TODAY            0.0
  MONTH TO DATE    T
  SINCE DEC 1      T
  SINCE JUL 1      T
  SNOW DEPTH       0

DEGREE DAYS
 HEATING
  TODAY           30                        12     18        0
  MONTH TO DATE  373                       216    157      119
  SINCE DEC 1    689                       533    156      338
  SINCE JUL 1    821                       697    124      409

 COOLING
  TODAY            0                         0      0        8
  MONTH TO DATE    4                        12     -8       38
  SINCE DEC 1     34                        39     -5       93
  SINCE JAN 1      4                        12     -8       38
..................................................................


WIND (MPH)
  HIGHEST WIND SPEED    14   HIGHEST WIND DIRECTION    NE (40)
  HIGHEST GUST SPEED    18   HIGHEST GUST DIRECTION    NE (40)
  AVERAGE WIND SPEED     7.3


SKY COVER
  POSSIBLE SUNSHINE  MM
  AVERAGE SKY COVER 0.1


WEATHER CONDITIONS
 THE FOLLOWING WEATHER WAS RECORDED TODAY.
  NO SIGNIFICANT WEATHER WAS OBSERVED.


RELATIVE HUMIDITY (PERCENT)
 HIGHEST    68           500 AM
 LOWEST     33           300 PM
 AVERAGE    51

..........................................................


THE NEW ORLEANS CLIMATE NORMALS FOR TOMORROW
                         NORMAL    RECORD    YEAR
 MAXIMUM TEMPERATURE (F)   62        80      1982
                                             1952
 MINIMUM TEMPERATURE (F)   45        19      1977


SUNRISE AND SUNSET
JANUARY 18 2018.......SUNRISE   657 AM CST   SUNSET   526 PM CST
JANUARY 19 2018.......SUNRISE   657 AM CST   SUNSET   527 PM CST


-  INDICATES NEGATIVE NUMBERS.
R  INDICATES RECORD WAS SET OR TIED.
MM INDICATES DATA IS MISSING.
T  INDICATES TRACE AMOUNT.




$$
