000
CDUS44 KLIX 270720
CLINEW


CLIMATE REPORT
NATIONAL WEATHER SERVICE NEW ORLEANS
220 AM CDT WED MAY 27 2015


...................................

...THE NEW ORLEANS CLIMATE SUMMARY FOR MAY 26 2015...

CLIMATE NORMAL PERIOD 1981 TO 2010
CLIMATE RECORD PERIOD 1946 TO 2015


WEATHER ITEM   OBSERVED TIME   RECORD YEAR NORMAL DEPARTURE LAST
                VALUE   (LST)  VALUE       VALUE  FROM      YEAR
                                                  NORMAL
..................................................................
TEMPERATURE (F)
 YESTERDAY
  MAXIMUM         86    503 PM  93    2012  87     -1       89
                                      1980
  MINIMUM         66    342 AM  48    1979  70     -4       69
  AVERAGE         76                        79     -3       79

PRECIPITATION (IN)
  YESTERDAY        1.27          2.63 1993   0.16   1.11     0.00
  MONTH TO DATE    8.56                      3.71   4.85     3.97
  SINCE MAR 1     26.89                     12.87  14.02    11.53
  SINCE JAN 1     34.59                     23.32  11.27    20.56

SNOWFALL (IN)
  YESTERDAY        0.0
  MONTH TO DATE    0.0
  SINCE MAR 1      0.0
  SINCE JUL 1      0.0
  SNOW DEPTH       0

DEGREE DAYS
 HEATING
  YESTERDAY        0                         0      0        0
  MONTH TO DATE    0                         0      0        0
  SINCE MAR 1     70                       170   -100      228
  SINCE JUL 1   1274                      1279     -5     1581

 COOLING
  YESTERDAY       11                        14     -3       14
  MONTH TO DATE  348                       289     59      257
  SINCE MAR 1    740                       509    231      436
  SINCE JAN 1    758                       546    212      460
..................................................................


WIND (MPH)
  HIGHEST WIND SPEED    36   HIGHEST WIND DIRECTION    NW (320)
  HIGHEST GUST SPEED    45   HIGHEST GUST DIRECTION    NW (330)
  AVERAGE WIND SPEED     7.3


SKY COVER
  POSSIBLE SUNSHINE  MM
  AVERAGE SKY COVER 0.7


WEATHER CONDITIONS
 THE FOLLOWING WEATHER WAS RECORDED YESTERDAY.
  THUNDERSTORM
  HEAVY RAIN
  RAIN
  LIGHT RAIN
  FOG


RELATIVE HUMIDITY (PERCENT)
 HIGHEST    91           300 AM
 LOWEST     51           200 PM
 AVERAGE    71

..........................................................


THE NEW ORLEANS CLIMATE NORMALS FOR TODAY
                         NORMAL    RECORD    YEAR
 MAXIMUM TEMPERATURE (F)   87        94      2012
                                             1982
                                             1978
 MINIMUM TEMPERATURE (F)   71        54      1961


SUNRISE AND SUNSET
MAY 27 2015...........SUNRISE   602 AM CDT   SUNSET   755 PM CDT
MAY 28 2015...........SUNRISE   602 AM CDT   SUNSET   755 PM CDT


-  INDICATES NEGATIVE NUMBERS.
R  INDICATES RECORD WAS SET OR TIED.
MM INDICATES DATA IS MISSING.
T  INDICATES TRACE AMOUNT.




$$
