000
CDUS44 KLIX 200802
CLINEW


CLIMATE REPORT
NATIONAL WEATHER SERVICE NEW ORLEANS
201 AM CST SAT DEC 20 2014


...................................

...THE NEW ORLEANS CLIMATE SUMMARY FOR DECEMBER 19 2014...

CLIMATE NORMAL PERIOD 1981 TO 2010
CLIMATE RECORD PERIOD 1946 TO 2014


WEATHER ITEM   OBSERVED TIME   RECORD YEAR NORMAL DEPARTURE LAST
                VALUE   (LST)  VALUE       VALUE  FROM      YEAR
                                                  NORMAL
..................................................................
TEMPERATURE (F)
 YESTERDAY
  MAXIMUM         58    354 AM  82    1967  64     -6       74
  MINIMUM         50   1144 PM  26    1996  46      4       52
  AVERAGE         54                        55     -1       63

PRECIPITATION (IN)
  YESTERDAY        1.22          2.20 1973   0.16   1.06     0.00
  MONTH TO DATE    1.25                      3.15  -1.90     0.67
  SINCE DEC 1      1.25                      3.15  -1.90     0.67
  SINCE JAN 1     52.03                     60.36  -8.33    63.84

SNOWFALL (IN)
  YESTERDAY        0.0
  MONTH TO DATE    0.0
  SINCE DEC 1      0.0
  SINCE JUL 1      0.0
  SNOW DEPTH       0

DEGREE DAYS
 HEATING
  YESTERDAY       11                        11      0        2
  MONTH TO DATE  111                       179    -68      191
  SINCE DEC 1    111                       179    -68      191
  SINCE JUL 1    341                       343     -2      391

 COOLING
  YESTERDAY        0                         1     -1        0
  MONTH TO DATE   24                        19      5       26
  SINCE DEC 1     24                        19      5       26
  SINCE JAN 1   2990                      2997     -7     2985
..................................................................


WIND (MPH)
  HIGHEST WIND SPEED    18   HIGHEST WIND DIRECTION    NE (50)
  HIGHEST GUST SPEED    24   HIGHEST GUST DIRECTION    NE (50)
  AVERAGE WIND SPEED    11.8


SKY COVER
  POSSIBLE SUNSHINE  MM
  AVERAGE SKY COVER 1.0


WEATHER CONDITIONS
 THE FOLLOWING WEATHER WAS RECORDED YESTERDAY.
  RAIN
  LIGHT RAIN
  FOG


RELATIVE HUMIDITY (PERCENT)
 HIGHEST    93           100 PM
 LOWEST     77           400 AM
 AVERAGE    85

..........................................................


THE NEW ORLEANS CLIMATE NORMALS FOR TODAY
                         NORMAL    RECORD    YEAR
 MAXIMUM TEMPERATURE (F)   64        80      1978
                                             1967
 MINIMUM TEMPERATURE (F)   46        25      1996


SUNRISE AND SUNSET
DECEMBER 20 2014......SUNRISE   652 AM CST   SUNSET   505 PM CST
DECEMBER 21 2014......SUNRISE   653 AM CST   SUNSET   506 PM CST


-  INDICATES NEGATIVE NUMBERS.
R  INDICATES RECORD WAS SET OR TIED.
MM INDICATES DATA IS MISSING.
T  INDICATES TRACE AMOUNT.




$$
