000
CDUS44 KLIX 030703
CLINEW


CLIMATE REPORT
NATIONAL WEATHER SERVICE NEW ORLEANS
203 AM CDT MON AUG 3 2015


...................................

...THE NEW ORLEANS CLIMATE SUMMARY FOR AUGUST 2 2015...

CLIMATE NORMAL PERIOD 1981 TO 2010
CLIMATE RECORD PERIOD 1946 TO 2015


WEATHER ITEM   OBSERVED TIME   RECORD YEAR NORMAL DEPARTURE LAST
                VALUE   (LST)  VALUE       VALUE  FROM      YEAR
                                                  NORMAL
..................................................................
TEMPERATURE (F)
 YESTERDAY
  MAXIMUM         96    141 PM 100    2010  92      4       92
  MINIMUM         74    400 AM  68    1992  75     -1       77
  AVERAGE         85                        83      2       85

PRECIPITATION (IN)
  YESTERDAY        0.00          2.25 1960   0.19  -0.19     0.03
  MONTH TO DATE    0.00                      0.39  -0.39     0.03
  SINCE JUN 1      7.92                     14.38  -6.46    12.55
  SINCE JAN 1     43.09                     38.62   4.47    37.49

SNOWFALL (IN)
  YESTERDAY        0.0
  MONTH TO DATE    0.0
  SINCE JUN 1      0.0
  SINCE JUL 1      0.0
  SNOW DEPTH       0

DEGREE DAYS
 HEATING
  YESTERDAY        0                         0      0        0
  MONTH TO DATE    0                         0      0        0
  SINCE JUN 1      0                         0      0        0
  SINCE JUL 1      0                         0      0        0

 COOLING
  YESTERDAY       20                        18      2       20
  MONTH TO DATE   42                        36      6       38
  SINCE JUN 1   1217                      1097    120     1092
  SINCE JAN 1   2046                      1716    330     1615
..................................................................


WIND (MPH)
  HIGHEST WIND SPEED    13   HIGHEST WIND DIRECTION     S (200)
  HIGHEST GUST SPEED    19   HIGHEST GUST DIRECTION     N (360)
  AVERAGE WIND SPEED     6.1


SKY COVER
  POSSIBLE SUNSHINE  MM
  AVERAGE SKY COVER 0.2


WEATHER CONDITIONS
 THE FOLLOWING WEATHER WAS RECORDED YESTERDAY.
  NO SIGNIFICANT WEATHER WAS OBSERVED.


RELATIVE HUMIDITY (PERCENT)
 HIGHEST    87           400 AM
 LOWEST     32           400 PM
 AVERAGE    60

..........................................................


THE NEW ORLEANS CLIMATE NORMALS FOR TODAY
                         NORMAL    RECORD    YEAR
 MAXIMUM TEMPERATURE (F)   92        97      2011
                                             1978
 MINIMUM TEMPERATURE (F)   75        69      1974
                                             1965
                                             1950


SUNRISE AND SUNSET
AUGUST  3 2015........SUNRISE   621 AM CDT   SUNSET   753 PM CDT
AUGUST  4 2015........SUNRISE   622 AM CDT   SUNSET   752 PM CDT


-  INDICATES NEGATIVE NUMBERS.
R  INDICATES RECORD WAS SET OR TIED.
MM INDICATES DATA IS MISSING.
T  INDICATES TRACE AMOUNT.




$$
