000
CDUS44 KLIX 140708
CLINEW


CLIMATE REPORT
NATIONAL WEATHER SERVICE NEW ORLEANS
208 AM CDT MON JUL 14 2014


...................................

...THE NEW ORLEANS CLIMATE SUMMARY FOR JULY 13 2014...

CLIMATE NORMAL PERIOD 1981 TO 2010
CLIMATE RECORD PERIOD 1946 TO 2014


WEATHER ITEM   OBSERVED TIME   RECORD YEAR NORMAL DEPARTURE LAST
                VALUE   (LST)  VALUE       VALUE  FROM      YEAR
                                                  NORMAL
..................................................................
TEMPERATURE (F)
 YESTERDAY
  MAXIMUM         88    513 PM  98    1991  91     -3       91
  MINIMUM         76    545 AM  67    1972  75      1       75
  AVERAGE         82                        83     -1       83

PRECIPITATION (IN)
  YESTERDAY        0.05          1.62 1993   0.19  -0.14     0.00
  MONTH TO DATE    0.88                      2.74  -1.86     1.96
  SINCE JUN 1      8.91                     10.80  -1.89     6.35
  SINCE JAN 1     33.85                     35.04  -1.19    41.08

SNOWFALL (IN)
  YESTERDAY        0.0
  MONTH TO DATE    0.0
  SINCE JUN 1      0.0
  SINCE JUL 1      0.0
  SNOW DEPTH       0

DEGREE DAYS
 HEATING
  YESTERDAY        0                         0      0        0
  MONTH TO DATE    0                         0      0        0
  SINCE JUN 1      0                         0      0        0
  SINCE JUL 1      0                         0      0        0

 COOLING
  YESTERDAY       17                        18     -1       18
  MONTH TO DATE  231                       234     -3      214
  SINCE JUN 1    735                       729      6      755
  SINCE JAN 1   1258                      1348    -90     1248
..................................................................


WIND (MPH)
  HIGHEST WIND SPEED    21   HIGHEST WIND DIRECTION    SW (210)
  HIGHEST GUST SPEED    26   HIGHEST GUST DIRECTION    SW (210)
  AVERAGE WIND SPEED     4.3


SKY COVER
  POSSIBLE SUNSHINE  MM
  AVERAGE SKY COVER 0.5


WEATHER CONDITIONS
 THE FOLLOWING WEATHER WAS RECORDED YESTERDAY.
  THUNDERSTORM
  LIGHT RAIN
  FOG
  HAZE


RELATIVE HUMIDITY (PERCENT)
 HIGHEST    91           100 AM
 LOWEST     59           500 PM
 AVERAGE    75

..........................................................


THE NEW ORLEANS CLIMATE NORMALS FOR TODAY
                         NORMAL    RECORD    YEAR
 MAXIMUM TEMPERATURE (F)   91        99      1980
 MINIMUM TEMPERATURE (F)   75        65      1990


SUNRISE AND SUNSET
JULY 14 2014..........SUNRISE   610 AM CDT   SUNSET   804 PM CDT
JULY 15 2014..........SUNRISE   610 AM CDT   SUNSET   804 PM CDT


-  INDICATES NEGATIVE NUMBERS.
R  INDICATES RECORD WAS SET OR TIED.
MM INDICATES DATA IS MISSING.
T  INDICATES TRACE AMOUNT.




$$
