000
CDUS46 KMTR 240826
CLINUQ


CLIMATE REPORT
NATIONAL WEATHER SERVICE SAN FRANCISCO BAY AREA
1226 AM PST SAT FEB 24 2018


...................................

...THE MOFFETT FIELD CLIMATE SUMMARY FOR FEBRUARY 23 2018...

CLIMATE NORMAL PERIOD 1981 TO 2010
CLIMATE RECORD PERIOD 1945 TO 2018


WEATHER ITEM   OBSERVED TIME   RECORD YEAR NORMAL DEPARTURE LAST
                VALUE   (LST)  VALUE       VALUE  FROM      YEAR
                                                  NORMAL
..................................................................
TEMPERATURE (F)
 YESTERDAY
  MAXIMUM         54    416 PM  76    1985  63     -9       53
  MINIMUM         37    518 AM  34    1955  46     -9       39
  AVERAGE         46                        54     -8       46

PRECIPITATION (IN)
  YESTERDAY        0.00          0.64 1983   0.11  -0.11     0.00
  MONTH TO DATE    0.02                      2.51  -2.49     5.19
  SINCE OCT 1      4.72                     10.10  -5.38    15.16
  SINCE JAN 1      2.77                      5.26  -2.49    10.59

DEGREE DAYS
 HEATING
  YESTERDAY       19                                        19
  MONTH TO DATE  228                                       216
  SINCE DEC 1   1044                                      1153
  SINCE JUL 1   1326                                      1440

 COOLING
  YESTERDAY        0                                         0
  MONTH TO DATE    0                                         0
  SINCE DEC 1      0                                         0
  SINCE JAN 1      0                                         0
..................................................................


WIND (MPH)
  RESULTANT WIND SPEED   5   RESULTANT WIND DIRECTION  NW (320)
  HIGHEST WIND SPEED    13   HIGHEST WIND DIRECTION     N (340)
  HIGHEST GUST SPEED    18   HIGHEST GUST DIRECTION     N (350)
  AVERAGE WIND SPEED     5.2


SKY COVER
  POSSIBLE SUNSHINE  MM
  AVERAGE SKY COVER 0.0


WEATHER CONDITIONS
 THE FOLLOWING WEATHER WAS RECORDED YESTERDAY.
  NO SIGNIFICANT WEATHER WAS OBSERVED.


RELATIVE HUMIDITY (PERCENT)
 HIGHEST    70           500 AM
 LOWEST     26           200 PM
 AVERAGE    48

..........................................................


THE MOFFETT FIELD CLIMATE NORMALS FOR TODAY
                         NORMAL    RECORD    YEAR
 MAXIMUM TEMPERATURE (F)   63        76      1992
 MINIMUM TEMPERATURE (F)   46        34      2017
                                             1974


SUNRISE AND SUNSET
FEBRUARY 24 2018......SUNRISE   646 AM PST   SUNSET   557 PM PST
FEBRUARY 25 2018......SUNRISE   645 AM PST   SUNSET   558 PM PST


-  INDICATES NEGATIVE NUMBERS.
R  INDICATES RECORD WAS SET OR TIED.
MM INDICATES DATA IS MISSING.
T  INDICATES TRACE AMOUNT.




$$
