000
CDUS46 KMTR 260035
CLINUQ


CLIMATE REPORT
NATIONAL WEATHER SERVICE SAN FRANCISCO BAY AREA
535 PM PDT MON MAY 25 2015


...................................

...THE MOFFETT FIELD CLIMATE SUMMARY FOR MAY 25 2015...
VALID TODAY AS OF 0500 PM LOCAL TIME.

CLIMATE NORMAL PERIOD 1981 TO 2010
CLIMATE RECORD PERIOD 1945 TO 2015


WEATHER ITEM   OBSERVED TIME   RECORD YEAR NORMAL DEPARTURE LAST
                VALUE   (LST)  VALUE       VALUE  FROM      YEAR
                                                  NORMAL
..................................................................
TEMPERATURE (F)
 TODAY
  MAXIMUM         66    311 PM  93    1951  73     -7       81
  MINIMUM         56    713 AM  44    1980  54      2       56
  AVERAGE         61                        64     -3       69

PRECIPITATION (IN)
  TODAY            0.00          0.35 1953   0.01  -0.01     0.00
  MONTH TO DATE    0.64                      0.42   0.22      T
  SINCE OCT 1     14.12                     14.32  -0.20     5.94
  SINCE JAN 1      4.13                      9.48  -5.35     5.18

DEGREE DAYS
 HEATING
  TODAY            4                                         0
  MONTH TO DATE  120                                        27
  SINCE MAR 1    425                                       317
  SINCE JUL 1   1530                                      1775

 COOLING
  TODAY            0                                         4
  MONTH TO DATE    0                                        52
  SINCE MAR 1     18                                        78
  SINCE JAN 1     18                                        78
..................................................................


WIND (MPH)
  RESULTANT WIND SPEED   6   RESULTANT WIND DIRECTION  NW (330)
  HIGHEST WIND SPEED    23   HIGHEST WIND DIRECTION     N (360)
  HIGHEST GUST SPEED    26   HIGHEST GUST DIRECTION     N (350)
  AVERAGE WIND SPEED     8.2


SKY COVER
  POSSIBLE SUNSHINE  MM
  AVERAGE SKY COVER 0.7


WEATHER CONDITIONS
 THE FOLLOWING WEATHER WAS RECORDED TODAY.
  NO SIGNIFICANT WEATHER WAS OBSERVED.


RELATIVE HUMIDITY (PERCENT)
 HIGHEST    77          1200 AM
 LOWEST     58          1100 AM
 AVERAGE    68

..........................................................


THE MOFFETT FIELD CLIMATE NORMALS FOR TOMORROW
                         NORMAL    RECORD    YEAR
 MAXIMUM TEMPERATURE (F)   73        89      1974
 MINIMUM TEMPERATURE (F)   54        42      1953


SUNRISE AND SUNSET
MAY 25 2015...........SUNRISE   552 AM PDT   SUNSET   818 PM PDT
MAY 26 2015...........SUNRISE   552 AM PDT   SUNSET   819 PM PDT


-  INDICATES NEGATIVE NUMBERS.
R  INDICATES RECORD WAS SET OR TIED.
MM INDICATES DATA IS MISSING.
T  INDICATES TRACE AMOUNT.




$$
