000
CDUS46 KMTR 050846
CLINUQ


CLIMATE REPORT
NATIONAL WEATHER SERVICE SAN FRANCISCO BAY AREA
1246 AM PST THU MAR 5 2015


...................................

...THE MOFFETT FIELD CLIMATE SUMMARY FOR MARCH 4 2015...

CLIMATE NORMAL PERIOD 1981 TO 2010
CLIMATE RECORD PERIOD 1945 TO 2015


WEATHER ITEM   OBSERVED TIME   RECORD YEAR NORMAL DEPARTURE LAST
                VALUE   (LST)  VALUE       VALUE  FROM      YEAR
                                                  NORMAL
..................................................................
TEMPERATURE (F)
 YESTERDAY
  MAXIMUM         67        MM  75    1984  64      3       67
  MINIMUM         43    700 AM  32    1948  47     -4       54
  AVERAGE         55                        55      0       61

PRECIPITATION (IN)
  YESTERDAY        0.00          1.09 1970   0.08  -0.08     0.00
  MONTH TO DATE    0.05                      0.35  -0.30     0.38
  SINCE OCT 1     12.49                     11.01   1.48     3.98
  SINCE JAN 1      2.50                      6.17  -3.67     3.22

DEGREE DAYS
 HEATING
  YESTERDAY       10                                         4
  MONTH TO DATE   48                                        25
  SINCE MAR 1     48                                        25
  SINCE JUL 1   1153                                      1483

 COOLING
  YESTERDAY        0                                         0
  MONTH TO DATE    0                                         0
  SINCE MAR 1      0                                         0
  SINCE JAN 1      0                                         0
..................................................................


WIND (MPH)
  RESULTANT WIND SPEED   1   RESULTANT WIND DIRECTION   N (360)
  HIGHEST WIND SPEED     8   HIGHEST WIND DIRECTION     N (340)
  HIGHEST GUST SPEED    MM   HIGHEST GUST DIRECTION    MM
  AVERAGE WIND SPEED     2.6


SKY COVER
  POSSIBLE SUNSHINE  MM
  AVERAGE SKY COVER 0.0


WEATHER CONDITIONS
 THE FOLLOWING WEATHER WAS RECORDED YESTERDAY.
  NO SIGNIFICANT WEATHER WAS OBSERVED.


RELATIVE HUMIDITY (PERCENT)
 HIGHEST    89           300 AM
 LOWEST     28           400 PM
 AVERAGE    59

..........................................................


THE MOFFETT FIELD CLIMATE NORMALS FOR TODAY
                         NORMAL    RECORD    YEAR
 MAXIMUM TEMPERATURE (F)   64        74      1993
 MINIMUM TEMPERATURE (F)   47        33      1945


SUNRISE AND SUNSET
MARCH  5 2015.........SUNRISE   634 AM PST   SUNSET   606 PM PST
MARCH  6 2015.........SUNRISE   633 AM PST   SUNSET   607 PM PST


-  INDICATES NEGATIVE NUMBERS.
R  INDICATES RECORD WAS SET OR TIED.
MM INDICATES DATA IS MISSING.
T  INDICATES TRACE AMOUNT.




$$
