000
CDUS46 KMTR 240827
CLINUQ


CLIMATE REPORT
NATIONAL WEATHER SERVICE SAN FRANCISCO BAY AREA
1227 AM PST FRI NOV 24 2017


...................................

...THE MOFFETT FIELD CLIMATE SUMMARY FOR NOVEMBER 23 2017...

CLIMATE NORMAL PERIOD 1981 TO 2010
CLIMATE RECORD PERIOD 1945 TO 2017


WEATHER ITEM   OBSERVED TIME   RECORD YEAR NORMAL DEPARTURE LAST
                VALUE   (LST)  VALUE       VALUE  FROM      YEAR
                                                  NORMAL
..................................................................
TEMPERATURE (F)
 YESTERDAY
  MAXIMUM         69    236 PM  80    1959  63      6       61
  MINIMUM         54    650 AM  30    1947  46      8       46
  AVERAGE         62                        54      8       54

PRECIPITATION (IN)
  YESTERDAY        0.00          0.45 1988   0.07  -0.07     0.10
  MONTH TO DATE    1.51                      1.24   0.27     0.62
  SINCE OCT 1      1.66                      1.88  -0.22     2.31
  SINCE JAN 1     15.30                     11.72   3.58    11.06

DEGREE DAYS
 HEATING
  YESTERDAY        3                                        11
  MONTH TO DATE  159                                       122
  SINCE SEP 1    224                                       187
  SINCE JUL 1    226                                       194

 COOLING
  YESTERDAY        0                                         0
  MONTH TO DATE    0                                         0
  SINCE SEP 1    278                                       124
  SINCE JAN 1    689                                       460
..................................................................


WIND (MPH)
  RESULTANT WIND SPEED   1   RESULTANT WIND DIRECTION   N (340)
  HIGHEST WIND SPEED     8   HIGHEST WIND DIRECTION     N (360)
  HIGHEST GUST SPEED    10   HIGHEST GUST DIRECTION     N (360)
  AVERAGE WIND SPEED     1.6


SKY COVER
  POSSIBLE SUNSHINE  MM
  AVERAGE SKY COVER 0.0


WEATHER CONDITIONS
 THE FOLLOWING WEATHER WAS RECORDED YESTERDAY.
  FOG


RELATIVE HUMIDITY (PERCENT)
 HIGHEST   100           600 AM
 LOWEST     66           200 PM
 AVERAGE    83

..........................................................


THE MOFFETT FIELD CLIMATE NORMALS FOR TODAY
                         NORMAL    RECORD    YEAR
 MAXIMUM TEMPERATURE (F)   62        76      1959
 MINIMUM TEMPERATURE (F)   45        29      1947


SUNRISE AND SUNSET
NOVEMBER 24 2017......SUNRISE   657 AM PST   SUNSET   452 PM PST
NOVEMBER 25 2017......SUNRISE   658 AM PST   SUNSET   452 PM PST


-  INDICATES NEGATIVE NUMBERS.
R  INDICATES RECORD WAS SET OR TIED.
MM INDICATES DATA IS MISSING.
T  INDICATES TRACE AMOUNT.




$$
