000
CDUS46 KMTR 250835
CLINUQ


CLIMATE REPORT
NATIONAL WEATHER SERVICE SAN FRANCISCO BAY AREA
135 AM PDT SUN SEP 25 2016


...................................

...THE MOFFETT FIELD CLIMATE SUMMARY FOR SEPTEMBER 24 2016...

CLIMATE NORMAL PERIOD 1981 TO 2010
CLIMATE RECORD PERIOD 1945 TO 2016


WEATHER ITEM   OBSERVED TIME   RECORD YEAR NORMAL DEPARTURE LAST
                VALUE   (LST)  VALUE       VALUE  FROM      YEAR
                                                  NORMAL
..................................................................
TEMPERATURE (F)
 YESTERDAY
  MAXIMUM         86   1236 PM  95    1978  77      9       90
  MINIMUM         58    633 AM  43    1945  57      1       59
  AVERAGE         72                        67      5       75

PRECIPITATION (IN)
  YESTERDAY        0.00          0.21 1986   0.01  -0.01     0.00
  MONTH TO DATE    0.00                      0.13  -0.13     0.00
  SINCE OCT 1     13.15                     14.63  -1.48    14.24
  SINCE JAN 1      8.75                      9.79  -1.04     4.25

DEGREE DAYS
 HEATING
  YESTERDAY        0                                         0
  MONTH TO DATE    5                                         1
  SINCE SEP 1      5                                         1
  SINCE JUL 1     12                                         1

 COOLING
  YESTERDAY        7                                        10
  MONTH TO DATE   65                                       142
  SINCE SEP 1     65                                       142
  SINCE JAN 1    401                                       568
..................................................................


WIND (MPH)
  RESULTANT WIND SPEED   3   RESULTANT WIND DIRECTION   N (340)
  HIGHEST WIND SPEED    15   HIGHEST WIND DIRECTION     N (340)
  HIGHEST GUST SPEED    19   HIGHEST GUST DIRECTION     N (350)
  AVERAGE WIND SPEED     4.8


SKY COVER
  POSSIBLE SUNSHINE  MM
  AVERAGE SKY COVER 0.0


WEATHER CONDITIONS
 THE FOLLOWING WEATHER WAS RECORDED YESTERDAY.
  NO SIGNIFICANT WEATHER WAS OBSERVED.


RELATIVE HUMIDITY (PERCENT)
 HIGHEST    78          1200 AM
 LOWEST     32          1200 PM
 AVERAGE    55

..........................................................


THE MOFFETT FIELD CLIMATE NORMALS FOR TODAY
                         NORMAL    RECORD    YEAR
 MAXIMUM TEMPERATURE (F)   77        91      1978
 MINIMUM TEMPERATURE (F)   57        43      1948


SUNRISE AND SUNSET
SEPTEMBER 25 2016.....SUNRISE   659 AM PDT   SUNSET   700 PM PDT
SEPTEMBER 26 2016.....SUNRISE   700 AM PDT   SUNSET   658 PM PDT


-  INDICATES NEGATIVE NUMBERS.
R  INDICATES RECORD WAS SET OR TIED.
MM INDICATES DATA IS MISSING.
T  INDICATES TRACE AMOUNT.




$$
