000
CDUS46 KMTR 260827
CLINUQ


CLIMATE REPORT
NATIONAL WEATHER SERVICE SAN FRANCISCO BAY AREA
126 AM PDT SUN OCT 26 2014


...................................

...THE MOFFETT FIELD CLIMATE SUMMARY FOR OCTOBER 25 2014...

CLIMATE NORMAL PERIOD 1981 TO 2010
CLIMATE RECORD PERIOD 1945 TO 2014


WEATHER ITEM   OBSERVED TIME   RECORD YEAR NORMAL DEPARTURE LAST
                VALUE   (LST)  VALUE       VALUE  FROM      YEAR
                                                  NORMAL
..................................................................
TEMPERATURE (F)
 YESTERDAY
  MAXIMUM         72    221 PM  90    2003  72      0       67
  MINIMUM         58   1158 PM  40    1956  52      6       48
  AVERAGE         65                        62      3       58

PRECIPITATION (IN)
  YESTERDAY        0.10          1.07 1979   0.03   0.07     0.00
  MONTH TO DATE    0.12                      0.42  -0.30     0.00
  SINCE JUL 1      0.53                      0.63  -0.10     0.50
  SINCE JAN 1      5.72                     10.26  -4.54     2.32

DEGREE DAYS
 HEATING
  YESTERDAY        0                                         7
  MONTH TO DATE   11                                        76
  SINCE SEP 1     13                                        81
  SINCE JUL 1     13                                        85

 COOLING
  YESTERDAY        0                                         0
  MONTH TO DATE   73                                        14
  SINCE SEP 1    197                                       119
  SINCE JAN 1    639                                       478
..................................................................


WIND (MPH)
  RESULTANT WIND SPEED   3   RESULTANT WIND DIRECTION  SW (210)
  HIGHEST WIND SPEED    17   HIGHEST WIND DIRECTION     S (160)
  HIGHEST GUST SPEED    25   HIGHEST GUST DIRECTION     S (180)
  AVERAGE WIND SPEED     6.7


SKY COVER
  POSSIBLE SUNSHINE  MM
  AVERAGE SKY COVER 0.5


WEATHER CONDITIONS
 THE FOLLOWING WEATHER WAS RECORDED YESTERDAY.
  RAIN
  LIGHT RAIN
  FOG


RELATIVE HUMIDITY (PERCENT)
 HIGHEST   100           600 AM
 LOWEST     49          1200 PM
 AVERAGE    75

..........................................................


THE MOFFETT FIELD CLIMATE NORMALS FOR TODAY
                         NORMAL    RECORD    YEAR
 MAXIMUM TEMPERATURE (F)   71        91      2003
 MINIMUM TEMPERATURE (F)   52        41      1949


SUNRISE AND SUNSET
OCTOBER 26 2014.......SUNRISE   727 AM PDT   SUNSET   617 PM PDT
OCTOBER 27 2014.......SUNRISE   728 AM PDT   SUNSET   616 PM PDT


-  INDICATES NEGATIVE NUMBERS.
R  INDICATES RECORD WAS SET OR TIED.
MM INDICATES DATA IS MISSING.
T  INDICATES TRACE AMOUNT.




$$
