976
CDUS46 KMTR 250040
CLINUQ


CLIMATE REPORT
NATIONAL WEATHER SERVICE SAN FRANCISCO BAY AREA
538 PM PDT FRI MAR 24 2017


...................................

...THE MOFFETT FIELD CLIMATE SUMMARY FOR MARCH 24 2017...
VALID TODAY AS OF 0500 PM LOCAL TIME.

CLIMATE NORMAL PERIOD 1981 TO 2010
CLIMATE RECORD PERIOD 1945 TO 2017


WEATHER ITEM   OBSERVED TIME   RECORD YEAR NORMAL DEPARTURE LAST
                VALUE   (LST)  VALUE       VALUE  FROM      YEAR
                                                  NORMAL
..................................................................
TEMPERATURE (F)
 TODAY
  MAXIMUM         58    826 AM  81    1970  66     -8       69
  MINIMUM         53   1204 PM  34    1945  48      5       45
  AVERAGE         56                        57     -1       57

PRECIPITATION (IN)
  TODAY            0.16          0.79 1991   0.06   0.10     0.00
  MONTH TO DATE    1.56                      1.86  -0.30     3.25
  SINCE OCT 1     16.75                     12.52   4.23    11.61
  SINCE JAN 1     12.18                      7.68   4.50     7.21

DEGREE DAYS
 HEATING
  TODAY            9                                         8
  MONTH TO DATE  189                                       157
  SINCE MAR 1    189                                       157
  SINCE JUL 1   1717                                      1542

 COOLING
  TODAY            0                                         0
  MONTH TO DATE    0                                         0
  SINCE MAR 1      0                                         0
  SINCE JAN 1      0                                         2
..................................................................


WIND (MPH)
  RESULTANT WIND SPEED   9   RESULTANT WIND DIRECTION  SE (150)
  HIGHEST WIND SPEED    21   HIGHEST WIND DIRECTION     S (170)
  HIGHEST GUST SPEED    30   HIGHEST GUST DIRECTION     S (170)
  AVERAGE WIND SPEED     9.7


SKY COVER
  POSSIBLE SUNSHINE  MM
  AVERAGE SKY COVER 1.0


WEATHER CONDITIONS
 THE FOLLOWING WEATHER WAS RECORDED TODAY.
  RAIN
  LIGHT RAIN
  FOG


RELATIVE HUMIDITY (PERCENT)
 HIGHEST   100           400 PM
 LOWEST     59           800 AM
 AVERAGE    80

..........................................................


THE MOFFETT FIELD CLIMATE NORMALS FOR TOMORROW
                         NORMAL    RECORD    YEAR
 MAXIMUM TEMPERATURE (F)   66        82      1952
 MINIMUM TEMPERATURE (F)   48        36      1964


SUNRISE AND SUNSET
MARCH 24 2017.........SUNRISE   705 AM PDT   SUNSET   724 PM PDT
MARCH 25 2017.........SUNRISE   704 AM PDT   SUNSET   725 PM PDT


-  INDICATES NEGATIVE NUMBERS.
R  INDICATES RECORD WAS SET OR TIED.
MM INDICATES DATA IS MISSING.
T  INDICATES TRACE AMOUNT.




$$
