000
CDUS41 KOKX 200618
CLINYC


CLIMATE REPORT
NATIONAL WEATHER SERVICE NEW YORK NY
218 AM EDT SUN AUG 20 2017


...................................

...THE CENTRAL PARK NY CLIMATE SUMMARY FOR AUGUST 19 2017...

CLIMATE NORMAL PERIOD 1981 TO 2010
CLIMATE RECORD PERIOD 1869 TO 2017


WEATHER ITEM   OBSERVED TIME   RECORD YEAR NORMAL DEPARTURE LAST
                VALUE   (LST)  VALUE       VALUE  FROM      YEAR
                                                  NORMAL
..................................................................
TEMPERATURE (F)
 YESTERDAY
  MAXIMUM         86    127 PM  94    2002  83      3       88
                                      1966
                                      1914
  MINIMUM         73    601 AM  55    1924  68      5       74
  AVERAGE         80                        75      5       81

PRECIPITATION (IN)
  YESTERDAY        0.00          2.53 1991   0.15  -0.15     0.01
  MONTH TO DATE    2.74                      2.85  -0.11     0.83
  SINCE JUN 1     11.69                     11.86  -0.17    10.45
  SINCE JAN 1     34.47                     31.65   2.82    25.79

SNOWFALL (IN)
  YESTERDAY        0.0           0.0  2002   0.0    0.0      0.0
                                      2001
  MONTH TO DATE    0.0                       0.0    0.0      0.0
  SINCE OCT 1     30.2                      25.8    4.4     32.8
  SINCE JUL 1      0.0                       0.0    0.0      0.0
  SNOW DEPTH       0

DEGREE DAYS
 HEATING
  YESTERDAY        0                         0      0        0
  MONTH TO DATE    0                         0      0        0
  SINCE JUN 1     24                        19      5        7
  SINCE JUL 1      0                         0      0        0

 COOLING
  YESTERDAY       15                        10      5       16
  MONTH TO DATE  198                       206     -8      284
  SINCE JUN 1    812                       773     39      948
  SINCE JAN 1    901                       842     59     1067
..................................................................


WIND (MPH)
  HIGHEST WIND SPEED    12   HIGHEST WIND DIRECTION     W (260)
  HIGHEST GUST SPEED    17   HIGHEST GUST DIRECTION     W (260)
  AVERAGE WIND SPEED     2.8


SKY COVER
  AVERAGE SKY COVER 0.2


WEATHER CONDITIONS
 THE FOLLOWING WEATHER WAS RECORDED YESTERDAY.
  FOG


RELATIVE HUMIDITY (PERCENT)
 HIGHEST    93          1200 AM
 LOWEST     48           200 PM
 AVERAGE    71

..........................................................


THE CENTRAL PARK NY CLIMATE NORMALS FOR TODAY
                         NORMAL    RECORD    YEAR
 MAXIMUM TEMPERATURE (F)   82        97      1955
 MINIMUM TEMPERATURE (F)   68        55      1949


SUNRISE AND SUNSET
AUGUST 20 2017........SUNRISE   611 AM EDT   SUNSET   746 PM EDT
AUGUST 21 2017........SUNRISE   612 AM EDT   SUNSET   745 PM EDT


-  INDICATES NEGATIVE NUMBERS.
R  INDICATES RECORD WAS SET OR TIED.
MM INDICATES DATA IS MISSING.
T  INDICATES TRACE AMOUNT.




$$
