000
CDUS41 KOKX 012143
CLINYC


CLIMATE REPORT
NATIONAL WEATHER SERVICE NEW YORK NY
443 PM EST SUN FEB 1 2015


...................................

...THE CENTRAL PARK NY CLIMATE SUMMARY FOR FEBRUARY 1 2015...
VALID TODAY AS OF 0400 PM LOCAL TIME.

CLIMATE NORMAL PERIOD 1981 TO 2010
CLIMATE RECORD PERIOD 1869 TO 2015


WEATHER ITEM   OBSERVED TIME   RECORD YEAR NORMAL DEPARTURE LAST
                VALUE   (LST)  VALUE       VALUE  FROM      YEAR
                                                  NORMAL
..................................................................
TEMPERATURE (F)
 TODAY
  MAXIMUM         36    358 PM  67    1989  39     -3       45
  MINIMUM         20    154 AM  -2    1920  27     -7       36
  AVERAGE         28                        33     -5       41

PRECIPITATION (IN)
  TODAY            0.00          2.12 1915   0.11  -0.11     0.00
  MONTH TO DATE    0.00                      0.11  -0.11     0.00
  SINCE DEC 1     11.27                      7.76   3.51     7.64
  SINCE JAN 1      5.23                      3.76   1.47     2.79

SNOWFALL (IN)
  TODAY            0.0           9.8  1934   0.3   -0.3      0.0
  MONTH TO DATE    0.0                       0.3   -0.3      0.0
  SINCE OCT 1     16.5                      12.4    4.1     28.3
  SINCE JUL 1     16.5                      12.4    4.1     28.3
  SNOW DEPTH       6

DEGREE DAYS
 HEATING
  TODAY           37                        32      5       24
  MONTH TO DATE   37                        32      5       24
  SINCE DEC 1   1868                      1888    -20     1959
  SINCE JUL 1   2653                      2721    -68     2767

 COOLING
  TODAY            0                         0      0        0
  MONTH TO DATE    0                         0      0        0
  SINCE DEC 1      0                         0      0        1
  SINCE JAN 1      0                         0      0        0
..................................................................


WIND (MPH)
  HIGHEST WIND SPEED    12   HIGHEST WIND DIRECTION     W (250)
  HIGHEST GUST SPEED    17   HIGHEST GUST DIRECTION     W (260)
  AVERAGE WIND SPEED     3.6


SKY COVER
  AVERAGE SKY COVER 0.6


WEATHER CONDITIONS
 THE FOLLOWING WEATHER WAS RECORDED TODAY.
  NO SIGNIFICANT WEATHER WAS OBSERVED.


RELATIVE HUMIDITY (PERCENT)
 HIGHEST    56           100 AM
 LOWEST     47           100 PM
 AVERAGE    52

..........................................................


THE CENTRAL PARK NY CLIMATE NORMALS FOR TOMORROW
                         NORMAL    RECORD    YEAR
 MAXIMUM TEMPERATURE (F)   39        59      1988
 MINIMUM TEMPERATURE (F)   27        -3      1881


SUNRISE AND SUNSET
FEBRUARY  1 2015......SUNRISE   706 AM EST   SUNSET   513 PM EST
FEBRUARY  2 2015......SUNRISE   705 AM EST   SUNSET   514 PM EST


-  INDICATES NEGATIVE NUMBERS.
R  INDICATES RECORD WAS SET OR TIED.
MM INDICATES DATA IS MISSING.
T  INDICATES TRACE AMOUNT.




$$
