000
CDUS41 KOKX 110621
CLINYC


CLIMATE REPORT
NATIONAL WEATHER SERVICE NEW YORK NY
121 AM EST MON DEC 11 2017


...................................

...THE CENTRAL PARK NY CLIMATE SUMMARY FOR DECEMBER 10 2017...

CLIMATE NORMAL PERIOD 1981 TO 2010
CLIMATE RECORD PERIOD 1869 TO 2017


WEATHER ITEM   OBSERVED TIME   RECORD YEAR NORMAL DEPARTURE LAST
                VALUE   (LST)  VALUE       VALUE  FROM      YEAR
                                                  NORMAL
..................................................................
TEMPERATURE (F)
 YESTERDAY
  MAXIMUM         39    253 PM  70    1946  45     -6       35
  MINIMUM         29    827 AM   3    1876  34     -5       28
  AVERAGE         34                        39     -5       32

PRECIPITATION (IN)
  YESTERDAY        0.00          1.62 1878   0.14  -0.14     0.00
  MONTH TO DATE    1.21                      1.39  -0.18     0.70
  SINCE DEC 1      1.21                      1.39  -0.18     0.70
  SINCE JAN 1     44.04                     47.33  -3.29    39.98

SNOWFALL (IN)
  YESTERDAY        0.0           1.4  2013   0.2   -0.2      0.0
  MONTH TO DATE    4.6                       1.0    3.6      0.0
  SINCE OCT 1      4.6                       1.3    3.3       T
  SINCE JUL 1      4.6                       1.3    3.3       T
  SNOW DEPTH       4

DEGREE DAYS
 HEATING
  YESTERDAY       31                        26      5       33
  MONTH TO DATE  217                       242    -25      234
  SINCE DEC 1    217                       242    -25      234
  SINCE JUL 1    879                      1075   -196      921

 COOLING
  YESTERDAY        0                         0      0        0
  MONTH TO DATE    0                         0      0        0
  SINCE DEC 1      0                         0      0        0
  SINCE JAN 1   1265                      1105    160     1489
..................................................................


WIND (MPH)
  HIGHEST WIND SPEED    15   HIGHEST WIND DIRECTION     W (260)
  HIGHEST GUST SPEED    24   HIGHEST GUST DIRECTION     W (250)
  AVERAGE WIND SPEED     6.5


SKY COVER
  AVERAGE SKY COVER 0.3


WEATHER CONDITIONS
 THE FOLLOWING WEATHER WAS RECORDED YESTERDAY.
  FOG
  HAZE


RELATIVE HUMIDITY (PERCENT)
 HIGHEST    92          1200 AM
 LOWEST     48           300 PM
 AVERAGE    70

..........................................................


THE CENTRAL PARK NY CLIMATE NORMALS FOR TODAY
                         NORMAL    RECORD    YEAR
 MAXIMUM TEMPERATURE (F)   44        64      1879
 MINIMUM TEMPERATURE (F)   33         6      1880


SUNRISE AND SUNSET
DECEMBER 11 2017......SUNRISE   710 AM EST   SUNSET   428 PM EST
DECEMBER 12 2017......SUNRISE   711 AM EST   SUNSET   428 PM EST


-  INDICATES NEGATIVE NUMBERS.
R  INDICATES RECORD WAS SET OR TIED.
MM INDICATES DATA IS MISSING.
T  INDICATES TRACE AMOUNT.




$$
