000
CDUS45 KPSR 220906
CLINYL

CLIMATE REPORT
NATIONAL WEATHER SERVICE PHOENIX AZ
158 AM MST FRI AUG 22 2014


...................................

...THE YUMA AZ CLIMATE SUMMARY FOR AUGUST 21 2014...

CLIMATE NORMAL PERIOD 1981 TO 2010
CLIMATE RECORD PERIOD 1876 TO 2014


WEATHER ITEM   OBSERVED TIME   RECORD YEAR NORMAL DEPARTURE LAST
                VALUE   (LST)  VALUE       VALUE  FROM      YEAR
                                                  NORMAL
..................................................................
TEMPERATURE (F)
 YESTERDAY
  MAXIMUM        104    156 PM 115    1969 106     -2      111
                                      1961
  MINIMUM         73   1113 PM  63    1924  82     -9       88
                                      1918
  AVERAGE         89                        94     -5      100

PRECIPITATION (IN)
  YESTERDAY        0.41          0.58 1883   0.02   0.39     0.00
  MONTH TO DATE    0.49                      0.32   0.17     0.00
  SINCE OCT 1      1.95                      2.88  -0.93     2.21
  SINCE JAN 1      0.84                      1.94  -1.10     1.58

DEGREE DAYS
 HEATING
  YESTERDAY        0                         0      0        0
  MONTH TO DATE    0                         0      0        0
  SINCE JUN 1      0                         0      0        0
  SINCE JUL 1      0                         0      0        0

 COOLING
  YESTERDAY       24                        29     -5       35
  MONTH TO DATE  595                       621    -26      633
  SINCE JUN 1   2382                      2255    127     2384
  SINCE JAN 1   3544                      3167    377     3445
..................................................................


WIND (MPH)
  HIGHEST WIND SPEED    33   HIGHEST WIND DIRECTION     W (290)
  HIGHEST GUST SPEED    42   HIGHEST GUST DIRECTION     W (280)
  AVERAGE WIND SPEED     9.6


SKY COVER
  AVERAGE SKY COVER 0.5


WEATHER CONDITIONS
 THE FOLLOWING WEATHER WAS RECORDED YESTERDAY.
  THUNDERSTORM
  HEAVY RAIN
  LIGHT RAIN
  HAZE
  SANDSTORM


RELATIVE HUMIDITY (PERCENT)
 HIGHEST    79
 LOWEST     20
 AVERAGE    50

..........................................................


THE YUMA AZ CLIMATE NORMALS FOR TODAY
                         NORMAL    RECORD    YEAR
 MAXIMUM TEMPERATURE (F)  106       115      1969
 MINIMUM TEMPERATURE (F)   82        64      1900


SUNRISE AND SUNSET
AUGUST 22 2014........SUNRISE   607 AM MST   SUNSET   715 PM MST
AUGUST 23 2014........SUNRISE   607 AM MST   SUNSET   714 PM MST


-  INDICATES NEGATIVE NUMBERS.
R  INDICATES RECORD WAS SET OR TIED.
MM INDICATES DATA IS MISSING.
T  INDICATES TRACE AMOUNT.

$$
