000
CDUS45 KPSR 260806
CLINYL

CLIMATE REPORT
NATIONAL WEATHER SERVICE PHOENIX AZ
105 AM MST WED JUL 26 2017

...................................

...THE YUMA AZ CLIMATE SUMMARY FOR JULY 25 2017...

CLIMATE NORMAL PERIOD 1981 TO 2010
CLIMATE RECORD PERIOD 1876 TO 2017


WEATHER ITEM   OBSERVED TIME   RECORD YEAR NORMAL DEPARTURE LAST
                VALUE   (LST)  VALUE       VALUE  FROM      YEAR
                                                  NORMAL
..................................................................
TEMPERATURE (F)
 YESTERDAY
  MAXIMUM        105    456 PM 120    1943 107     -2      109
  MINIMUM         85    616 AM  67    1918  83      2       83
                                      1913
  AVERAGE         95                        95      0       96

PRECIPITATION (IN)
  YESTERDAY        0.00          0.37 2016   0.01  -0.01     0.37
  MONTH TO DATE    T                         0.18  -0.18     0.37
  SINCE OCT 1      2.65                      2.45   0.20     1.49
  SINCE JAN 1      1.70                      1.51   0.19     1.35

DEGREE DAYS
 HEATING
  YESTERDAY        0                         0      0        0
  MONTH TO DATE    0                         0      0        0
  SINCE JUN 1      0                         0      0        0
  SINCE JUL 1      0                         0      0        0

 COOLING
  YESTERDAY       30                        30      0       31
  MONTH TO DATE  788                       734     54      788
  SINCE JUN 1   1543                      1455     88     1621
  SINCE JAN 1   2611                      2367    244     2622
..................................................................


WIND (MPH)
  HIGHEST WIND SPEED    18   HIGHEST WIND DIRECTION     S (160)
  HIGHEST GUST SPEED    26   HIGHEST GUST DIRECTION     S (190)
  AVERAGE WIND SPEED     8.2


SKY COVER
  AVERAGE SKY COVER 0.3


WEATHER CONDITIONS
 THE FOLLOWING WEATHER WAS RECORDED YESTERDAY.
  NO SIGNIFICANT WEATHER WAS OBSERVED.


RELATIVE HUMIDITY (PERCENT)
 HIGHEST    44
 LOWEST     12
 AVERAGE    28

..........................................................


THE YUMA AZ CLIMATE NORMALS FOR TODAY
                         NORMAL    RECORD    YEAR
 MAXIMUM TEMPERATURE (F)  107       118      1995
 MINIMUM TEMPERATURE (F)   83        67      1949


SUNRISE AND SUNSET
JULY 26 2017..........SUNRISE   549 AM MST   SUNSET   741 PM MST
JULY 27 2017..........SUNRISE   549 AM MST   SUNSET   740 PM MST


-  INDICATES NEGATIVE NUMBERS.
R  INDICATES RECORD WAS SET OR TIED.
MM INDICATES DATA IS MISSING.
T  INDICATES TRACE AMOUNT.




$$
