000
CDUS45 KPSR 280817 RRA
CLINYL

CLIMATE REPORT
NATIONAL WEATHER SERVICE PHOENIX AZ
116 AM MST TUE JUL 28 2015


...................................

...THE YUMA AZ CLIMATE SUMMARY FOR JULY 27 2015...

CLIMATE NORMAL PERIOD 1981 TO 2010
CLIMATE RECORD PERIOD 1876 TO 2015


WEATHER ITEM   OBSERVED TIME   RECORD YEAR NORMAL DEPARTURE LAST
                VALUE   (LST)  VALUE       VALUE  FROM      YEAR
                                                  NORMAL
..................................................................
TEMPERATURE (F)
 YESTERDAY
  MAXIMUM        107    527 PM 118    1998 107      0      101
  MINIMUM         80    610 AM  61    1913  83     -3       80
  AVERAGE         94                        95     -1       91

PRECIPITATION (IN)
  YESTERDAY        0.00          2.55 1989   0.02  -0.02     0.05
  MONTH TO DATE    0.09                      0.22  -0.13     0.28
  SINCE OCT 1      1.68                      2.49  -0.81     1.46
  SINCE JAN 1      1.24                      1.55  -0.31     0.35

DEGREE DAYS
 HEATING
  YESTERDAY        0                         0      0        0
  MONTH TO DATE    0                         0      0        0
  SINCE JUN 1      0                         0      0        0
  SINCE JUL 1      0                         0      0        0

 COOLING
  YESTERDAY       29                        30     -1       26
  MONTH TO DATE  766                       794    -28      843
  SINCE JUN 1   1556                      1515     41     1652
  SINCE JAN 1   2635                      2427    208     2814
..................................................................


WIND (MPH)
  HIGHEST WIND SPEED    14   HIGHEST WIND DIRECTION     S (160)
  HIGHEST GUST SPEED    17   HIGHEST GUST DIRECTION     S (160)
  AVERAGE WIND SPEED     6.6


SKY COVER
  AVERAGE SKY COVER 0.2


WEATHER CONDITIONS
 THE FOLLOWING WEATHER WAS RECORDED YESTERDAY.
  HAZE


RELATIVE HUMIDITY (PERCENT)
 HIGHEST    79
 LOWEST     12
 AVERAGE    46

..........................................................


THE YUMA AZ CLIMATE NORMALS FOR TODAY
                         NORMAL    RECORD    YEAR
 MAXIMUM TEMPERATURE (F)  107       124      1995
 MINIMUM TEMPERATURE (F)   83        66      1909


SUNRISE AND SUNSET
JULY 28 2015..........SUNRISE   550 AM MST   SUNSET   740 PM MST
JULY 29 2015..........SUNRISE   550 AM MST   SUNSET   739 PM MST


-  INDICATES NEGATIVE NUMBERS.
R  INDICATES RECORD WAS SET OR TIED.
MM INDICATES DATA IS MISSING.
T  INDICATES TRACE AMOUNT.

$$
