000
CDUS45 KPSR 300819
CLINYL

CLIMATE REPORT
NATIONAL WEATHER SERVICE PHOENIX AZ
114 AM MST THU MAR 30 2017


...................................

...THE YUMA AZ CLIMATE SUMMARY FOR MARCH 29 2017...

CLIMATE NORMAL PERIOD 1981 TO 2010
CLIMATE RECORD PERIOD 1876 TO 2017


WEATHER ITEM   OBSERVED TIME   RECORD YEAR NORMAL DEPARTURE LAST
                VALUE   (LST)  VALUE       VALUE  FROM      YEAR
                                                  NORMAL
..................................................................
TEMPERATURE (F)
 YESTERDAY
  MAXIMUM         88    540 PM 100    1879  82      6       70
  MINIMUM         61    141 AM  40    1907  56      5       54
                                      1892
  AVERAGE         75                        69      6       62

PRECIPITATION (IN)
  YESTERDAY        0.00          0.07 1967   0.01  -0.01     0.00
  MONTH TO DATE    0.19                      0.32  -0.13     0.00
  SINCE OCT 1      2.51                      2.02   0.49     0.63
  SINCE JAN 1      1.56                      1.08   0.48     0.49

DEGREE DAYS
 HEATING
  YESTERDAY        0                         1     -1        3
  MONTH TO DATE   13                        49    -36       14
  SINCE MAR 1     13                        49    -36       14
  SINCE JUL 1    526                       672   -146      590

 COOLING
  YESTERDAY       10                         5      5        0
  MONTH TO DATE  218                       107    111      180
  SINCE MAR 1    218                       107    111      180
  SINCE JAN 1    259                       143    116      316
..................................................................


WIND (MPH)
  HIGHEST WIND SPEED    20   HIGHEST WIND DIRECTION     N (350)
  HIGHEST GUST SPEED    27   HIGHEST GUST DIRECTION     N (360)
  AVERAGE WIND SPEED     8.0


SKY COVER
  AVERAGE SKY COVER 0.1


WEATHER CONDITIONS
 THE FOLLOWING WEATHER WAS RECORDED YESTERDAY.
  NO SIGNIFICANT WEATHER WAS OBSERVED.


RELATIVE HUMIDITY (PERCENT)
 HIGHEST    27
 LOWEST      7
 AVERAGE    17

..........................................................


THE YUMA AZ CLIMATE NORMALS FOR TODAY
                         NORMAL    RECORD    YEAR
 MAXIMUM TEMPERATURE (F)   83        99      1934
 MINIMUM TEMPERATURE (F)   56        39      1897


SUNRISE AND SUNSET
MARCH 30 2017.........SUNRISE   629 AM MST   SUNSET   657 PM MST
MARCH 31 2017.........SUNRISE   627 AM MST   SUNSET   658 PM MST


-  INDICATES NEGATIVE NUMBERS.
R  INDICATES RECORD WAS SET OR TIED.
MM INDICATES DATA IS MISSING.
T  INDICATES TRACE AMOUNT.

$$
