000
CDUS45 KPSR 290825
CLINYL

CLIMATE REPORT
NATIONAL WEATHER SERVICE PHOENIX AZ
125 AM MST SAT NOV 29 2014


...................................

...THE YUMA AZ CLIMATE SUMMARY FOR NOVEMBER 28 2014...

CLIMATE NORMAL PERIOD 1981 TO 2010
CLIMATE RECORD PERIOD 1876 TO 2014


WEATHER ITEM   OBSERVED TIME   RECORD YEAR NORMAL DEPARTURE LAST
                VALUE   (LST)  VALUE       VALUE  FROM      YEAR
                                                  NORMAL
..................................................................
TEMPERATURE (F)
 YESTERDAY
  MAXIMUM         84    424 PM  87    1954  72     12       73
  MINIMUM         56    733 AM  31    1919  50      6       51
  AVERAGE         70                        61      9       62

PRECIPITATION (IN)
  YESTERDAY        0.00          0.06 1998   0.02  -0.02     0.00
                                      1981
  MONTH TO DATE    T                         0.20  -0.20     1.00
  SINCE OCT 1      0.05                      0.41  -0.36     1.00
  SINCE JAN 1      2.33                      3.03  -0.70     3.31

DEGREE DAYS
 HEATING
  YESTERDAY        0                         5     -5        3
  MONTH TO DATE   15                        55    -40       33
  SINCE SEP 1     15                        57    -42       33
  SINCE JUL 1     15                        57    -42       33

 COOLING
  YESTERDAY        5                         0      5        0
  MONTH TO DATE  109                        86     23      105
  SINCE SEP 1   1456                      1195    261     1107
  SINCE JAN 1   5292                      4648    644     4805
..................................................................


WIND (MPH)
  HIGHEST WIND SPEED    15   HIGHEST WIND DIRECTION    NE (30)
  HIGHEST GUST SPEED    19   HIGHEST GUST DIRECTION    NE (40)
  AVERAGE WIND SPEED     4.6


SKY COVER
  AVERAGE SKY COVER 0.1


WEATHER CONDITIONS
 THE FOLLOWING WEATHER WAS RECORDED YESTERDAY.
  NO SIGNIFICANT WEATHER WAS OBSERVED.


RELATIVE HUMIDITY (PERCENT)
 HIGHEST    33
 LOWEST     11
 AVERAGE    22

..........................................................


THE YUMA AZ CLIMATE NORMALS FOR TODAY
                         NORMAL    RECORD    YEAR
 MAXIMUM TEMPERATURE (F)   72        87      1950
 MINIMUM TEMPERATURE (F)   49        30      1908


SUNRISE AND SUNSET
NOVEMBER 29 2014......SUNRISE   721 AM MST   SUNSET   533 PM MST
NOVEMBER 30 2014......SUNRISE   722 AM MST   SUNSET   532 PM MST


-  INDICATES NEGATIVE NUMBERS.
R  INDICATES RECORD WAS SET OR TIED.
MM INDICATES DATA IS MISSING.
T  INDICATES TRACE AMOUNT.

$$
