000
CDUS45 KPSR 190832
CLINYL

CLIMATE REPORT
NATIONAL WEATHER SERVICE PHOENIX AZ
131 AM MST MON FEB 19 2018


...................................

...THE YUMA AZ CLIMATE SUMMARY FOR FEBRUARY 18 2018...

CLIMATE NORMAL PERIOD 1981 TO 2010
CLIMATE RECORD PERIOD 1876 TO 2018


WEATHER ITEM   OBSERVED TIME   RECORD YEAR NORMAL DEPARTURE LAST
                VALUE   (LST)  VALUE       VALUE  FROM      YEAR
                                                  NORMAL
..................................................................
TEMPERATURE (F)
 YESTERDAY
  MAXIMUM         79    411 PM  90    1981  74      5       65
  MINIMUM         49    742 AM  30    1910  51     -2       52
  AVERAGE         64                        62      2       59

PRECIPITATION (IN)
  YESTERDAY        0.00          1.00 1889   0.02  -0.02     0.83
  MONTH TO DATE    T                         0.25  -0.25     0.86
  SINCE OCT 1      0.24                      1.56  -1.32     2.12
  SINCE JAN 1      0.17                      0.62  -0.45     1.17

DEGREE DAYS
 HEATING
  YESTERDAY        1                         4     -3        6
  MONTH TO DATE   16                        82    -66       20
  SINCE DEC 1    239                       522   -283      425
  SINCE JUL 1    240                       590   -350      471

 COOLING
  YESTERDAY        0                         1     -1        0
  MONTH TO DATE   21                        17      4       36
  SINCE DEC 1     65                        25     40       45
  SINCE JAN 1     52                        23     29       36
..................................................................


WIND (MPH)
  HIGHEST WIND SPEED    17   HIGHEST WIND DIRECTION     S (180)
  HIGHEST GUST SPEED    22   HIGHEST GUST DIRECTION     S (170)
  AVERAGE WIND SPEED     7.4


SKY COVER
  AVERAGE SKY COVER 0.0


WEATHER CONDITIONS
 THE FOLLOWING WEATHER WAS RECORDED YESTERDAY.
  NO SIGNIFICANT WEATHER WAS OBSERVED.


RELATIVE HUMIDITY (PERCENT)
 HIGHEST    64
 LOWEST     15
 AVERAGE    40

..........................................................


THE YUMA AZ CLIMATE NORMALS FOR TODAY
                         NORMAL    RECORD    YEAR
 MAXIMUM TEMPERATURE (F)   75        92      1981
 MINIMUM TEMPERATURE (F)   51        32      1955


SUNRISE AND SUNSET
FEBRUARY 19 2018......SUNRISE   717 AM MST   SUNSET   628 PM MST
FEBRUARY 20 2018......SUNRISE   716 AM MST   SUNSET   629 PM MST


-  INDICATES NEGATIVE NUMBERS.
R  INDICATES RECORD WAS SET OR TIED.
MM INDICATES DATA IS MISSING.
T  INDICATES TRACE AMOUNT.

$$
