000
CDUS46 KMTR 230828
CLIOAK


CLIMATE REPORT
NATIONAL WEATHER SERVICE SAN FRANCISCO BAY AREA
128 AM PDT TUE AUG 23 2016


...................................

...THE OAKLAND AIRPORT CLIMATE SUMMARY FOR AUGUST 22 2016...

CLIMATE NORMAL PERIOD 1981 TO 2010
CLIMATE RECORD PERIOD 1948 TO 2016


WEATHER ITEM   OBSERVED TIME   RECORD YEAR NORMAL DEPARTURE LAST
                VALUE   (LST)  VALUE       VALUE  FROM      YEAR
                                                  NORMAL
..................................................................
TEMPERATURE (F)
 YESTERDAY
  MAXIMUM         69    139 PM  89    1959  74     -5       75
  MINIMUM         59    801 AM  48    1955  56      3       61
  AVERAGE         64                        65     -1       68

PRECIPITATION (IN)
  YESTERDAY        0.00          0.01 1976   0.00   0.00     0.00
  MONTH TO DATE    T                         0.02  -0.02      T
  SINCE OCT 1     16.56                     20.56  -4.00    14.58
  SINCE JAN 1     11.34                     13.25  -1.91     3.36

SNOWFALL (IN)
  YESTERDAY        0.0                                       0.0
  MONTH TO DATE    0.0                                       0.0
  SINCE JUN 1      0.0                                       0.0
  SINCE JUL 1      0.0                                       0.0

DEGREE DAYS
 HEATING
  YESTERDAY        1                         2     -1        0
  MONTH TO DATE   17                        45    -28        0
  SINCE JUN 1     84                       231   -147       64
  SINCE JUL 1     53                       128    -75        2

 COOLING
  YESTERDAY        0                         1     -1        3
  MONTH TO DATE    3                        14    -11       78
  SINCE JUN 1     52                        50      2      173
  SINCE JAN 1     86                        66     20      177
..................................................................


WIND (MPH)
  RESULTANT WIND SPEED  11   RESULTANT WIND DIRECTION   W (290)
  HIGHEST WIND SPEED    22   HIGHEST WIND DIRECTION     W (280)
  HIGHEST GUST SPEED    26   HIGHEST GUST DIRECTION     W (280)
  AVERAGE WIND SPEED    11.4


SKY COVER
  POSSIBLE SUNSHINE  MM
  AVERAGE SKY COVER 0.7


WEATHER CONDITIONS
 THE FOLLOWING WEATHER WAS RECORDED YESTERDAY.
  NO SIGNIFICANT WEATHER WAS OBSERVED.


RELATIVE HUMIDITY (PERCENT)
 HIGHEST    87           700 AM
 LOWEST     63           200 PM
 AVERAGE    75

..........................................................


THE OAKLAND AIRPORT CLIMATE NORMALS FOR TODAY
                         NORMAL    RECORD    YEAR
 MAXIMUM TEMPERATURE (F)   74        95      2010
 MINIMUM TEMPERATURE (F)   56        51      2011
                                             1955


SUNRISE AND SUNSET
AUGUST 23 2016........SUNRISE   632 AM PDT   SUNSET   750 PM PDT
AUGUST 24 2016........SUNRISE   633 AM PDT   SUNSET   749 PM PDT


-  INDICATES NEGATIVE NUMBERS.
R  INDICATES RECORD WAS SET OR TIED.
MM INDICATES DATA IS MISSING.
T  INDICATES TRACE AMOUNT.




$$
