000
CDUS46 KMTR 280836
CLIOAK


CLIMATE REPORT
NATIONAL WEATHER SERVICE SAN FRANCISCO BAY AREA
1235 AM PST FRI NOV 28 2014


...................................

...THE OAKLAND AIRPORT CLIMATE SUMMARY FOR NOVEMBER 27 2014...

CLIMATE NORMAL PERIOD 1981 TO 2010
CLIMATE RECORD PERIOD 1948 TO 2014


WEATHER ITEM   OBSERVED TIME   RECORD YEAR NORMAL DEPARTURE LAST
                VALUE   (LST)  VALUE       VALUE  FROM      YEAR
                                                  NORMAL
..................................................................
TEMPERATURE (F)
 YESTERDAY
  MAXIMUM         65    329 PM  72    2002  60      5       61
  MINIMUM         42    629 AM  32    2005  43     -1       42
  AVERAGE         54                        52      2       52

PRECIPITATION (IN)
  YESTERDAY        0.00          0.74 1984   0.07  -0.07     0.00
  MONTH TO DATE    1.39                      2.20  -0.81     1.17
  SINCE JUL 1      2.41                      3.68  -1.27     1.79
  SINCE JAN 1     10.39                     16.90  -6.51     4.61

SNOWFALL (IN)
  YESTERDAY        0.0                                       0.0
  MONTH TO DATE    0.0                                       0.0
  SINCE SEP 1      0.0                                       0.0
  SINCE JUL 1      0.0                                       0.0

DEGREE DAYS
 HEATING
  YESTERDAY       11                        14     -3       13
  MONTH TO DATE  216                       281    -65      249
  SINCE SEP 1    284                       493   -209      434
  SINCE JUL 1    309                       633   -324      521

 COOLING
  YESTERDAY        0                         0      0        0
  MONTH TO DATE    0                         0      0        0
  SINCE SEP 1    109                        57     52       68
  SINCE JAN 1    305                       137    168      212
..................................................................


WIND (MPH)
  RESULTANT WIND SPEED   1   RESULTANT WIND DIRECTION  NW (320)
  HIGHEST WIND SPEED    12   HIGHEST WIND DIRECTION     E (90)
  HIGHEST GUST SPEED    28   HIGHEST GUST DIRECTION     E (90)
  AVERAGE WIND SPEED     2.4


SKY COVER
  POSSIBLE SUNSHINE  MM
  AVERAGE SKY COVER 0.4


WEATHER CONDITIONS
 THE FOLLOWING WEATHER WAS RECORDED YESTERDAY.
  FOG
  FOG W/VISIBILITY <= 1/4 MILE
  HAZE


RELATIVE HUMIDITY (PERCENT)
 HIGHEST    93          1200 AM
 LOWEST     63           300 PM
 AVERAGE    78

..........................................................


THE OAKLAND AIRPORT CLIMATE NORMALS FOR TODAY
                         NORMAL    RECORD    YEAR
 MAXIMUM TEMPERATURE (F)   60        70      2009
 MINIMUM TEMPERATURE (F)   43        34      1948


SUNRISE AND SUNSET
NOVEMBER 28 2014......SUNRISE   703 AM PST   SUNSET   451 PM PST
NOVEMBER 29 2014......SUNRISE   703 AM PST   SUNSET   451 PM PST


-  INDICATES NEGATIVE NUMBERS.
R  INDICATES RECORD WAS SET OR TIED.
MM INDICATES DATA IS MISSING.
T  INDICATES TRACE AMOUNT.




$$
