701
CDUS46 KMTR 300845
CLIOAK


CLIMATE REPORT
NATIONAL WEATHER SERVICE SAN FRANCISCO BAY AREA
145 AM PDT MON MAY 30 2016


...................................

...THE OAKLAND AIRPORT CLIMATE SUMMARY FOR MAY 29 2016...

CLIMATE NORMAL PERIOD 1981 TO 2010
CLIMATE RECORD PERIOD 1948 TO 2016


WEATHER ITEM   OBSERVED TIME   RECORD YEAR NORMAL DEPARTURE LAST
                VALUE   (LST)  VALUE       VALUE  FROM      YEAR
                                                  NORMAL
..................................................................
TEMPERATURE (F)
 YESTERDAY
  MAXIMUM         73    138 PM  98    1975  68      5       62
  MINIMUM         55   1159 PM  47    2000  52      3       52
  AVERAGE         64                        60      4       57

PRECIPITATION (IN)
  YESTERDAY        T   R         T    2015   0.01  -0.01      T
  MONTH TO DATE    0.02                      0.65  -0.63      T
  SINCE OCT 1     16.56                     20.32  -3.76    14.39
  SINCE JAN 1     11.34                     13.01  -1.67     3.17

SNOWFALL (IN)
  YESTERDAY        0.0                                       0.0
  MONTH TO DATE    0.0                                       0.0
  SINCE MAR 1      0.0                                       0.0
  SINCE JUL 1      0.0                                       0.0

DEGREE DAYS
 HEATING
  YESTERDAY        1                         5     -4        8
  MONTH TO DATE   81                       172    -91      199
  SINCE MAR 1    416                       736   -320      611
  SINCE JUL 1   1891                      2758   -867     1920

 COOLING
  YESTERDAY        0                         0      0        0
  MONTH TO DATE   14                         0     14        0
  SINCE MAR 1     32                         6     26        4
  SINCE JAN 1     33                         6     27        4
..................................................................


WIND (MPH)
  RESULTANT WIND SPEED   8   RESULTANT WIND DIRECTION  NW (310)
  HIGHEST WIND SPEED    22   HIGHEST WIND DIRECTION    NW (300)
  HIGHEST GUST SPEED    26   HIGHEST GUST DIRECTION    NW (300)
  AVERAGE WIND SPEED     9.1


SKY COVER
  POSSIBLE SUNSHINE  MM
  AVERAGE SKY COVER 0.2


WEATHER CONDITIONS
 THE FOLLOWING WEATHER WAS RECORDED YESTERDAY.
  NO SIGNIFICANT WEATHER WAS OBSERVED.


RELATIVE HUMIDITY (PERCENT)
 HIGHEST    86           900 PM
 LOWEST     47          1200 PM
 AVERAGE    67

..........................................................


THE OAKLAND AIRPORT CLIMATE NORMALS FOR TODAY
                         NORMAL    RECORD    YEAR
 MAXIMUM TEMPERATURE (F)   69        94      2001
 MINIMUM TEMPERATURE (F)   52        46      2000


SUNRISE AND SUNSET
MAY 30 2016...........SUNRISE   549 AM PDT   SUNSET   824 PM PDT
MAY 31 2016...........SUNRISE   549 AM PDT   SUNSET   825 PM PDT


-  INDICATES NEGATIVE NUMBERS.
R  INDICATES RECORD WAS SET OR TIED.
MM INDICATES DATA IS MISSING.
T  INDICATES TRACE AMOUNT.




$$
