000
CDUS46 KMTR 220029
CLIOAK


CLIMATE REPORT
NATIONAL WEATHER SERVICE SAN FRANCISCO BAY AREA
529 PM PDT TUE OCT 21 2014


...................................

...THE OAKLAND AIRPORT CLIMATE SUMMARY FOR OCTOBER 21 2014...
VALID TODAY AS OF 0500 PM LOCAL TIME.

CLIMATE NORMAL PERIOD 1981 TO 2010
CLIMATE RECORD PERIOD 1948 TO 2014


WEATHER ITEM   OBSERVED TIME   RECORD YEAR NORMAL DEPARTURE LAST
                VALUE   (LST)  VALUE       VALUE  FROM      YEAR
                                                  NORMAL
..................................................................
TEMPERATURE (F)
 TODAY
  MAXIMUM         70    207 PM  85    1998  69      1       63
  MINIMUM         49    615 AM  37    1949  51     -2       49
  AVERAGE         60                        60      0       56

PRECIPITATION (IN)
  TODAY            0.00          0.13 1985   0.04  -0.04     0.00
  MONTH TO DATE    0.01                      0.62  -0.61     0.00
  SINCE JUL 1      0.46                      0.90  -0.44     0.61
  SINCE JAN 1      8.44                     14.12  -5.68     3.43

SNOWFALL (IN)
  TODAY            0.0           0.0  1985
  MONTH TO DATE    0.0
  SINCE SEP 1      0.0
  SINCE JUL 1      0.0

DEGREE DAYS
 HEATING
  TODAY            5                         5      0        9
  MONTH TO DATE   31                        87    -56       78
  SINCE SEP 1     36                       147   -111       95
  SINCE JUL 1     61                       287   -226      182

 COOLING
  TODAY            0                         0      0        0
  MONTH TO DATE   39                        12     27       13
  SINCE SEP 1    109                        57     52       68
  SINCE JAN 1    305                       137    168      212
..................................................................


WIND (MPH)
  RESULTANT WIND SPEED   5   RESULTANT WIND DIRECTION   W (290)
  HIGHEST WIND SPEED    20   HIGHEST WIND DIRECTION     W (270)
  HIGHEST GUST SPEED    36   HIGHEST GUST DIRECTION     E (90)
  AVERAGE WIND SPEED     7.3


SKY COVER
  POSSIBLE SUNSHINE  MM
  AVERAGE SKY COVER 0.2


WEATHER CONDITIONS
 THE FOLLOWING WEATHER WAS RECORDED TODAY.
  HAZE


RELATIVE HUMIDITY (PERCENT)
 HIGHEST    83           300 AM
 LOWEST     37           100 PM
 AVERAGE    60

..........................................................


THE OAKLAND AIRPORT CLIMATE NORMALS FOR TOMORROW
                         NORMAL    RECORD    YEAR
 MAXIMUM TEMPERATURE (F)   69        84      2011
 MINIMUM TEMPERATURE (F)   51        40      1949


SUNRISE AND SUNSET
OCTOBER 21 2014.......SUNRISE   723 AM PDT   SUNSET   623 PM PDT
OCTOBER 22 2014.......SUNRISE   724 AM PDT   SUNSET   622 PM PDT


-  INDICATES NEGATIVE NUMBERS.
R  INDICATES RECORD WAS SET OR TIED.
MM INDICATES DATA IS MISSING.
T  INDICATES TRACE AMOUNT.




$$
