000
CDUS43 KOAX 260642
CLIOAX


CLIMATE REPORT
NATIONAL WEATHER SERVICE OMAHA NEBRASKA
141 AM CDT FRI MAY 26 2017


...................................

...THE VALLEY  NWS, NEBRASKA CLIMATE SUMMARY FOR MAY 25 2017...

CLIMATE NORMAL PERIOD 1981 TO 2010
CLIMATE RECORD PERIOD 1997 TO 2017


WEATHER ITEM   OBSERVED TIME   NORMAL DEPARTURE LAST
                VALUE   (LST)  VALUE  FROM      YEAR
                                      NORMAL
......................................................
TEMPERATURE (F)
 YESTERDAY
  MAXIMUM         76    255 PM  76      0       78
  MINIMUM         51    500 AM  56     -5       64
  AVERAGE         64            66     -2       71

PRECIPITATION (IN)
  YESTERDAY        T             0.15  -0.15     0.47
  MONTH TO DATE    7.23          3.66   3.57     6.54
  SINCE MAR 1     13.62          8.69   4.93    14.33
  SINCE JAN 1     15.33         10.40   4.93    16.07

SNOWFALL (IN)
  YESTERDAY        0.0                           0.0
  MONTH TO DATE    T                             0.0
  SINCE JUL 1     11.8                          28.7
  SNOW DEPTH       0

DEGREE DAYS
 HEATING
  YESTERDAY        1             3     -2        0
  MONTH TO DATE  131           139     -8      129
  SINCE MAR 1   1169          1406   -237     1011
  SINCE JUL 1   5046          6237  -1191     4999

 COOLING
  YESTERDAY        0             3     -3        6
  MONTH TO DATE   51            43      8       24
  SINCE MAR 1     54            50      4       24
  SINCE JAN 1     54            50      4       24
......................................................


WIND (MPH)
  HIGHEST WIND SPEED    MM   HIGHEST WIND DIRECTION    MM
  HIGHEST GUST SPEED    30   HIGHEST GUST DIRECTION    MM


SKY COVER
  POSSIBLE SUNSHINE  MM


WEATHER CONDITIONS
 THE FOLLOWING WEATHER WAS RECORDED YESTERDAY.
  NO SIGNIFICANT WEATHER WAS OBSERVED.


..........................................................


THE VALLEY  NWS, NEBRASKA CLIMATE NORMALS FOR TODAY
                         NORMAL
 MAXIMUM TEMPERATURE (F)   76
 MINIMUM TEMPERATURE (F)   56


SUNRISE AND SUNSET
MAY 26 2017...........SUNRISE   558 AM CDT   SUNSET   848 PM CDT
MAY 27 2017...........SUNRISE   557 AM CDT   SUNSET   849 PM CDT


-  INDICATES NEGATIVE NUMBERS.
R  INDICATES RECORD WAS SET OR TIED.
MM INDICATES DATA IS MISSING.
T  INDICATES TRACE AMOUNT.




$$
