000
CDUS43 KOAX 280710
CLIOAX


CLIMATE REPORT
NATIONAL WEATHER SERVICE OMAHA NEBRASKA
209 AM CDT THU MAY 28 2015


...................................

...THE VALLEY  NWS, NEBRASKA CLIMATE SUMMARY FOR MAY 27 2015...

CLIMATE NORMAL PERIOD 1981 TO 2010
CLIMATE RECORD PERIOD 1997 TO 2015


WEATHER ITEM   OBSERVED TIME   NORMAL DEPARTURE LAST
                VALUE   (LST)  VALUE  FROM      YEAR
                                      NORMAL
......................................................
TEMPERATURE (F)
 YESTERDAY
  MAXIMUM         82    217 PM  77      5       85
  MINIMUM         54    534 AM  56     -2       66
  AVERAGE         68            66      2       76

PRECIPITATION (IN)
  YESTERDAY        0.00          0.14  -0.14     0.00
  MONTH TO DATE    5.81          3.94   1.87     4.85
  SINCE MAR 1      9.99          8.97   1.02     7.87
  SINCE JAN 1     11.56         10.68   0.88     8.91

SNOWFALL (IN)
  YESTERDAY        0.0                           0.0
  MONTH TO DATE    0.0                           0.0
  SINCE JUL 1     19.3                          18.2
  SNOW DEPTH       0

DEGREE DAYS
 HEATING
  YESTERDAY        0             2     -2        0
  MONTH TO DATE  138           143     -5      148
  SINCE MAR 1   1126          1410   -284     1441
  SINCE JUL 1   5855          6241   -386     6501

 COOLING
  YESTERDAY        3             3      0       11
  MONTH TO DATE   23            49    -26       78
  SINCE MAR 1     27            56    -29       87
  SINCE JAN 1     27            56    -29       87
......................................................


WIND (MPH)
  HIGHEST WIND SPEED    MM   HIGHEST WIND DIRECTION    MM
  HIGHEST GUST SPEED    15   HIGHEST GUST DIRECTION    MM


SKY COVER
  POSSIBLE SUNSHINE  MM


WEATHER CONDITIONS
 THE FOLLOWING WEATHER WAS RECORDED YESTERDAY.
  NO SIGNIFICANT WEATHER WAS OBSERVED.


..........................................................


THE VALLEY  NWS, NEBRASKA CLIMATE NORMALS FOR TODAY
                         NORMAL
 MAXIMUM TEMPERATURE (F)   77
 MINIMUM TEMPERATURE (F)   57


SUNRISE AND SUNSET
MAY 28 2015...........SUNRISE   557 AM CDT   SUNSET   849 PM CDT
MAY 29 2015...........SUNRISE   556 AM CDT   SUNSET   850 PM CDT


-  INDICATES NEGATIVE NUMBERS.
R  INDICATES RECORD WAS SET OR TIED.
MM INDICATES DATA IS MISSING.
T  INDICATES TRACE AMOUNT.




$$
