000
CDUS43 KOAX 192211
CLIOAX


CLIMATE REPORT
NATIONAL WEATHER SERVICE OMAHA NEBRASKA
503 PM CDT TUE SEP 19 2017


...................................

...THE VALLEY  NWS, NEBRASKA CLIMATE SUMMARY FOR SEPTEMBER 19 2017...
VALID TODAY AS OF 400 PM LOCAL TIME.

CLIMATE NORMAL PERIOD 1981 TO 2010
CLIMATE RECORD PERIOD 1997 TO 2017


WEATHER ITEM   OBSERVED TIME   NORMAL DEPARTURE LAST
                VALUE   (LST)  VALUE  FROM      YEAR
                                      NORMAL
......................................................
TEMPERATURE (F)
 TODAY
  MAXIMUM         87    259 PM  76     11       83
  MINIMUM         67    151 AM  53     14       62
  AVERAGE         77            64     13       73

PRECIPITATION (IN)
  TODAY            0.00          0.08  -0.08     0.00
  MONTH TO DATE    1.45          1.90  -0.45     2.16
  SINCE SEP 1      1.45          1.90  -0.45     2.16
  SINCE JAN 1     26.67         26.82  -0.15    39.60

SNOWFALL (IN)
  TODAY            0.0                           0.0
  MONTH TO DATE    0.0                           0.0
  SINCE JUL 1      0.0                           0.0
  SNOW DEPTH       0

DEGREE DAYS
 HEATING
  TODAY            0             3     -3        0
  MONTH TO DATE   17            35    -18       10
  SINCE SEP 1     17            35    -18       10
  SINCE JUL 1     17            41    -24       12

 COOLING
  TODAY           12             3      9        8
  MONTH TO DATE  124            86     38      108
  SINCE SEP 1    124            86     38      108
  SINCE JAN 1   1129          1037     92     1205
......................................................


WIND (MPH)
  HIGHEST WIND SPEED    MM   HIGHEST WIND DIRECTION    MM
  HIGHEST GUST SPEED    35   HIGHEST GUST DIRECTION    MM



WEATHER CONDITIONS
 THE FOLLOWING WEATHER WAS RECORDED TODAY.
  FOG


..........................................................


THE VALLEY  NWS, NEBRASKA CLIMATE NORMALS FOR TOMORROW
                         NORMAL
 MAXIMUM TEMPERATURE (F)   76
 MINIMUM TEMPERATURE (F)   53


SUNRISE AND SUNSET
SEPTEMBER 19 2017.....SUNRISE   710 AM CDT   SUNSET   727 PM CDT
SEPTEMBER 20 2017.....SUNRISE   711 AM CDT   SUNSET   726 PM CDT


-  INDICATES NEGATIVE NUMBERS.
R  INDICATES RECORD WAS SET OR TIED.
MM INDICATES DATA IS MISSING.
T  INDICATES TRACE AMOUNT.




$$

Klish
