000
CDUS43 KOAX 162124
CLIOAX


CLIMATE REPORT
NATIONAL WEATHER SERVICE OMAHA NEBRASKA
423 PM CDT WED APR 16 2014


...................................

...THE VALLEY  NWS, NEBRASKA CLIMATE SUMMARY FOR APRIL 16 2014...
VALID TODAY AS OF 0400 PM LOCAL TIME.

CLIMATE NORMAL PERIOD 1981 TO 2010
CLIMATE RECORD PERIOD 1997 TO 2014


WEATHER ITEM   OBSERVED TIME   NORMAL DEPARTURE LAST
                VALUE   (LST)  VALUE  FROM      YEAR
                                      NORMAL
......................................................
TEMPERATURE (F)
 TODAY
  MAXIMUM         67    149 PM  62      5       52
  MINIMUM         46    112 AM  40      6       35
  AVERAGE         57            51      6       44

PRECIPITATION (IN)
  TODAY            0.00          0.10  -0.10     0.00
  MONTH TO DATE    1.32          1.40  -0.08     1.98
  SINCE MAR 1      1.68          3.40  -1.72     3.95
  SINCE JAN 1      2.72          5.11  -2.39     5.31

SNOWFALL (IN)
  TODAY            0.0                           0.0
  MONTH TO DATE    0.9                           0.7
  SINCE JUL 1     18.2                          33.4
  SNOW DEPTH       0

DEGREE DAYS
 HEATING
  TODAY            8            14     -6       21
  MONTH TO DATE  270           275     -5      325
  SINCE MAR 1   1163          1103     60     1270
  SINCE JUL 1   6223          5934    289     5770

 COOLING
  TODAY            0             0      0        0
  MONTH TO DATE    3             0      3        0
  SINCE MAR 1      3             0      3        0
  SINCE JAN 1      3             0      3        0
......................................................


WIND (MPH)
  HIGHEST WIND SPEED    MM   HIGHEST WIND DIRECTION    MM
  HIGHEST GUST SPEED    40   HIGHEST GUST DIRECTION    MM



WEATHER CONDITIONS
 THE FOLLOWING WEATHER WAS RECORDED TODAY.
  NO SIGNIFICANT WEATHER WAS OBSERVED.


..........................................................


THE VALLEY  NWS, NEBRASKA CLIMATE NORMALS FOR TOMORROW
                         NORMAL
 MAXIMUM TEMPERATURE (F)   62
 MINIMUM TEMPERATURE (F)   40


SUNRISE AND SUNSET
APRIL 16 2014.........SUNRISE   644 AM CDT   SUNSET   807 PM CDT
APRIL 17 2014.........SUNRISE   643 AM CDT   SUNSET   808 PM CDT


-  INDICATES NEGATIVE NUMBERS.
R  INDICATES RECORD WAS SET OR TIED.
MM INDICATES DATA IS MISSING.
T  INDICATES TRACE AMOUNT.




$$
