000
CDUS43 KGID 222224
CLIODX


CLIMATE REPORT
NATIONAL WEATHER SERVICE HASTINGS NE
523 PM CDT WED OCT 22 2014


...................................

...THE ORD NE CLIMATE SUMMARY FOR OCTOBER 22 2014...
VALID TODAY AS OF 0500 PM LOCAL TIME.

CLIMATE NORMAL PERIOD 1981 TO 2010
CLIMATE RECORD PERIOD 1895 TO 2014


WEATHER ITEM   OBSERVED TIME   NORMAL DEPARTURE LAST
                VALUE   (LST)  VALUE  FROM      YEAR
                                      NORMAL
......................................................
TEMPERATURE (F)
 TODAY
  MAXIMUM         66   1241 PM  60      6       56
  MINIMUM         53    522 AM  34     19       32
  AVERAGE         60            47     13       44

PRECIPITATION (IN)
  TODAY            0.14          0.06   0.08      T
  MONTH TO DATE    1.14          1.48  -0.34     1.53
  SINCE SEP 1      2.82          3.92  -1.10     4.33
  SINCE JAN 1     20.46         22.83  -2.37    23.76

DEGREE DAYS
 HEATING
  TODAY            5            18    -13       21
  MONTH TO DATE  260           305    -45      319
  SINCE SEP 1    397           428    -31      364
  SINCE JUL 1    416           442    -26      371

 COOLING
  TODAY            0             0      0        0
  MONTH TO DATE    0             6     -6        1
  SINCE SEP 1     57            87    -30      147
  SINCE JAN 1    692           844   -152      907
......................................................


WIND (MPH)
  HIGHEST WIND SPEED    18   HIGHEST WIND DIRECTION     S (200)
  HIGHEST GUST SPEED    23   HIGHEST GUST DIRECTION     S (200)
  AVERAGE WIND SPEED     6.4


SKY COVER
  AVERAGE SKY COVER 0.3


WEATHER CONDITIONS
 THE FOLLOWING WEATHER WAS RECORDED TODAY.
  RAIN
  LIGHT RAIN
  FOG


RELATIVE HUMIDITY (PERCENT)
 HIGHEST    93           400 AM
 LOWEST     63          1200 PM
 AVERAGE    78

..........................................................


THE ORD NE CLIMATE NORMALS FOR TOMORROW
                         NORMAL
 MAXIMUM TEMPERATURE (F)   60
 MINIMUM TEMPERATURE (F)   34


SUNRISE AND SUNSET
OCTOBER 22 2014.......SUNRISE   756 AM CDT   SUNSET   644 PM CDT
OCTOBER 23 2014.......SUNRISE   757 AM CDT   SUNSET   643 PM CDT


-  INDICATES NEGATIVE NUMBERS.
R  INDICATES RECORD WAS SET OR TIED.
MM INDICATES DATA IS MISSING.
T  INDICATES TRACE AMOUNT.




$$
