000
CDUS43 KGID 020722
CLIODX


CLIMATE REPORT
NATIONAL WEATHER SERVICE HASTINGS NE
222 AM CDT TUE SEP 2 2014


...................................

...THE ORD NE CLIMATE SUMMARY FOR SEPTEMBER 1 2014...

CLIMATE NORMAL PERIOD 1981 TO 2010
CLIMATE RECORD PERIOD 1895 TO 2014


WEATHER ITEM   OBSERVED TIME   NORMAL DEPARTURE LAST
                VALUE   (LST)  VALUE  FROM      YEAR
                                      NORMAL
......................................................
TEMPERATURE (F)
 YESTERDAY
  MAXIMUM         78    432 PM  83     -5       84
  MINIMUM         54   1159 PM  56     -2       56
  AVERAGE         66            70     -4       70

PRECIPITATION (IN)
  YESTERDAY        0.42          0.10   0.32     0.00
  MONTH TO DATE    0.42          0.10   0.32     0.00
  SINCE SEP 1      0.42          0.10   0.32     0.00
  SINCE JAN 1     18.06         19.01  -0.95    19.43

DEGREE DAYS
 HEATING
  YESTERDAY        0             1     -1        0
  MONTH TO DATE    0             1     -1        0
  SINCE SEP 1      0             1     -1        0
  SINCE JUL 1     19            15      4        7

 COOLING
  YESTERDAY        1             6     -5        5
  MONTH TO DATE    1             6     -5        5
  SINCE SEP 1      1             6     -5        5
  SINCE JAN 1    636           763   -127      765
......................................................


WIND (MPH)
  HIGHEST WIND SPEED    40   HIGHEST WIND DIRECTION    NW (330)
  HIGHEST GUST SPEED    52   HIGHEST GUST DIRECTION     N (350)
  AVERAGE WIND SPEED     7.9


SKY COVER
  AVERAGE SKY COVER 0.2


WEATHER CONDITIONS
 THE FOLLOWING WEATHER WAS RECORDED YESTERDAY.
  THUNDERSTORM
  HEAVY RAIN
  LIGHT RAIN
  FOG


RELATIVE HUMIDITY (PERCENT)
 HIGHEST    93           300 AM
 LOWEST     43           100 PM
 AVERAGE    68

..........................................................


THE ORD NE CLIMATE NORMALS FOR TODAY
                         NORMAL
 MAXIMUM TEMPERATURE (F)   83
 MINIMUM TEMPERATURE (F)   56


SUNRISE AND SUNSET
SEPTEMBER  2 2014.....SUNRISE   703 AM CDT   SUNSET   807 PM CDT
SEPTEMBER  3 2014.....SUNRISE   704 AM CDT   SUNSET   806 PM CDT


-  INDICATES NEGATIVE NUMBERS.
R  INDICATES RECORD WAS SET OR TIED.
MM INDICATES DATA IS MISSING.
T  INDICATES TRACE AMOUNT.




$$
