000
CDUS43 KGID 150654
CLIODX


CLIMATE REPORT
NATIONAL WEATHER SERVICE HASTINGS NE
151 AM CDT MON SEP 15 2014


...................................

...THE ORD NE CLIMATE SUMMARY FOR SEPTEMBER 14 2014...

CLIMATE NORMAL PERIOD 1981 TO 2010
CLIMATE RECORD PERIOD 1895 TO 2014


WEATHER ITEM   OBSERVED TIME   NORMAL DEPARTURE LAST
                VALUE   (LST)  VALUE  FROM      YEAR
                                      NORMAL
......................................................
TEMPERATURE (F)
 YESTERDAY
  MAXIMUM         69    152 PM  79    -10       77
  MINIMUM         35    411 AM  50    -15       59
  AVERAGE         52            64    -12       68

PRECIPITATION (IN)
  YESTERDAY        0.00          0.09  -0.09      T
  MONTH TO DATE    1.13          1.24  -0.11     0.11
  SINCE SEP 1      1.13          1.24  -0.11     0.11
  SINCE JAN 1     18.77         20.15  -1.38    19.54

DEGREE DAYS
 HEATING
  YESTERDAY       13             3     10        0
  MONTH TO DATE   96            26     70        5
  SINCE SEP 1     96            26     70        5
  SINCE JUL 1    115            40     75       12

 COOLING
  YESTERDAY        0             3     -3        3
  MONTH TO DATE   21            59    -38      121
  SINCE SEP 1     21            59    -38      121
  SINCE JAN 1    656           816   -160      881
......................................................


WIND (MPH)
  HIGHEST WIND SPEED    17   HIGHEST WIND DIRECTION    SE (140)
  HIGHEST GUST SPEED    22   HIGHEST GUST DIRECTION    SE (120)
  AVERAGE WIND SPEED     5.1


SKY COVER
  AVERAGE SKY COVER 0.3


WEATHER CONDITIONS
 THE FOLLOWING WEATHER WAS RECORDED YESTERDAY.
  FOG


RELATIVE HUMIDITY (PERCENT)
 HIGHEST   100           500 AM
 LOWEST     55           200 PM
 AVERAGE    78

..........................................................


THE ORD NE CLIMATE NORMALS FOR TODAY
                         NORMAL
 MAXIMUM TEMPERATURE (F)   79
 MINIMUM TEMPERATURE (F)   49


SUNRISE AND SUNSET
SEPTEMBER 15 2014.....SUNRISE   716 AM CDT   SUNSET   745 PM CDT
SEPTEMBER 16 2014.....SUNRISE   717 AM CDT   SUNSET   743 PM CDT


-  INDICATES NEGATIVE NUMBERS.
R  INDICATES RECORD WAS SET OR TIED.
MM INDICATES DATA IS MISSING.
T  INDICATES TRACE AMOUNT.




$$
