000
CDUS43 KGID 180623
CLIODX


CLIMATE REPORT
NATIONAL WEATHER SERVICE HASTINGS NE
1223 AM CST SAT NOV 18 2017


...................................

...THE ORD NE CLIMATE SUMMARY FOR NOVEMBER 17 2017...

CLIMATE NORMAL PERIOD 1981 TO 2010
CLIMATE RECORD PERIOD 1895 TO 2017


WEATHER ITEM   OBSERVED TIME   NORMAL DEPARTURE LAST
                VALUE   (LST)  VALUE  FROM      YEAR
                                      NORMAL
......................................................
TEMPERATURE (F)
 YESTERDAY
  MAXIMUM         52    222 PM  48      4       46
  MINIMUM         29    711 AM  23      6       33
  AVERAGE         41            36      5       40

PRECIPITATION (IN)
  YESTERDAY        0.14          0.03   0.11     0.03
  MONTH TO DATE    0.19          0.68  -0.49     0.49
  SINCE SEP 1      8.45          5.05   3.40     2.28
  SINCE JAN 1     28.62         23.96   4.66    29.44

DEGREE DAYS
 HEATING
  YESTERDAY       24            29     -5       25
  MONTH TO DATE  467           433     34      271
  SINCE SEP 1   1027          1039    -12      702
  SINCE JUL 1   1035          1053    -18      716

 COOLING
  YESTERDAY        0             0      0        0
  MONTH TO DATE    0             0      0        0
  SINCE SEP 1     96            88      8       81
  SINCE JAN 1    840           845     -5      887
......................................................


WIND (MPH)
  HIGHEST WIND SPEED    21   HIGHEST WIND DIRECTION     N (350)
  HIGHEST GUST SPEED    28   HIGHEST GUST DIRECTION     N (350)
  AVERAGE WIND SPEED    10.7


SKY COVER
  AVERAGE SKY COVER 0.4


WEATHER CONDITIONS
 THE FOLLOWING WEATHER WAS RECORDED YESTERDAY.
  HEAVY RAIN
  RAIN
  FOG
  FOG W/VISIBILITY <= 1/4 MILE


RELATIVE HUMIDITY (PERCENT)
 HIGHEST   100           700 AM
 LOWEST     52           200 PM
 AVERAGE    76

..........................................................


THE ORD NE CLIMATE NORMALS FOR TODAY
                         NORMAL
 MAXIMUM TEMPERATURE (F)   47
 MINIMUM TEMPERATURE (F)   23


SUNRISE AND SUNSET
NOVEMBER 18 2017......SUNRISE   729 AM CST   SUNSET   513 PM CST
NOVEMBER 19 2017......SUNRISE   730 AM CST   SUNSET   512 PM CST


-  INDICATES NEGATIVE NUMBERS.
R  INDICATES RECORD WAS SET OR TIED.
MM INDICATES DATA IS MISSING.
T  INDICATES TRACE AMOUNT.




$$
