610
CDUS43 KGID 220626
CLIODX


CLIMATE REPORT
NATIONAL WEATHER SERVICE HASTINGS NE
1226 AM CST MON JAN 22 2018


...................................

...THE ORD NE CLIMATE SUMMARY FOR JANUARY 21 2018...

CLIMATE NORMAL PERIOD 1981 TO 2010
CLIMATE RECORD PERIOD 1895 TO 2018


WEATHER ITEM   OBSERVED TIME   NORMAL DEPARTURE LAST
                VALUE   (LST)  VALUE  FROM      YEAR
                                      NORMAL
......................................................
TEMPERATURE (F)
 YESTERDAY
  MAXIMUM         37    246 PM  37      0       51
  MINIMUM         31    404 AM  13     18       27
  AVERAGE         34            25      9       39

PRECIPITATION (IN)
  YESTERDAY        0.06          0.01   0.05     0.00
  MONTH TO DATE    0.18          0.22  -0.04     0.67
  SINCE DEC 1      0.61          0.81  -0.20     1.08
  SINCE JAN 1      0.18          0.22  -0.04     0.67

DEGREE DAYS
 HEATING
  YESTERDAY       31            40     -9       26
  MONTH TO DATE  933           853     80      919
  SINCE DEC 1   2155          2096     59     2199
  SINCE JUL 1   3500          3577    -77     3315

 COOLING
  YESTERDAY        0             0      0        0
  MONTH TO DATE    0             0      0        0
  SINCE DEC 1      0             0      0        0
  SINCE JAN 1      0             0      0        0
......................................................


WIND (MPH)
  HIGHEST WIND SPEED    39   HIGHEST WIND DIRECTION    NE (30)
  HIGHEST GUST SPEED    52   HIGHEST GUST DIRECTION     N (20)
  AVERAGE WIND SPEED    19.0


SKY COVER
  AVERAGE SKY COVER 0.8


WEATHER CONDITIONS
 THE FOLLOWING WEATHER WAS RECORDED YESTERDAY.
  LIGHT RAIN
  SNOW
  LIGHT SNOW
  FOG


RELATIVE HUMIDITY (PERCENT)
 HIGHEST    92          1100 PM
 LOWEST     70           200 PM
 AVERAGE    81

..........................................................


THE ORD NE CLIMATE NORMALS FOR TODAY
                         NORMAL
 MAXIMUM TEMPERATURE (F)   38
 MINIMUM TEMPERATURE (F)   13


SUNRISE AND SUNSET
JANUARY 22 2018.......SUNRISE   756 AM CST   SUNSET   539 PM CST
JANUARY 23 2018.......SUNRISE   755 AM CST   SUNSET   540 PM CST


-  INDICATES NEGATIVE NUMBERS.
R  INDICATES RECORD WAS SET OR TIED.
MM INDICATES DATA IS MISSING.
T  INDICATES TRACE AMOUNT.




$$
