000
CDUS43 KGID 250643
CLIODX


CLIMATE REPORT
NATIONAL WEATHER SERVICE HASTINGS NE
139 AM CDT SUN SEP 25 2016


...................................

...THE ORD NE CLIMATE SUMMARY FOR SEPTEMBER 24 2016...

CLIMATE NORMAL PERIOD 1981 TO 2010
CLIMATE RECORD PERIOD 1895 TO 2016


WEATHER ITEM   OBSERVED TIME   NORMAL DEPARTURE LAST
                VALUE   (LST)  VALUE  FROM      YEAR
                                      NORMAL
......................................................
TEMPERATURE (F)
 YESTERDAY
  MAXIMUM         81    447 PM  75      6       70
  MINIMUM         51   1000 PM  45      6       62
  AVERAGE         66            60      6       66

PRECIPITATION (IN)
  YESTERDAY        T             0.07  -0.07     0.15
  MONTH TO DATE    1.70          2.06  -0.36     3.08
  SINCE SEP 1      1.70          2.06  -0.36     3.08
  SINCE JAN 1     28.86         20.97   7.89    17.62

DEGREE DAYS
 HEATING
  YESTERDAY        0             7     -7        0
  MONTH TO DATE   35            75    -40       22
  SINCE SEP 1     35            75    -40       22
  SINCE JUL 1     49            89    -40       45

 COOLING
  YESTERDAY        1             1      0        1
  MONTH TO DATE   77            76      1      144
  SINCE SEP 1     77            76      1      144
  SINCE JAN 1    883           833     50      807
......................................................


WIND (MPH)
  HIGHEST WIND SPEED    20   HIGHEST WIND DIRECTION    NW (310)
  HIGHEST GUST SPEED    25   HIGHEST GUST DIRECTION    SE (140)
  AVERAGE WIND SPEED     8.7


SKY COVER
  AVERAGE SKY COVER 0.3


WEATHER CONDITIONS
 THE FOLLOWING WEATHER WAS RECORDED YESTERDAY.
  LIGHT RAIN


RELATIVE HUMIDITY (PERCENT)
 HIGHEST    84           600 AM
 LOWEST     30           400 PM
 AVERAGE    57

..........................................................


THE ORD NE CLIMATE NORMALS FOR TODAY
                         NORMAL
 MAXIMUM TEMPERATURE (F)   74
 MINIMUM TEMPERATURE (F)   44


SUNRISE AND SUNSET
SEPTEMBER 25 2016.....SUNRISE   727 AM CDT   SUNSET   727 PM CDT
SEPTEMBER 26 2016.....SUNRISE   728 AM CDT   SUNSET   725 PM CDT


-  INDICATES NEGATIVE NUMBERS.
R  INDICATES RECORD WAS SET OR TIED.
MM INDICATES DATA IS MISSING.
T  INDICATES TRACE AMOUNT.

$$

KELLEY
