278
CDUS43 KGID 260632
CLIODX


CLIMATE REPORT
NATIONAL WEATHER SERVICE HASTINGS NE
130 AM CDT FRI MAY 26 2017


...................................

...THE ORD NE CLIMATE SUMMARY FOR MAY 25 2017...

CLIMATE NORMAL PERIOD 1981 TO 2010
CLIMATE RECORD PERIOD 1895 TO 2017


WEATHER ITEM   OBSERVED TIME   NORMAL DEPARTURE LAST
                VALUE   (LST)  VALUE  FROM      YEAR
                                      NORMAL
......................................................
TEMPERATURE (F)
 YESTERDAY
  MAXIMUM         75    500 PM  75      0       81
  MINIMUM         51    536 AM  50      1       57
  AVERAGE         63            62      1       69

PRECIPITATION (IN)
  YESTERDAY        T             0.14  -0.14     0.55
  MONTH TO DATE    2.99          2.93   0.06     3.77
  SINCE MAR 1      9.07          6.97   2.10    14.11
  SINCE JAN 1     11.01          7.78   3.23    15.26

DEGREE DAYS
 HEATING
  YESTERDAY        2             4     -2        0
  MONTH TO DATE  227           195     32      219
  SINCE MAR 1   1405          1531   -126     1337
  SINCE JUL 1   5916          6548   -632     5686

 COOLING
  YESTERDAY        0             2     -2        4
  MONTH TO DATE   14            27    -13       13
  SINCE MAR 1     14            29    -15       13
  SINCE JAN 1     14            29    -15       13
......................................................


WIND (MPH)
  HIGHEST WIND SPEED    25   HIGHEST WIND DIRECTION     S (200)
  HIGHEST GUST SPEED    30   HIGHEST GUST DIRECTION    SW (210)
  AVERAGE WIND SPEED    10.2


SKY COVER
  AVERAGE SKY COVER 0.1


WEATHER CONDITIONS
 THE FOLLOWING WEATHER WAS RECORDED YESTERDAY.
  THUNDERSTORM
  LIGHT RAIN


RELATIVE HUMIDITY (PERCENT)
 HIGHEST    86          1100 PM
 LOWEST     44           400 PM
 AVERAGE    65

..........................................................


THE ORD NE CLIMATE NORMALS FOR TODAY
                         NORMAL
 MAXIMUM TEMPERATURE (F)   75
 MINIMUM TEMPERATURE (F)   51


SUNRISE AND SUNSET
MAY 26 2017...........SUNRISE   607 AM CDT   SUNSET   859 PM CDT
MAY 27 2017...........SUNRISE   607 AM CDT   SUNSET   900 PM CDT


-  INDICATES NEGATIVE NUMBERS.
R  INDICATES RECORD WAS SET OR TIED.
MM INDICATES DATA IS MISSING.
T  INDICATES TRACE AMOUNT.

$$

KELLEY
