000
CDUS43 KGID 300623
CLIODX


CLIMATE REPORT
NATIONAL WEATHER SERVICE HASTINGS NE
123 AM CDT MON MAY 30 2016


...................................

...THE ORD NE CLIMATE SUMMARY FOR MAY 29 2016...

CLIMATE NORMAL PERIOD 1981 TO 2010
CLIMATE RECORD PERIOD 1895 TO 2016


WEATHER ITEM   OBSERVED TIME   NORMAL DEPARTURE LAST
                VALUE   (LST)  VALUE  FROM      YEAR
                                      NORMAL
......................................................
TEMPERATURE (F)
 YESTERDAY
  MAXIMUM         82    448 PM  76      6       71
  MINIMUM         51    538 AM  52     -1       49
  AVERAGE         67            64      3       60

PRECIPITATION (IN)
  YESTERDAY        0.03          0.15  -0.12     0.03
  MONTH TO DATE    5.02          3.51   1.51     2.98
  SINCE MAR 1     15.36          7.55   7.81     5.72
  SINCE JAN 1     16.51          8.36   8.15     6.46

DEGREE DAYS
 HEATING
  YESTERDAY        0             3     -3        5
  MONTH TO DATE  219           210      9      228
  SINCE MAR 1   1337          1546   -209     1377
  SINCE JUL 1   5686          6563   -877     6509

 COOLING
  YESTERDAY        2             2      0        0
  MONTH TO DATE   17            35    -18        5
  SINCE MAR 1     17            37    -20        9
  SINCE JAN 1     17            37    -20        9
......................................................


WIND (MPH)
  HIGHEST WIND SPEED    17   HIGHEST WIND DIRECTION     S (180)
  HIGHEST GUST SPEED    24   HIGHEST GUST DIRECTION     S (180)
  AVERAGE WIND SPEED     5.1


SKY COVER
  AVERAGE SKY COVER 0.0


WEATHER CONDITIONS
 THE FOLLOWING WEATHER WAS RECORDED YESTERDAY.
  THUNDERSTORM
  LIGHT RAIN
  FOG


RELATIVE HUMIDITY (PERCENT)
 HIGHEST   100           300 AM
 LOWEST     36           100 PM
 AVERAGE    68

..........................................................


THE ORD NE CLIMATE NORMALS FOR TODAY
                         NORMAL
 MAXIMUM TEMPERATURE (F)   76
 MINIMUM TEMPERATURE (F)   52


SUNRISE AND SUNSET
MAY 30 2016...........SUNRISE   605 AM CDT   SUNSET   903 PM CDT
MAY 31 2016...........SUNRISE   604 AM CDT   SUNSET   903 PM CDT


-  INDICATES NEGATIVE NUMBERS.
R  INDICATES RECORD WAS SET OR TIED.
MM INDICATES DATA IS MISSING.
T  INDICATES TRACE AMOUNT.




$$
