000
CDUS43 KOAX 240626
CLIOFK


CLIMATE REPORT
NATIONAL WEATHER SERVICE OMAHA NEBRASKA
125 AM CDT THU JUL 24 2014


...................................

...THE NORFOLK, NEBRASKA CLIMATE SUMMARY FOR JULY 23 2014...

CLIMATE NORMAL PERIOD 1981 TO 2010
CLIMATE RECORD PERIOD 1888 TO 2014


WEATHER ITEM   OBSERVED TIME   RECORD YEAR NORMAL DEPARTURE LAST
                VALUE   (LST)  VALUE       VALUE  FROM      YEAR
                                                  NORMAL
..................................................................
TEMPERATURE (F)
 YESTERDAY
  MAXIMUM         84    414 PM 104    2012  87     -3       83
                                      1936
                                      1901
  MINIMUM         58    515 AM  48    1909  64     -6       61
                                      1906
                                      1904
  AVERAGE         71                        75     -4       72

PRECIPITATION (IN)
  YESTERDAY        0.00          1.33 1896   0.10  -0.10     0.05
  MONTH TO DATE    0.92                      2.50  -1.58     0.64
  SINCE JUN 1     12.31                      6.76   5.55     2.82
  SINCE JAN 1     17.80                     16.46   1.34    14.24

SNOWFALL (IN)
  YESTERDAY        0.0                       0.0    0.0      0.0
  MONTH TO DATE    0.0                       0.0    0.0      0.0
  SINCE JUL 1      0.0                       0.0    0.0      0.0
  SNOW DEPTH       0

DEGREE DAYS
 HEATING
  YESTERDAY        0                         0      0        0
  MONTH TO DATE   12                         0     12        0
  SINCE JUN 1     37                        30      7       42
  SINCE JUL 1     12                         0     12        0

 COOLING
  YESTERDAY        6                        10     -4        7
  MONTH TO DATE  141                       228    -87      262
  SINCE JUN 1    335                       414    -79      445
  SINCE JAN 1    432                       475    -43      509
..................................................................


WIND (MPH)
  HIGHEST WIND SPEED    13   HIGHEST WIND DIRECTION    SE (120)
  HIGHEST GUST SPEED    25   HIGHEST GUST DIRECTION     S (190)
  AVERAGE WIND SPEED     5.8


SKY COVER
  POSSIBLE SUNSHINE  MM
  AVERAGE SKY COVER 0.0


WEATHER CONDITIONS
 THE FOLLOWING WEATHER WAS RECORDED YESTERDAY.
  NO SIGNIFICANT WEATHER WAS OBSERVED.


RELATIVE HUMIDITY (PERCENT)
 HIGHEST    84           500 AM
 LOWEST     40           100 PM
 AVERAGE    62

..........................................................


THE NORFOLK, NEBRASKA CLIMATE NORMALS FOR TODAY
                         NORMAL    RECORD    YEAR
 MAXIMUM TEMPERATURE (F)   86       113      1936
 MINIMUM TEMPERATURE (F)   64        45      1905


SUNRISE AND SUNSET
JULY 24 2014..........SUNRISE   615 AM CDT   SUNSET   856 PM CDT
JULY 25 2014..........SUNRISE   616 AM CDT   SUNSET   856 PM CDT


-  INDICATES NEGATIVE NUMBERS.
R  INDICATES RECORD WAS SET OR TIED.
MM INDICATES DATA IS MISSING.
T  INDICATES TRACE AMOUNT.




$$
