000
CDUS43 KOAX 260625
CLIOFK


CLIMATE REPORT
NATIONAL WEATHER SERVICE OMAHA NEBRASKA
120 AM CDT WED APR 26 2017


...................................

...THE NORFOLK, NEBRASKA CLIMATE SUMMARY FOR APRIL 25 2017...

CLIMATE NORMAL PERIOD 1981 TO 2010
CLIMATE RECORD PERIOD 1888 TO 2017


WEATHER ITEM   OBSERVED TIME   RECORD YEAR NORMAL DEPARTURE LAST
                VALUE   (LST)  VALUE       VALUE  FROM      YEAR
                                                  NORMAL
..................................................................
TEMPERATURE (F)
 YESTERDAY
  MAXIMUM         47   1241 AM  93    1981  66    -19       68
  MINIMUM         34   1159 PM  25    1934  41     -7       47
  AVERAGE         41                        53    -12       58

PRECIPITATION (IN)
  YESTERDAY        0.24          1.24 1902   0.10   0.14     0.00
  MONTH TO DATE    1.78                      2.15  -0.37     2.92
  SINCE MAR 1      2.99                      3.92  -0.93     5.33
  SINCE JAN 1      5.23                      5.27  -0.04     7.48

SNOWFALL (IN)
  YESTERDAY        0.0                       0.0    0.0      0.0
  MONTH TO DATE    T                         2.4   -2.4       T
  SINCE JUL 1     30.2                      30.3   -0.1     53.0
  SNOW DEPTH       0

DEGREE DAYS
 HEATING
  YESTERDAY       24                        12     12        7
  MONTH TO DATE  334                       416    -82      330
  SINCE MAR 1   1100                      1272   -172      993
  SINCE JUL 1   5555                      6365   -810     5294

 COOLING
  YESTERDAY        0                         1     -1        0
  MONTH TO DATE    0                         7     -7        0
  SINCE MAR 1      0                         7     -7        0
  SINCE JAN 1      0                         7     -7        0
..................................................................


WIND (MPH)
  HIGHEST WIND SPEED    28   HIGHEST WIND DIRECTION    NW (330)
  HIGHEST GUST SPEED    38   HIGHEST GUST DIRECTION    NW (330)
  AVERAGE WIND SPEED    17.2


SKY COVER
  POSSIBLE SUNSHINE  MM
  AVERAGE SKY COVER 0.8


WEATHER CONDITIONS
 THE FOLLOWING WEATHER WAS RECORDED YESTERDAY.
  RAIN
  LIGHT RAIN
  FOG


RELATIVE HUMIDITY (PERCENT)
 HIGHEST    92           700 AM
 LOWEST     76          1200 AM
 AVERAGE    84

..........................................................


THE NORFOLK, NEBRASKA CLIMATE NORMALS FOR TODAY
                         NORMAL    RECORD    YEAR
 MAXIMUM TEMPERATURE (F)   66        94      1981
 MINIMUM TEMPERATURE (F)   42        25      1950
                                             1907


SUNRISE AND SUNSET
APRIL 26 2017.........SUNRISE   632 AM CDT   SUNSET   823 PM CDT
APRIL 27 2017.........SUNRISE   631 AM CDT   SUNSET   824 PM CDT


-  INDICATES NEGATIVE NUMBERS.
R  INDICATES RECORD WAS SET OR TIED.
MM INDICATES DATA IS MISSING.
T  INDICATES TRACE AMOUNT.


$$

BCM
