000
CDUS43 KOAX 210646
CLIOFK


CLIMATE REPORT
NATIONAL WEATHER SERVICE OMAHA NEBRASKA
146 AM CDT THU AUG 21 2014


...................................

...THE NORFOLK, NEBRASKA CLIMATE SUMMARY FOR AUGUST 20 2014...

CLIMATE NORMAL PERIOD 1981 TO 2010
CLIMATE RECORD PERIOD 1888 TO 2014


WEATHER ITEM   OBSERVED TIME   RECORD YEAR NORMAL DEPARTURE LAST
                VALUE   (LST)  VALUE       VALUE  FROM      YEAR
                                                  NORMAL
..................................................................
TEMPERATURE (F)
 YESTERDAY
  MAXIMUM         90    440 PM 102    1947  84      6       88
  MINIMUM         70    726 AM  40    1950  61      9       68
  AVERAGE         80                        72      8       78

PRECIPITATION (IN)
  YESTERDAY        0.01          2.17 1920   0.10  -0.09     0.00
  MONTH TO DATE    1.80                      2.22  -0.42     2.63
  SINCE JUN 1     14.32                      9.80   4.52     6.04
  SINCE JAN 1     19.81                     19.50   0.31    17.46

SNOWFALL (IN)
  YESTERDAY        0.0                       0.0    0.0      0.0
  MONTH TO DATE    0.0                       0.0    0.0      0.0
  SINCE JUL 1      0.0                       0.0    0.0      0.0
  SNOW DEPTH       0

DEGREE DAYS
 HEATING
  YESTERDAY        0                         0      0        0
  MONTH TO DATE    0                         0      0        3
  SINCE JUN 1     37                        34      3       58
  SINCE JUL 1     12                         4      8       16

 COOLING
  YESTERDAY       15                         8      7       13
  MONTH TO DATE  154                       180    -26      119
  SINCE JUN 1    544                       680   -136      593
  SINCE JAN 1    641                       741   -100      657
..................................................................


WIND (MPH)
  HIGHEST WIND SPEED    21   HIGHEST WIND DIRECTION     S (170)
  HIGHEST GUST SPEED    27   HIGHEST GUST DIRECTION    SE (130)
  AVERAGE WIND SPEED    11.7


SKY COVER
  POSSIBLE SUNSHINE  MM
  AVERAGE SKY COVER 0.1


WEATHER CONDITIONS
 THE FOLLOWING WEATHER WAS RECORDED YESTERDAY.
  THUNDERSTORM
  LIGHT RAIN


RELATIVE HUMIDITY (PERCENT)
 HIGHEST    90           700 AM
 LOWEST     53           500 PM
 AVERAGE    72

..........................................................


THE NORFOLK, NEBRASKA CLIMATE NORMALS FOR TODAY
                         NORMAL    RECORD    YEAR
 MAXIMUM TEMPERATURE (F)   84       100      1914
 MINIMUM TEMPERATURE (F)   61        43      1939


SUNRISE AND SUNSET
AUGUST 21 2014........SUNRISE   644 AM CDT   SUNSET   821 PM CDT
AUGUST 22 2014........SUNRISE   645 AM CDT   SUNSET   819 PM CDT


-  INDICATES NEGATIVE NUMBERS.
R  INDICATES RECORD WAS SET OR TIED.
MM INDICATES DATA IS MISSING.
T  INDICATES TRACE AMOUNT.




$$
