000
CDUS43 KOAX 022153
CLIOFK


CLIMATE REPORT
NATIONAL WEATHER SERVICE OMAHA NEBRASKA
453 PM CDT TUE JUN 2 2015


...................................

...THE NORFOLK, NEBRASKA CLIMATE SUMMARY FOR JUNE 2 2015...
VALID TODAY AS OF 400 PM LOCAL TIME.

CLIMATE NORMAL PERIOD 1981 TO 2010
CLIMATE RECORD PERIOD 1888 TO 2015


WEATHER ITEM   OBSERVED TIME   RECORD YEAR NORMAL DEPARTURE LAST
                VALUE   (LST)  VALUE       VALUE  FROM      YEAR
                                                  NORMAL
..................................................................
TEMPERATURE (F)
 TODAY
  MAXIMUM         78    259 PM 100    1934  78      0       82
  MINIMUM         59    551 AM  38    1964  54      5       58
  AVERAGE         69                        66      3       70

PRECIPITATION (IN)
  TODAY            0.00          1.95 1950   0.14  -0.14     0.00
  MONTH TO DATE    0.00                      0.28  -0.28     0.20
  SINCE JUN 1      0.00                      0.28  -0.28     0.20
  SINCE JAN 1      6.96                      9.98  -3.02     5.69

SNOWFALL (IN)
  TODAY            0.0                       0.0    0.0      0.0
  MONTH TO DATE    0.0                       0.0    0.0      0.0
  SINCE JUL 1     20.7                      30.5   -9.8     19.9
  SNOW DEPTH       0

DEGREE DAYS
 HEATING
  TODAY            0                         2     -2        0
  MONTH TO DATE    0                         5     -5        0
  SINCE JUN 1      0                         5     -5        0
  SINCE JUL 1   6289                      6618   -329     6932

 COOLING
  TODAY            4                         3      1        5
  MONTH TO DATE    4                         6     -2       15
  SINCE JUN 1      4                         6     -2       15
  SINCE JAN 1     37                        67    -30      112
..................................................................


WIND (MPH)
  HIGHEST WIND SPEED    24   HIGHEST WIND DIRECTION     S (160)
  HIGHEST GUST SPEED    29   HIGHEST GUST DIRECTION     S (180)
  AVERAGE WIND SPEED    15.5


SKY COVER
  POSSIBLE SUNSHINE  MM
  AVERAGE SKY COVER 0.5


WEATHER CONDITIONS
 THE FOLLOWING WEATHER WAS RECORDED TODAY.
  NO SIGNIFICANT WEATHER WAS OBSERVED.


RELATIVE HUMIDITY (PERCENT)
 HIGHEST    87           500 AM
 LOWEST     58           300 PM
 AVERAGE    73

..........................................................


THE NORFOLK, NEBRASKA CLIMATE NORMALS FOR TOMORROW
                         NORMAL    RECORD    YEAR
 MAXIMUM TEMPERATURE (F)   78        99      1931
 MINIMUM TEMPERATURE (F)   55        38      1945


SUNRISE AND SUNSET
JUNE  2 2015..........SUNRISE   556 AM CDT   SUNSET   859 PM CDT
JUNE  3 2015..........SUNRISE   556 AM CDT   SUNSET   900 PM CDT


-  INDICATES NEGATIVE NUMBERS.
R  INDICATES RECORD WAS SET OR TIED.
MM INDICATES DATA IS MISSING.
T  INDICATES TRACE AMOUNT.




$$

KLISH
