000
CDUS43 KOAX 270637
CLIOFK


CLIMATE REPORT
NATIONAL WEATHER SERVICE OMAHA NEBRASKA
1236 AM CST TUE JAN 27 2015


...................................

...THE NORFOLK, NEBRASKA CLIMATE SUMMARY FOR JANUARY 26 2015...

CLIMATE NORMAL PERIOD 1981 TO 2010
CLIMATE RECORD PERIOD 1888 TO 2015


WEATHER ITEM   OBSERVED TIME   RECORD YEAR NORMAL DEPARTURE LAST
                VALUE   (LST)  VALUE       VALUE  FROM      YEAR
                                                  NORMAL
..................................................................
TEMPERATURE (F)
 YESTERDAY
  MAXIMUM         58    358 PM  74    2002  34     24       54
  MINIMUM         30   1136 PM -24    1950  12     18        5
  AVERAGE         44                        23     21       30

PRECIPITATION (IN)
  YESTERDAY        0.00          0.62 1941   0.02  -0.02      T
  MONTH TO DATE    0.27                      0.48  -0.21     0.13
  SINCE DEC 1      1.47                      1.23   0.24     0.27
  SINCE JAN 1      0.27                      0.48  -0.21     0.13

SNOWFALL (IN)
  YESTERDAY        0.0                       0.3   -0.3       T
  MONTH TO DATE    3.7                       5.3   -1.6      1.0
  SINCE JUL 1     13.3                      16.2   -2.9      4.3
  SNOW DEPTH       0

DEGREE DAYS
 HEATING
  YESTERDAY       21                        42    -21       35
  MONTH TO DATE 1059                      1111    -52     1088
  SINCE DEC 1   2195                      2372   -177     2464
  SINCE JUL 1   3688                      3817   -129     3850

 COOLING
  YESTERDAY        0                         0      0        0
  MONTH TO DATE    0                         0      0        0
  SINCE DEC 1      0                         0      0        0
  SINCE JAN 1      0                         0      0        0
..................................................................


WIND (MPH)
  HIGHEST WIND SPEED    23   HIGHEST WIND DIRECTION    NW (330)
  HIGHEST GUST SPEED    28   HIGHEST GUST DIRECTION    NW (320)
  AVERAGE WIND SPEED    10.9


SKY COVER
  POSSIBLE SUNSHINE  MM
  AVERAGE SKY COVER 0.1


WEATHER CONDITIONS
 THE FOLLOWING WEATHER WAS RECORDED YESTERDAY.
  NO SIGNIFICANT WEATHER WAS OBSERVED.


RELATIVE HUMIDITY (PERCENT)
 HIGHEST    89          1200 AM
 LOWEST     39           300 PM
 AVERAGE    64

..........................................................


THE NORFOLK, NEBRASKA CLIMATE NORMALS FOR TODAY
                         NORMAL    RECORD    YEAR
 MAXIMUM TEMPERATURE (F)   34        66      1934
 MINIMUM TEMPERATURE (F)   12       -29      1902


SUNRISE AND SUNSET
JANUARY 27 2015.......SUNRISE   747 AM CST   SUNSET   538 PM CST
JANUARY 28 2015.......SUNRISE   746 AM CST   SUNSET   539 PM CST


-  INDICATES NEGATIVE NUMBERS.
R  INDICATES RECORD WAS SET OR TIED.
MM INDICATES DATA IS MISSING.
T  INDICATES TRACE AMOUNT.




$$
