000
CDUS43 KOAX 250634
CLIOFK


CLIMATE REPORT
NATIONAL WEATHER SERVICE OMAHA NEBRASKA
133 AM CDT FRI APR 25 2014


...................................

...THE NORFOLK, NEBRASKA CLIMATE SUMMARY FOR APRIL 24 2014...

CLIMATE NORMAL PERIOD 1981 TO 2010
CLIMATE RECORD PERIOD 1888 TO 2014


WEATHER ITEM   OBSERVED TIME   RECORD YEAR NORMAL DEPARTURE LAST
                VALUE   (LST)  VALUE       VALUE  FROM      YEAR
                                                  NORMAL
..................................................................
TEMPERATURE (F)
 YESTERDAY
  MAXIMUM         69    515 PM  90    2012  65      4       57
  MINIMUM         43   1159 PM  20    1956  41      2       22
  AVERAGE         56                        53      3       40

PRECIPITATION (IN)
  YESTERDAY        0.75          2.12 2007   0.10   0.65      T
  MONTH TO DATE    2.62                      2.05   0.57     3.70
  SINCE MAR 1      2.99                      3.82  -0.83     4.98
  SINCE JAN 1      3.55                      5.17  -1.62     5.88

SNOWFALL (IN)
  YESTERDAY        0.0                       0.1   -0.1      0.0
  MONTH TO DATE    4.5                       2.4    2.1      6.6
  SINCE JUL 1     19.9                      30.3  -10.4     27.3
  SNOW DEPTH       0

DEGREE DAYS
 HEATING
  YESTERDAY        9                        13     -4       25
  MONTH TO DATE  377                       404    -27      596
  SINCE MAR 1   1321                      1260     61     1588
  SINCE JUL 1   6671                      6353    318     6509

 COOLING
  YESTERDAY        0                         1     -1        0
  MONTH TO DATE    1                         6     -5        0
  SINCE MAR 1      1                         6     -5        0
  SINCE JAN 1      1                         6     -5        0
..................................................................


WIND (MPH)
  HIGHEST WIND SPEED    30   HIGHEST WIND DIRECTION     N (340)
  HIGHEST GUST SPEED    35   HIGHEST GUST DIRECTION     N (340)
  AVERAGE WIND SPEED    14.0


SKY COVER
  POSSIBLE SUNSHINE  MM
  AVERAGE SKY COVER 0.4


WEATHER CONDITIONS
 THE FOLLOWING WEATHER WAS RECORDED YESTERDAY.
  HEAVY RAIN
  RAIN
  LIGHT RAIN
  FOG


RELATIVE HUMIDITY (PERCENT)
 HIGHEST    93          1200 AM
 LOWEST     18           400 PM
 AVERAGE    56

..........................................................


THE NORFOLK, NEBRASKA CLIMATE NORMALS FOR TODAY
                         NORMAL    RECORD    YEAR
 MAXIMUM TEMPERATURE (F)   66        93      1981
 MINIMUM TEMPERATURE (F)   41        25      1934


SUNRISE AND SUNSET
APRIL 25 2014.........SUNRISE   634 AM CDT   SUNSET   822 PM CDT
APRIL 26 2014.........SUNRISE   633 AM CDT   SUNSET   823 PM CDT


-  INDICATES NEGATIVE NUMBERS.
R  INDICATES RECORD WAS SET OR TIED.
MM INDICATES DATA IS MISSING.
T  INDICATES TRACE AMOUNT.




$$
