320
CDUS43 KOAX 220629
CLIOFK


CLIMATE REPORT
NATIONAL WEATHER SERVICE OMAHA NEBRASKA
127 AM CDT SUN OCT 22 2017


...................................

...THE NORFOLK, NEBRASKA CLIMATE SUMMARY FOR OCTOBER 21 2017...

CLIMATE NORMAL PERIOD 1981 TO 2010
CLIMATE RECORD PERIOD 1888 TO 2017


WEATHER ITEM   OBSERVED TIME   RECORD YEAR NORMAL DEPARTURE LAST
                VALUE   (LST)  VALUE       VALUE  FROM      YEAR
                                                  NORMAL
..................................................................
TEMPERATURE (F)
 YESTERDAY
  MAXIMUM         70   1000 AM  88    1947  61      9       68
  MINIMUM         37   1110 PM  15    1987  37      0       30
                                      1930
                                      1913
  AVERAGE         54                        49      5       49

PRECIPITATION (IN)
  YESTERDAY        T             1.32 1900   0.06  -0.06     0.00
  MONTH TO DATE    3.52                      1.55   1.97     2.33
  SINCE SEP 1      5.60                      4.24   1.36     4.37
  SINCE JAN 1     27.38                     24.77   2.61    29.24

SNOWFALL (IN)
  YESTERDAY        0.0                       0.0    0.0      0.0
  MONTH TO DATE    0.0                       0.3   -0.3      0.0
  SINCE JUL 1      0.0                       0.3   -0.3      0.0
  SNOW DEPTH       0

DEGREE DAYS
 HEATING
  YESTERDAY       11                        16     -5       16
  MONTH TO DATE  203                       260    -57      232
  SINCE SEP 1    285                       386   -101      303
  SINCE JUL 1    296                       402   -106      316

 COOLING
  YESTERDAY        0                         0      0        0
  MONTH TO DATE    5                         8     -3        3
  SINCE SEP 1    121                        98     23      119
  SINCE JAN 1    879                       914    -35      962
..................................................................


WIND (MPH)
  HIGHEST WIND SPEED    29   HIGHEST WIND DIRECTION    NW (320)
  HIGHEST GUST SPEED    38   HIGHEST GUST DIRECTION    NW (310)
  AVERAGE WIND SPEED    14.0


SKY COVER
  POSSIBLE SUNSHINE  MM
  AVERAGE SKY COVER 0.6


WEATHER CONDITIONS
 THE FOLLOWING WEATHER WAS RECORDED YESTERDAY.
  LIGHT RAIN


RELATIVE HUMIDITY (PERCENT)
 HIGHEST    92          1000 PM
 LOWEST     50           500 PM
 AVERAGE    71

..........................................................


THE NORFOLK, NEBRASKA CLIMATE NORMALS FOR TODAY
                         NORMAL    RECORD    YEAR
 MAXIMUM TEMPERATURE (F)   61        88      1927
 MINIMUM TEMPERATURE (F)   36        14      1936


SUNRISE AND SUNSET
OCTOBER 22 2017.......SUNRISE   751 AM CDT   SUNSET   637 PM CDT
OCTOBER 23 2017.......SUNRISE   752 AM CDT   SUNSET   636 PM CDT


-  INDICATES NEGATIVE NUMBERS.
R  INDICATES RECORD WAS SET OR TIED.
MM INDICATES DATA IS MISSING.
T  INDICATES TRACE AMOUNT.




$$
