000
CDUS43 KOAX 200646
CLIOFK


CLIMATE REPORT
NATIONAL WEATHER SERVICE OMAHA NEBRASKA
136 AM CDT SUN AUG 20 2017


...................................

...THE NORFOLK, NEBRASKA CLIMATE SUMMARY FOR AUGUST 19 2017...

CLIMATE NORMAL PERIOD 1981 TO 2010
CLIMATE RECORD PERIOD 1888 TO 2017


WEATHER ITEM   OBSERVED TIME   RECORD YEAR NORMAL DEPARTURE LAST
                VALUE   (LST)  VALUE       VALUE  FROM      YEAR
                                                  NORMAL
..................................................................
TEMPERATURE (F)
 YESTERDAY
  MAXIMUM         83    340 PM 100    1938  84     -1       79
  MINIMUM         52    601 AM  41    2004  61     -9       60
  AVERAGE         68                        73     -5       70

PRECIPITATION (IN)
  YESTERDAY        T             1.35 1904   0.09  -0.09     0.01
  MONTH TO DATE    4.43                      2.12   2.31     1.15
  SINCE JUN 1      9.00                      9.70  -0.70     7.24
  SINCE JAN 1     20.61                     19.40   1.21    23.69

SNOWFALL (IN)
  YESTERDAY        0.0                       0.0    0.0      0.0
  MONTH TO DATE    0.0                       0.0    0.0      0.0
  SINCE JUL 1      0.0                       0.0    0.0      0.0
  SNOW DEPTH       0

DEGREE DAYS
 HEATING
  YESTERDAY        0                         0      0        0
  MONTH TO DATE   10                         0     10        0
  SINCE JUN 1     22                        34    -12       10
  SINCE JUL 1     10                         4      6        7

 COOLING
  YESTERDAY        3                         8     -5        5
  MONTH TO DATE   67                       172   -105      172
  SINCE JUN 1    681                       672      9      743
  SINCE JAN 1    709                       733    -24      781
..................................................................


WIND (MPH)
  HIGHEST WIND SPEED    32   HIGHEST WIND DIRECTION    SW (240)
  HIGHEST GUST SPEED    42   HIGHEST GUST DIRECTION    SW (240)
  AVERAGE WIND SPEED     9.9


SKY COVER
  POSSIBLE SUNSHINE  MM
  AVERAGE SKY COVER 0.0


WEATHER CONDITIONS
 THE FOLLOWING WEATHER WAS RECORDED YESTERDAY.
  THUNDERSTORM
  LIGHT RAIN


RELATIVE HUMIDITY (PERCENT)
 HIGHEST   100           300 AM
 LOWEST     51           200 PM
 AVERAGE    76

..........................................................


THE NORFOLK, NEBRASKA CLIMATE NORMALS FOR TODAY
                         NORMAL    RECORD    YEAR
 MAXIMUM TEMPERATURE (F)   84       102      1947
 MINIMUM TEMPERATURE (F)   61        40      1950


SUNRISE AND SUNSET
AUGUST 20 2017........SUNRISE   643 AM CDT   SUNSET   822 PM CDT
AUGUST 21 2017........SUNRISE   644 AM CDT   SUNSET   821 PM CDT


-  INDICATES NEGATIVE NUMBERS.
R  INDICATES RECORD WAS SET OR TIED.
MM INDICATES DATA IS MISSING.
T  INDICATES TRACE AMOUNT.




$$
