000
CDUS43 KOAX 020624
CLIOFK


CLIMATE REPORT
NATIONAL WEATHER SERVICE OMAHA NEBRASKA
120 AM CDT WED SEP 2 2015


...................................

...THE NORFOLK, NEBRASKA CLIMATE SUMMARY FOR SEPTEMBER 1 2015...

CLIMATE NORMAL PERIOD 1981 TO 2010
CLIMATE RECORD PERIOD 1888 TO 2015


WEATHER ITEM   OBSERVED TIME   RECORD YEAR NORMAL DEPARTURE LAST
                VALUE   (LST)  VALUE       VALUE  FROM      YEAR
                                                  NORMAL
..................................................................
TEMPERATURE (F)
 YESTERDAY
  MAXIMUM         89    350 PM 101    1911  82      7       80
  MINIMUM         67    653 AM  42    1956  58      9       59
                                      1949
  AVERAGE         78                        70      8       70

PRECIPITATION (IN)
  YESTERDAY        0.00          1.36 1936   0.10  -0.10     0.37
  MONTH TO DATE    0.00                      0.10  -0.10     0.37
  SINCE SEP 1      0.00                      0.10  -0.10     0.37
  SINCE JAN 1     19.39                     20.63  -1.24    25.59

SNOWFALL (IN)
  YESTERDAY        0.0                       0.0    0.0      0.0
  MONTH TO DATE    0.0                       0.0    0.0      0.0
  SINCE JUL 1      0.0                       0.0    0.0      0.0
  SNOW DEPTH       0

DEGREE DAYS
 HEATING
  YESTERDAY        0                         1     -1        0
  MONTH TO DATE    0                         1     -1        0
  SINCE SEP 1      0                         1     -1        0
  SINCE JUL 1     24                        17      7       12

 COOLING
  YESTERDAY       13                         6      7        5
  MONTH TO DATE   13                         6      7        5
  SINCE SEP 1     13                         6      7        5
  SINCE JAN 1    739                       822    -83      732
..................................................................


WIND (MPH)
  HIGHEST WIND SPEED    21   HIGHEST WIND DIRECTION     S (170)
  HIGHEST GUST SPEED    25   HIGHEST GUST DIRECTION     S (160)
  AVERAGE WIND SPEED     8.9


SKY COVER
  POSSIBLE SUNSHINE  MM
  AVERAGE SKY COVER 0.0


WEATHER CONDITIONS
 THE FOLLOWING WEATHER WAS RECORDED YESTERDAY.
  FOG


RELATIVE HUMIDITY (PERCENT)
 HIGHEST    93           100 AM
 LOWEST     55           300 PM
 AVERAGE    74

..........................................................


THE NORFOLK, NEBRASKA CLIMATE NORMALS FOR TODAY
                         NORMAL    RECORD    YEAR
 MAXIMUM TEMPERATURE (F)   81       101      1956
 MINIMUM TEMPERATURE (F)   57        40      1974


SUNRISE AND SUNSET
SEPTEMBER  2 2015.....SUNRISE   656 AM CDT   SUNSET   802 PM CDT
SEPTEMBER  3 2015.....SUNRISE   657 AM CDT   SUNSET   800 PM CDT


-  INDICATES NEGATIVE NUMBERS.
R  INDICATES RECORD WAS SET OR TIED.
MM INDICATES DATA IS MISSING.
T  INDICATES TRACE AMOUNT.


$$

BCM
