000
CDUS42 KCAE 200613
CLIOGB


CLIMATE REPORT
NATIONAL WEATHER SERVICE COLUMBIA SC
113 AM EST MON FEB 20 2017


...................................

...THE ORANGEBURG AIRPORT SC CLIMATE SUMMARY FOR FEBRUARY 19 2017...

CLIMATE NORMAL PERIOD 1981 TO 2010
CLIMATE RECORD PERIOD 9999 TO 9999


WEATHER ITEM   OBSERVED TIME   NORMAL DEPARTURE LAST
                VALUE   (LST)  VALUE  FROM      YEAR
                                      NORMAL
......................................................
TEMPERATURE (F)
 YESTERDAY
  MAXIMUM         73    424 PM  62     11       62
  MINIMUM         50   1140 PM  39     11       33
  AVERAGE         62            50     12       48

PRECIPITATION (IN)
  YESTERDAY        T             0.16  -0.16     0.00
  MONTH TO DATE    1.41          2.25  -0.84     4.24
  SINCE DEC 1     11.05          9.55   1.50    11.12
  SINCE JAN 1      6.65          6.23   0.42     6.33

DEGREE DAYS
 HEATING
  YESTERDAY        3            15    -12       17
  MONTH TO DATE  188           312   -124      332
  SINCE DEC 1    970          1440   -470     1087
  SINCE JUL 1   1275          1809   -534     1308

 COOLING
  YESTERDAY        0             0      0        0
  MONTH TO DATE    3             0      3        5
  SINCE DEC 1     14             5      9       74
  SINCE JAN 1     10             1      9        5
......................................................


WIND (MPH)
  HIGHEST WIND SPEED    16   HIGHEST WIND DIRECTION    NW (300)
  HIGHEST GUST SPEED    21   HIGHEST GUST DIRECTION    NW (310)
  AVERAGE WIND SPEED     4.9


SKY COVER
  AVERAGE SKY COVER 0.1


WEATHER CONDITIONS
 THE FOLLOWING WEATHER WAS RECORDED YESTERDAY.
  LIGHT RAIN
  FOG


RELATIVE HUMIDITY (PERCENT)
 HIGHEST    93           600 AM
 LOWEST     38           300 PM

..........................................................


THE ORANGEBURG AIRPORT SC CLIMATE NORMALS FOR TODAY
                         NORMAL    RECORD    YEAR
 MAXIMUM TEMPERATURE (F)   62        MM        MM
 MINIMUM TEMPERATURE (F)   39        MM        MM


SUNRISE AND SUNSET
FEBRUARY 20 2017......SUNRISE   702 AM EST   SUNSET   613 PM EST
FEBRUARY 21 2017......SUNRISE   701 AM EST   SUNSET   614 PM EST


-  INDICATES NEGATIVE NUMBERS.
R  INDICATES RECORD WAS SET OR TIED.
MM INDICATES DATA IS MISSING.
T  INDICATES TRACE AMOUNT.




$$
