000
CDUS42 KCAE 202211
CLIOGB


CLIMATE REPORT
NATIONAL WEATHER SERVICE COLUMBIA SC
510 PM EST SAT DEC 20 2014


...................................

...THE ORANGEBURG AIRPORT SC CLIMATE SUMMARY FOR DECEMBER 20 2014...
VALID TODAY AS OF 0500 PM LOCAL TIME.

CLIMATE NORMAL PERIOD 1981 TO 2010
CLIMATE RECORD PERIOD 9999 TO 9999


WEATHER ITEM   OBSERVED TIME   NORMAL DEPARTURE LAST
                VALUE   (LST)  VALUE  FROM      YEAR
                                      NORMAL
......................................................
TEMPERATURE (F)
 TODAY
  MAXIMUM         50    234 PM  57     -7       72
  MINIMUM         46    703 AM  36     10       44
  AVERAGE         48            47      1       58

PRECIPITATION (IN)
  TODAY            0.16          0.11   0.05     0.00
  MONTH TO DATE    0.28          2.25  -1.97     2.47
  SINCE DEC 1      0.28          2.25  -1.97     2.47
  SINCE JAN 1     44.09         45.66  -1.57    53.63

DEGREE DAYS
 HEATING
  TODAY           17            18     -1        7
  MONTH TO DATE  277           325    -48      248
  SINCE DEC 1    277           325    -48      248
  SINCE JUL 1    749           694     55      644

 COOLING
  TODAY            0             0      0        0
  MONTH TO DATE    0             0      0        7
  SINCE DEC 1      0             0      0        7
  SINCE JAN 1   2250          2102    148     2049
......................................................


WIND (MPH)
  HIGHEST WIND SPEED    10   HIGHEST WIND DIRECTION    NE (30)
  HIGHEST GUST SPEED    14   HIGHEST GUST DIRECTION    NE (50)
  AVERAGE WIND SPEED     3.8


SKY COVER
  AVERAGE SKY COVER 1.0


WEATHER CONDITIONS
 THE FOLLOWING WEATHER WAS RECORDED TODAY.
  LIGHT RAIN
  FOG


RELATIVE HUMIDITY (PERCENT)
 HIGHEST    93           800 AM
 LOWEST     74          1200 AM

..........................................................


THE ORANGEBURG AIRPORT SC CLIMATE NORMALS FOR TOMORROW
                         NORMAL
 MAXIMUM TEMPERATURE (F)   57
 MINIMUM TEMPERATURE (F)   36


SUNRISE AND SUNSET
DECEMBER 20 2014......SUNRISE   723 AM EST   SUNSET   519 PM EST
DECEMBER 21 2014......SUNRISE   723 AM EST   SUNSET   520 PM EST


-  INDICATES NEGATIVE NUMBERS.
R  INDICATES RECORD WAS SET OR TIED.
MM INDICATES DATA IS MISSING.
T  INDICATES TRACE AMOUNT.




$$
