000
CDUS42 KCAE 200527
CLIOGB


CLIMATE REPORT
NATIONAL WEATHER SERVICE COLUMBIA SC
127 AM EDT FRI OCT 20 2017


...................................

...THE ORANGEBURG AIRPORT SC CLIMATE SUMMARY FOR OCTOBER 19 2017...

CLIMATE NORMAL PERIOD 1981 TO 2010
CLIMATE RECORD PERIOD 9999 TO 9999


WEATHER ITEM   OBSERVED TIME   NORMAL DEPARTURE LAST
                VALUE   (LST)  VALUE  FROM      YEAR
                                      NORMAL
......................................................
TEMPERATURE (F)
 YESTERDAY
  MAXIMUM         78    430 PM  76      2       86
  MINIMUM         45    602 AM  52     -7       61
  AVERAGE         62            64     -2       74

PRECIPITATION (IN)
  YESTERDAY        0.00          0.12  -0.12     0.00
  MONTH TO DATE    0.83          2.44  -1.61     6.94
  SINCE SEP 1      4.96          6.23  -1.27    16.52
  SINCE JAN 1     33.15         39.54  -6.39    41.04

DEGREE DAYS
 HEATING
  YESTERDAY        3             3      0        0
  MONTH TO DATE   15            32    -17        7
  SINCE SEP 1     15            36    -21        7
  SINCE JUL 1     15            36    -21        7

 COOLING
  YESTERDAY        0             2     -2        9
  MONTH TO DATE  159            73     86       83
  SINCE SEP 1    494           374    120      463
  SINCE JAN 1   2381          2067    314     2507
......................................................


WIND (MPH)
  HIGHEST WIND SPEED    13   HIGHEST WIND DIRECTION     N (20)
  HIGHEST GUST SPEED    15   HIGHEST GUST DIRECTION    NE (40)
  AVERAGE WIND SPEED     2.7


SKY COVER
  AVERAGE SKY COVER 0.0


WEATHER CONDITIONS
 THE FOLLOWING WEATHER WAS RECORDED YESTERDAY.
  FOG


RELATIVE HUMIDITY (PERCENT)
 HIGHEST    93           100 AM
 LOWEST     35           400 PM

..........................................................


THE ORANGEBURG AIRPORT SC CLIMATE NORMALS FOR TODAY
                         NORMAL    RECORD    YEAR
 MAXIMUM TEMPERATURE (F)   75        MM        MM
 MINIMUM TEMPERATURE (F)   52        MM        MM


SUNRISE AND SUNSET
OCTOBER 20 2017.......SUNRISE   732 AM EDT   SUNSET   644 PM EDT
OCTOBER 21 2017.......SUNRISE   733 AM EDT   SUNSET   642 PM EDT


-  INDICATES NEGATIVE NUMBERS.
R  INDICATES RECORD WAS SET OR TIED.
MM INDICATES DATA IS MISSING.
T  INDICATES TRACE AMOUNT.




$$
