000
CDUS42 KCAE 300534
CLIOGB


CLIMATE REPORT
NATIONAL WEATHER SERVICE COLUMBIA SC
132 AM EDT SUN APR 30 2017


...................................

...THE ORANGEBURG AIRPORT SC CLIMATE SUMMARY FOR APRIL 29 2017...

CLIMATE NORMAL PERIOD 1981 TO 2010
CLIMATE RECORD PERIOD 9999 TO 9999


WEATHER ITEM   OBSERVED TIME   NORMAL DEPARTURE LAST
                VALUE   (LST)  VALUE  FROM      YEAR
                                      NORMAL
......................................................
TEMPERATURE (F)
 YESTERDAY
  MAXIMUM         87    326 PM  80      7       91
  MINIMUM         71   1148 PM  54     17       65
  AVERAGE         79            67     12       78

PRECIPITATION (IN)
  YESTERDAY        0.00          0.07  -0.07     0.00
  MONTH TO DATE    5.50          2.79   2.71     2.58
  SINCE MAR 1      7.26          6.77   0.49     4.93
  SINCE JAN 1     13.91         14.34  -0.43    12.10

DEGREE DAYS
 HEATING
  YESTERDAY        0             2     -2        0
  MONTH TO DATE   37           108    -71       79
  SINCE MAR 1    309           385    -76      220
  SINCE JUL 1   1618          2317   -699     1621

 COOLING
  YESTERDAY       14             3     11       13
  MONTH TO DATE  125            60     65       81
  SINCE MAR 1    171            77     94      149
  SINCE JAN 1    197            80    117      155
......................................................


WIND (MPH)
  HIGHEST WIND SPEED    16   HIGHEST WIND DIRECTION     S (190)
  HIGHEST GUST SPEED    20   HIGHEST GUST DIRECTION     S (180)
  AVERAGE WIND SPEED     8.0


SKY COVER
  AVERAGE SKY COVER 0.4


WEATHER CONDITIONS
 THE FOLLOWING WEATHER WAS RECORDED YESTERDAY.
  FOG


RELATIVE HUMIDITY (PERCENT)
 HIGHEST   100           300 AM
 LOWEST     51           300 PM

..........................................................


THE ORANGEBURG AIRPORT SC CLIMATE NORMALS FOR TODAY
                         NORMAL    RECORD    YEAR
 MAXIMUM TEMPERATURE (F)   80        MM        MM
 MINIMUM TEMPERATURE (F)   54        MM        MM


SUNRISE AND SUNSET
APRIL 30 2017.........SUNRISE   636 AM EDT   SUNSET   806 PM EDT
MAY  1 2017...........SUNRISE   635 AM EDT   SUNSET   806 PM EDT


-  INDICATES NEGATIVE NUMBERS.
R  INDICATES RECORD WAS SET OR TIED.
MM INDICATES DATA IS MISSING.
T  INDICATES TRACE AMOUNT.




$$
