000
CDHW42 PHFO 110236
CLIOGG


CLIMATE REPORT
NATIONAL WEATHER SERVICE HONOLULU HI
426 PM HST SAT DEC 10 2016


...................................

...THE KAHULUI HI CLIMATE SUMMARY FOR DECEMBER 10 2016...
VALID TODAY AS OF 0400 PM LOCAL TIME.

CLIMATE NORMAL PERIOD 1981 TO 2010
CLIMATE RECORD PERIOD 1946 TO 2016


WEATHER ITEM   OBSERVED TIME   RECORD YEAR NORMAL DEPARTURE LAST
                VALUE   (LST)  VALUE       VALUE  FROM      YEAR
                                                  NORMAL
..................................................................
TEMPERATURE (F)
 TODAY
  MAXIMUM         73   1226 PM  87    1995  82     -9       83
                                      1980
                                      1949
  MINIMUM         69   1052 AM  56    1972  66      3       72
  AVERAGE         71                        74     -3       78

PRECIPITATION (IN)
  TODAY            1.07          1.52 2010   0.10   0.97      T
  MONTH TO DATE    1.64                      1.01   0.63     0.06
  SINCE DEC 1      1.64                      1.01   0.63     0.06
  SINCE JAN 1     13.90                     15.49  -1.59    26.76

SNOWFALL (IN)
  TODAY            0.0
  MONTH TO DATE    0.0
  SINCE DEC 1      0.0
  SINCE JUL 1      0.0
  SNOW DEPTH       0

DEGREE DAYS
 HEATING
  TODAY            0                         0      0        0
  MONTH TO DATE    0                         0      0        0
  SINCE DEC 1      0                         0      0        0
  SINCE JUL 1      0                         0      0        0

 COOLING
  TODAY            6                         9     -3       13
  MONTH TO DATE  102                        92     10      105
  SINCE DEC 1    102                        92     10      105
  SINCE JAN 1   4310                      3799    511     4106
..................................................................


WIND (MPH)
  HIGHEST WIND SPEED    12   HIGHEST WIND DIRECTION     S (170)
  HIGHEST GUST SPEED    14   HIGHEST GUST DIRECTION     S (170)
  AVERAGE WIND SPEED     2.0


SKY COVER
  POSSIBLE SUNSHINE  MM
  AVERAGE SKY COVER 0.8


WEATHER CONDITIONS
 THE FOLLOWING WEATHER WAS RECORDED TODAY.
  RAIN
  LIGHT RAIN
  FOG


RELATIVE HUMIDITY (PERCENT)
 HIGHEST    97           800 AM
 LOWEST     73          1200 AM
 AVERAGE    85

..........................................................


THE KAHULUI HI CLIMATE NORMALS FOR TOMORROW
                         NORMAL    RECORD    YEAR
 MAXIMUM TEMPERATURE (F)   82        88      1991
 MINIMUM TEMPERATURE (F)   66        56      2004


SUNRISE AND SUNSET
DECEMBER 10 2016......SUNRISE   652 AM HST   SUNSET   546 PM HST
DECEMBER 11 2016......SUNRISE   653 AM HST   SUNSET   546 PM HST


-  INDICATES NEGATIVE NUMBERS.
R  INDICATES RECORD WAS SET OR TIED.
MM INDICATES DATA IS MISSING.
T  INDICATES TRACE AMOUNT.




$$
