000
CDHW42 PHFO 141245
CLIOGG


CLIMATE REPORT
NATIONAL WEATHER SERVICE HONOLULU HI
245 AM HST SUN FEB 14 2016


...................................

...THE KAHULUI HI CLIMATE SUMMARY FOR FEBRUARY 13 2016...

CLIMATE NORMAL PERIOD 1981 TO 2010
CLIMATE RECORD PERIOD 1946 TO 2016


WEATHER ITEM   OBSERVED TIME   RECORD YEAR NORMAL DEPARTURE LAST
                VALUE   (LST)  VALUE       VALUE  FROM      YEAR
                                                  NORMAL
..................................................................
TEMPERATURE (F)
 YESTERDAY
  MAXIMUM         90R   136 PM  88    1994  81      9       83
  MINIMUM         62    636 AM  56    2008  63     -1       68
                                      1970
  AVERAGE         76                        72      4       76

PRECIPITATION (IN)
  YESTERDAY        0.00          3.58 1959   0.07  -0.07     0.01
  MONTH TO DATE    0.27                      0.92  -0.65     0.51
  SINCE DEC 1      1.55                      7.14  -5.59     5.87
  SINCE JAN 1      0.82                      3.79  -2.97     1.63

SNOWFALL (IN)
  YESTERDAY        0.0
  MONTH TO DATE    0.0
  SINCE DEC 1      0.0
  SINCE JUL 1      0.0
  SNOW DEPTH       0

DEGREE DAYS
 HEATING
  YESTERDAY        0                         0      0        0
  MONTH TO DATE    0                         0      0        0
  SINCE DEC 1      0                         0      0        0
  SINCE JUL 1      0                         0      0        0

 COOLING
  YESTERDAY       11                         7      4       11
  MONTH TO DATE   95                        91      4       96
  SINCE DEC 1    643                       567     76      537
  SINCE JAN 1    328                       308     20      277
..................................................................


WIND (MPH)
  HIGHEST WIND SPEED    21   HIGHEST WIND DIRECTION    NE (60)
  HIGHEST GUST SPEED    28   HIGHEST GUST DIRECTION    NE (60)
  AVERAGE WIND SPEED     6.0


SKY COVER
  POSSIBLE SUNSHINE  MM
  AVERAGE SKY COVER 0.2


WEATHER CONDITIONS
 THE FOLLOWING WEATHER WAS RECORDED YESTERDAY.
  NO SIGNIFICANT WEATHER WAS OBSERVED.


RELATIVE HUMIDITY (PERCENT)
 HIGHEST    93           600 AM
 LOWEST     43           100 PM
 AVERAGE    68

..........................................................


THE KAHULUI HI CLIMATE NORMALS FOR TODAY
                         NORMAL    RECORD    YEAR
 MAXIMUM TEMPERATURE (F)   81        86      2012
                                             1998
                                             1985
 MINIMUM TEMPERATURE (F)   63        55      1986
                                             1973


SUNRISE AND SUNSET
FEBRUARY 14 2016......SUNRISE   657 AM HST   SUNSET   624 PM HST
FEBRUARY 15 2016......SUNRISE   656 AM HST   SUNSET   624 PM HST


-  INDICATES NEGATIVE NUMBERS.
R  INDICATES RECORD WAS SET OR TIED.
MM INDICATES DATA IS MISSING.
T  INDICATES TRACE AMOUNT.




$$
