000
CDHW42 PHFO 200245
CLIOGG


CLIMATE REPORT
NATIONAL WEATHER SERVICE HONOLULU HI
444 PM HST THU OCT 19 2017


...................................

...THE KAHULUI HI CLIMATE SUMMARY FOR OCTOBER 19 2017...
VALID TODAY AS OF 0400 PM LOCAL TIME.

CLIMATE NORMAL PERIOD 1981 TO 2010
CLIMATE RECORD PERIOD 1946 TO 2017


WEATHER ITEM   OBSERVED TIME   RECORD YEAR NORMAL DEPARTURE LAST
                VALUE   (LST)  VALUE       VALUE  FROM      YEAR
                                                  NORMAL
..................................................................
TEMPERATURE (F)
 TODAY
  MAXIMUM         87    238 PM  94    1984  87      0       88
  MINIMUM         73    618 AM  60    1957  69      4       68
  AVERAGE         80                        78      2       78

PRECIPITATION (IN)
  TODAY            0.01          0.37 1983   0.05  -0.04      T
  MONTH TO DATE    0.35                      0.62  -0.27     0.17
  SINCE SEP 1      0.41                      1.00  -0.59     1.41
  SINCE JAN 1     15.51                     11.70   3.81    11.22

SNOWFALL (IN)
  TODAY            0.0
  MONTH TO DATE    0.0
  SINCE SEP 1      0.0
  SINCE JUL 1      0.0
  SNOW DEPTH      MM

DEGREE DAYS
 HEATING
  TODAY            0                         0      0        0
  MONTH TO DATE    0                         0      0        0
  SINCE SEP 1      0                         0      0        0
  SINCE JUL 1      0                         0      0        0

 COOLING
  TODAY           15                        13      2       13
  MONTH TO DATE  249                       256     -7      291
  SINCE SEP 1    713                       682     31      779
  SINCE JAN 1   3477                      3224    253     3680
..................................................................


WIND (MPH)
  HIGHEST WIND SPEED    26   HIGHEST WIND DIRECTION    NE (50)
  HIGHEST GUST SPEED    39   HIGHEST GUST DIRECTION    NE (50)
  AVERAGE WIND SPEED    MM


SKY COVER
  POSSIBLE SUNSHINE  MM
  AVERAGE SKY COVER  MM


WEATHER CONDITIONS
 THE FOLLOWING WEATHER WAS RECORDED TODAY.
  FOG


RELATIVE HUMIDITY (PERCENT)
 HIGHEST    MM
 LOWEST     MM
 AVERAGE    MM

..........................................................


THE KAHULUI HI CLIMATE NORMALS FOR TOMORROW
                         NORMAL    RECORD    YEAR
 MAXIMUM TEMPERATURE (F)   87        93      1996
                                             1984
 MINIMUM TEMPERATURE (F)   69        61      2011
                                             1950


SUNRISE AND SUNSET
OCTOBER 19 2017.......SUNRISE   623 AM HST   SUNSET   558 PM HST
OCTOBER 20 2017.......SUNRISE   623 AM HST   SUNSET   557 PM HST


-  INDICATES NEGATIVE NUMBERS.
R  INDICATES RECORD WAS SET OR TIED.
MM INDICATES DATA IS MISSING.
T  INDICATES TRACE AMOUNT.




$$
