000
CDHW42 PHFO 061245
CLIOGG


CLIMATE REPORT
NATIONAL WEATHER SERVICE HONOLULU HI
245 AM HST FRI MAR 6 2015


...................................

...THE KAHULUI HI CLIMATE SUMMARY FOR MARCH 5 2015...

CLIMATE NORMAL PERIOD 1981 TO 2010
CLIMATE RECORD PERIOD 1946 TO 2015


WEATHER ITEM   OBSERVED TIME   RECORD YEAR NORMAL DEPARTURE LAST
                VALUE   (LST)  VALUE       VALUE  FROM      YEAR
                                                  NORMAL
..................................................................
TEMPERATURE (F)
 YESTERDAY
  MAXIMUM         MM        MM  89    1994  81     MM       82
  MINIMUM         MM        MM  53    1950  64     MM       58
  AVERAGE         MM                        72     MM       70

PRECIPITATION (IN)
  YESTERDAY        0.00          1.57 1953   0.07  -0.07     0.00
  MONTH TO DATE    4.61                      0.35   4.26     0.94
  SINCE MAR 1      4.61                      0.35   4.26     0.94
  SINCE JAN 1      8.92                      5.11   3.81     7.59

SNOWFALL (IN)
  YESTERDAY        0.0
  MONTH TO DATE    0.0
  SINCE MAR 1      0.0
  SINCE JUL 1      0.0
  SNOW DEPTH       0

DEGREE DAYS
 HEATING
  YESTERDAY       MM                         0     MM        0
  MONTH TO DATE    0                         0      0        0
  SINCE MAR 1      0                         0      0        0
  SINCE JUL 1      0                         0      0        0

 COOLING
  YESTERDAY       MM                         7     MM        5
  MONTH TO DATE   42                        35      7       34
  SINCE MAR 1     42                        35      7       34
  SINCE JAN 1    446                       444      2      545
..................................................................


WIND (MPH)
  HIGHEST WIND SPEED    21   HIGHEST WIND DIRECTION    NE (30)
  HIGHEST GUST SPEED    29   HIGHEST GUST DIRECTION    NE (50)
  AVERAGE WIND SPEED    13.5


SKY COVER
  POSSIBLE SUNSHINE  MM
  AVERAGE SKY COVER 0.8


WEATHER CONDITIONS
 THE FOLLOWING WEATHER WAS RECORDED YESTERDAY.
  HEAVY RAIN
  RAIN
  LIGHT RAIN
  FOG


RELATIVE HUMIDITY (PERCENT)
 HIGHEST    93           200 AM
 LOWEST     58           100 PM
 AVERAGE    76

..........................................................


THE KAHULUI HI CLIMATE NORMALS FOR TODAY
                         NORMAL    RECORD    YEAR
 MAXIMUM TEMPERATURE (F)   81        87      1986
                                             1981
 MINIMUM TEMPERATURE (F)   64        53      1950


SUNRISE AND SUNSET
MARCH  6 2015.........SUNRISE   642 AM HST   SUNSET   632 PM HST
MARCH  7 2015.........SUNRISE   641 AM HST   SUNSET   633 PM HST


-  INDICATES NEGATIVE NUMBERS.
R  INDICATES RECORD WAS SET OR TIED.
MM INDICATES DATA IS MISSING.
T  INDICATES TRACE AMOUNT.




$$
