000
CDHW42 PHFO 200239
CLIOGG


CLIMATE REPORT
NATIONAL WEATHER SERVICE HONOLULU HI
429 PM HST SAT APR 19 2014


...................................

...THE KAHULUI HI CLIMATE SUMMARY FOR APRIL 19 2014...
VALID TODAY AS OF 0400 PM LOCAL TIME.

CLIMATE NORMAL PERIOD 1981 TO 2010
CLIMATE RECORD PERIOD 1946 TO 2014


WEATHER ITEM   OBSERVED TIME   RECORD YEAR NORMAL DEPARTURE LAST
                VALUE   (LST)  VALUE       VALUE  FROM      YEAR
                                                  NORMAL
..................................................................
TEMPERATURE (F)
 TODAY
  MAXIMUM         83   1237 PM  90    1953  83      0       85
  MINIMUM         71    534 AM  55    1952  66      5       61
  AVERAGE         77                        74      3       73

PRECIPITATION (IN)
  TODAY            T             1.09 1950   0.05  -0.05      T
  MONTH TO DATE    1.72                      1.13   0.59     0.01
  SINCE MAR 1      5.47                      3.58   1.89     1.19
  SINCE JAN 1     12.12                      8.34   3.78     6.14

SNOWFALL (IN)
  TODAY            0.0
  MONTH TO DATE    0.0
  SINCE MAR 1      0.0
  SINCE JUL 1      0.0
  SNOW DEPTH       0

DEGREE DAYS
 HEATING
  TODAY            0                         0      0        0
  MONTH TO DATE    0                         0      0        0
  SINCE MAR 1      0                         0      0        0
  SINCE JUL 1      0                         0      0        0

 COOLING
  TODAY           12                         9      3        8
  MONTH TO DATE  192                       171     21      184
  SINCE MAR 1    485                       416     69      417
  SINCE JAN 1    996                       825    171      850
..................................................................


WIND (MPH)
  HIGHEST WIND SPEED    26   HIGHEST WIND DIRECTION    NE (50)
  HIGHEST GUST SPEED    33   HIGHEST GUST DIRECTION    NE (60)
  AVERAGE WIND SPEED    15.8


SKY COVER
  POSSIBLE SUNSHINE  MM
  AVERAGE SKY COVER 0.3


WEATHER CONDITIONS
 THE FOLLOWING WEATHER WAS RECORDED TODAY.
  LIGHT RAIN


RELATIVE HUMIDITY (PERCENT)
 HIGHEST    87           900 AM
 LOWEST     51           200 PM
 AVERAGE    69

..........................................................


THE KAHULUI HI CLIMATE NORMALS FOR TOMORROW
                         NORMAL    RECORD    YEAR
 MAXIMUM TEMPERATURE (F)   83        88      2002
                                             1984
                                             1951
 MINIMUM TEMPERATURE (F)   66        59      1954


SUNRISE AND SUNSET
APRIL 19 2014.........SUNRISE   604 AM HST   SUNSET   646 PM HST
APRIL 20 2014.........SUNRISE   603 AM HST   SUNSET   646 PM HST


-  INDICATES NEGATIVE NUMBERS.
R  INDICATES RECORD WAS SET OR TIED.
MM INDICATES DATA IS MISSING.
T  INDICATES TRACE AMOUNT.




$$
