000
CDHW42 PHFO 221245
CLIOGG


CLIMATE REPORT
NATIONAL WEATHER SERVICE HONOLULU HI
245 AM HST THU FEB 22 2018


...................................

...THE KAHULUI HI CLIMATE SUMMARY FOR FEBRUARY 21 2018...

CLIMATE NORMAL PERIOD 1981 TO 2010
CLIMATE RECORD PERIOD 1946 TO 2018


WEATHER ITEM   OBSERVED TIME   RECORD YEAR NORMAL DEPARTURE LAST
                VALUE   (LST)  VALUE       VALUE  FROM      YEAR
                                                  NORMAL
..................................................................
TEMPERATURE (F)
 YESTERDAY
  MAXIMUM         84    204 PM  86    1974  81      3       80
                                      1954
  MINIMUM         63    430 AM  53    2009  63      0       69
  AVERAGE         74                        72      2       75

PRECIPITATION (IN)
  YESTERDAY        0.00          2.33 1968   0.07  -0.07      T
  MONTH TO DATE    5.40                      1.43   3.97     1.83
  SINCE DEC 1     13.59                      7.65   5.94     8.97
  SINCE JAN 1      5.67                      4.30   1.37     2.38

SNOWFALL (IN)
  YESTERDAY        0.0
  MONTH TO DATE    0.0
  SINCE DEC 1      0.0
  SINCE JUL 1      0.0
  SNOW DEPTH      MM

DEGREE DAYS
 HEATING
  YESTERDAY        0                         0      0        0
  MONTH TO DATE    0                         0      0        0
  SINCE DEC 1      0                         0      0        0
  SINCE JUL 1      0                         0      0        0

 COOLING
  YESTERDAY        9                         7      2       10
  MONTH TO DATE  162                       147     15      191
  SINCE DEC 1    603                       623    -20      713
  SINCE JAN 1    380                       364     16      418
..................................................................


WIND (MPH)
  HIGHEST WIND SPEED    18   HIGHEST WIND DIRECTION    NE (40)
  HIGHEST GUST SPEED    24   HIGHEST GUST DIRECTION    NE (40)
  AVERAGE WIND SPEED     5.1


SKY COVER
  POSSIBLE SUNSHINE  MM
  AVERAGE SKY COVER  MM


WEATHER CONDITIONS
 THE FOLLOWING WEATHER WAS RECORDED YESTERDAY.
  FOG


RELATIVE HUMIDITY (PERCENT)
 HIGHEST    MM
 LOWEST     MM
 AVERAGE    MM

..........................................................


THE KAHULUI HI CLIMATE NORMALS FOR TODAY
                         NORMAL    RECORD    YEAR
 MAXIMUM TEMPERATURE (F)   81        86      1977
                                             1974
                                             1952
 MINIMUM TEMPERATURE (F)   63        50      2009


SUNRISE AND SUNSET
FEBRUARY 22 2018......SUNRISE   651 AM HST   SUNSET   628 PM HST
FEBRUARY 23 2018......SUNRISE   650 AM HST   SUNSET   628 PM HST


-  INDICATES NEGATIVE NUMBERS.
R  INDICATES RECORD WAS SET OR TIED.
MM INDICATES DATA IS MISSING.
T  INDICATES TRACE AMOUNT.




$$
