000
CDHW42 PHFO 111245
CLIOGG


CLIMATE REPORT
NATIONAL WEATHER SERVICE HONOLULU HI
245 AM HST MON DEC 11 2017


...................................

...THE KAHULUI HI CLIMATE SUMMARY FOR DECEMBER 10 2017...

CLIMATE NORMAL PERIOD 1981 TO 2010
CLIMATE RECORD PERIOD 1946 TO 2017


WEATHER ITEM   OBSERVED TIME   RECORD YEAR NORMAL DEPARTURE LAST
                VALUE   (LST)  VALUE       VALUE  FROM      YEAR
                                                  NORMAL
..................................................................
TEMPERATURE (F)
 YESTERDAY
  MAXIMUM         80    348 PM  87    1995  82     -2       73
                                      1980
                                      1949
  MINIMUM         65   1154 PM  56    1972  66     -1       69
  AVERAGE         73                        74     -1       71

PRECIPITATION (IN)
  YESTERDAY        0.09          1.67 2016   0.10  -0.01     1.67
  MONTH TO DATE    0.30                      1.01  -0.71     2.24
  SINCE DEC 1      0.30                      1.01  -0.71     2.24
  SINCE JAN 1     18.33                     15.49   2.84    14.50

SNOWFALL (IN)
  YESTERDAY        0.0
  MONTH TO DATE    0.0
  SINCE DEC 1      0.0
  SINCE JUL 1      0.0
  SNOW DEPTH      MM

DEGREE DAYS
 HEATING
  YESTERDAY        0                         0      0        0
  MONTH TO DATE    0                         0      0        0
  SINCE DEC 1      0                         0      0        0
  SINCE JUL 1      0                         0      0        0

 COOLING
  YESTERDAY        8                         9     -1        6
  MONTH TO DATE   72                        92    -20      102
  SINCE DEC 1     72                        92    -20      102
  SINCE JAN 1   4018                      3799    219     4310
..................................................................


WIND (MPH)
  HIGHEST WIND SPEED    24   HIGHEST WIND DIRECTION    NE (40)
  HIGHEST GUST SPEED    28   HIGHEST GUST DIRECTION    NE (40)
  AVERAGE WIND SPEED     8.1


SKY COVER
  POSSIBLE SUNSHINE  MM
  AVERAGE SKY COVER  MM


WEATHER CONDITIONS
 THE FOLLOWING WEATHER WAS RECORDED YESTERDAY.
  FOG
  HAZE


RELATIVE HUMIDITY (PERCENT)
 HIGHEST    MM
 LOWEST     MM
 AVERAGE    MM

..........................................................


THE KAHULUI HI CLIMATE NORMALS FOR TODAY
                         NORMAL    RECORD    YEAR
 MAXIMUM TEMPERATURE (F)   82        88      1991
 MINIMUM TEMPERATURE (F)   66        56      2004


SUNRISE AND SUNSET
DECEMBER 11 2017......SUNRISE   653 AM HST   SUNSET   546 PM HST
DECEMBER 12 2017......SUNRISE   653 AM HST   SUNSET   546 PM HST


-  INDICATES NEGATIVE NUMBERS.
R  INDICATES RECORD WAS SET OR TIED.
MM INDICATES DATA IS MISSING.
T  INDICATES TRACE AMOUNT.




$$
