000
CDUS43 KEAX 100033
CLIOJC


CLIMATE REPORT
NATIONAL WEATHER SERVICE KANSAS CITY/PLEASANT HILL MO
633 PM CST TUE FEB 9 2016


...................................

...THE JOHNSON COUNTY EXECUTIVE KS CLIMATE SUMMARY FOR FEBRUARY 9 2016...
VALID TODAY AS OF 0600 PM LOCAL TIME.

CLIMATE NORMAL PERIOD 1981 TO 2010
CLIMATE RECORD PERIOD 9999 TO 9999


WEATHER ITEM   OBSERVED TIME   NORMAL DEPARTURE LAST
                VALUE   (LST)  VALUE  FROM      YEAR
                                      NORMAL
......................................................
TEMPERATURE (F)
 TODAY
  MAXIMUM         30    239 PM  43    -13       44
  MINIMUM         19    909 AM  24     -5       33
  AVERAGE         25            33     -8       39

PRECIPITATION (IN)
  TODAY            0.00          0.06  -0.06     0.00
  MONTH TO DATE    0.41          0.49  -0.08     0.29
  SINCE DEC 1      4.99          3.25   1.74     3.17
  SINCE JAN 1      1.19          1.61  -0.42     1.06

DEGREE DAYS
 HEATING
  TODAY           40            32      8       26
  MONTH TO DATE  267           295    -28      282
  SINCE DEC 1   2106          2388   -282     2197
  SINCE JUL 1   2881          3343   -462     3255

 COOLING
  TODAY            0             0      0        0
  MONTH TO DATE    0             0      0        0
  SINCE DEC 1      0             0      0        0
  SINCE JAN 1      0             0      0        0
......................................................


WIND (MPH)
  HIGHEST WIND SPEED    25   HIGHEST WIND DIRECTION    NW (320)
  HIGHEST GUST SPEED    35   HIGHEST GUST DIRECTION    NW (300)
  AVERAGE WIND SPEED    16.8


SKY COVER
  AVERAGE SKY COVER 0.0


WEATHER CONDITIONS
 THE FOLLOWING WEATHER WAS RECORDED TODAY.
  NO SIGNIFICANT WEATHER WAS OBSERVED.


RELATIVE HUMIDITY (PERCENT)
 HIGHEST    63          1200 AM
 LOWEST     33           500 PM
 AVERAGE    48

..........................................................


THE JOHNSON COUNTY EXECUTIVE KS CLIMATE NORMALS FOR TOMORROW
                         NORMAL
 MAXIMUM TEMPERATURE (F)   43
 MINIMUM TEMPERATURE (F)   24


SUNRISE AND SUNSET
FEBRUARY  9 2016......SUNRISE   718 AM CST   SUNSET   549 PM CST
FEBRUARY 10 2016......SUNRISE   716 AM CST   SUNSET   550 PM CST


-  INDICATES NEGATIVE NUMBERS.
R  INDICATES RECORD WAS SET OR TIED.
MM INDICATES DATA IS MISSING.
T  INDICATES TRACE AMOUNT.




$$
