000
CDUS43 KEAX 242222
CLIOJC


CLIMATE REPORT
NATIONAL WEATHER SERVICE KANSAS CITY/PLEASANT HILL MO
422 PM CST FRI NOV 24 2017


...................................

...THE JOHNSON COUNTY EXECUTIVE KS CLIMATE SUMMARY FOR NOVEMBER 24 2017...
VALID AS OF 0400 PM LOCAL TIME.

CLIMATE NORMAL PERIOD 1981 TO 2010
CLIMATE RECORD PERIOD 9999 TO 9999


WEATHER ITEM   OBSERVED TIME   NORMAL DEPARTURE LAST
                VALUE   (LST)  VALUE  FROM      YEAR
                                      NORMAL
......................................................
TEMPERATURE (F)
 TODAY
  MAXIMUM         71    259 PM  49     22       49
  MINIMUM         46    725 AM  31     15       38
  AVERAGE         59            40     19       44

PRECIPITATION (IN)
  TODAY            0.00          0.07  -0.07     0.00
  MONTH TO DATE    0.10          2.07  -1.97     1.55
  SINCE SEP 1      6.11         10.02  -3.91     6.84
  SINCE JAN 1     44.71         37.98   6.73    36.72

DEGREE DAYS
 HEATING
  TODAY            6            25    -19       21
  MONTH TO DATE  504           470     34      297
  SINCE SEP 1    781           794    -13      456
  SINCE JUL 1    784           795    -11      456

 COOLING
  TODAY            0             0      0        0
  MONTH TO DATE    0             0      0       11
  SINCE SEP 1    229           184     45      249
  SINCE JAN 1   1236          1349   -113     1468
......................................................


WIND (MPH)
  HIGHEST WIND SPEED    21   HIGHEST WIND DIRECTION    SW (230)
  HIGHEST GUST SPEED    29   HIGHEST GUST DIRECTION    SW (220)
  AVERAGE WIND SPEED    11.6


SKY COVER
  AVERAGE SKY COVER 0.0


WEATHER CONDITIONS
 THE FOLLOWING WEATHER WAS RECORDED TODAY.
  NO SIGNIFICANT WEATHER WAS OBSERVED.


RELATIVE HUMIDITY (PERCENT)
 HIGHEST    60           200 AM
 LOWEST     31           100 PM
 AVERAGE    46

..........................................................


THE JOHNSON COUNTY EXECUTIVE KS CLIMATE NORMALS FOR TOMORROW
                         NORMAL
 MAXIMUM TEMPERATURE (F)   49
 MINIMUM TEMPERATURE (F)   30


SUNRISE AND SUNSET
NOVEMBER 24 2017......SUNRISE   712 AM CST   SUNSET   500 PM CST
NOVEMBER 25 2017......SUNRISE   713 AM CST   SUNSET   459 PM CST


-  INDICATES NEGATIVE NUMBERS.
R  INDICATES RECORD WAS SET OR TIED.
MM INDICATES DATA IS MISSING.
T  INDICATES TRACE AMOUNT.




$$
