000
CDUS43 KEAX 220635
CLIOJC


CLIMATE REPORT
NATIONAL WEATHER SERVICE KANSAS CITY/PLEASANT HILL MO
1234 AM CST MON DEC 22 2014


...................................

...THE JOHNSON COUNTY EXECUTIVE KS CLIMATE SUMMARY FOR DECEMBER 21 2014...

CLIMATE NORMAL PERIOD 1981 TO 2010
CLIMATE RECORD PERIOD 9999 TO 9999


WEATHER ITEM   OBSERVED TIME   NORMAL DEPARTURE LAST
                VALUE   (LST)  VALUE  FROM      YEAR
                                      NORMAL
......................................................
TEMPERATURE (F)
 YESTERDAY
  MAXIMUM         45    319 PM  39      6       28
  MINIMUM         34    210 AM  22     12       20
  AVERAGE         40            31      9       24

PRECIPITATION (IN)
  YESTERDAY        0.00          0.06  -0.06     0.32
  MONTH TO DATE    2.01          1.06   0.95     0.35
  SINCE DEC 1      2.01          1.06   0.95     0.35
  SINCE JAN 1     32.21         39.46  -7.25    36.54

DEGREE DAYS
 HEATING
  YESTERDAY       25            34     -9       41
  MONTH TO DATE  582           664    -82      722
  SINCE DEC 1    582           664    -82      722
  SINCE JUL 1   1640          1619     21     1782

 COOLING
  YESTERDAY        0             0      0        0
  MONTH TO DATE    0             0      0        0
  SINCE DEC 1      0             0      0        0
  SINCE JAN 1   1237          1349   -112     1360
......................................................


WIND (MPH)
  HIGHEST WIND SPEED    17   HIGHEST WIND DIRECTION     S (160)
  HIGHEST GUST SPEED    22   HIGHEST GUST DIRECTION     S (190)
  AVERAGE WIND SPEED    11.4


SKY COVER
  AVERAGE SKY COVER 0.9


WEATHER CONDITIONS
 THE FOLLOWING WEATHER WAS RECORDED YESTERDAY.
  FOG


RELATIVE HUMIDITY (PERCENT)
 HIGHEST   100           500 AM
 LOWEST     82          1100 PM
 AVERAGE    91

..........................................................


THE JOHNSON COUNTY EXECUTIVE KS CLIMATE NORMALS FOR TODAY
                         NORMAL
 MAXIMUM TEMPERATURE (F)   39
 MINIMUM TEMPERATURE (F)   22


SUNRISE AND SUNSET
DECEMBER 22 2014......SUNRISE   734 AM CST   SUNSET   501 PM CST
DECEMBER 23 2014......SUNRISE   735 AM CST   SUNSET   501 PM CST


-  INDICATES NEGATIVE NUMBERS.
R  INDICATES RECORD WAS SET OR TIED.
MM INDICATES DATA IS MISSING.
T  INDICATES TRACE AMOUNT.




$$
