472
CDUS43 KEAX 290647
CLIOJC


CLIMATE REPORT
NATIONAL WEATHER SERVICE KANSAS CITY/PLEASANT HILL MO
147 AM CDT FRI APR 29 2016


...................................

...THE JOHNSON COUNTY EXECUTIVE KS CLIMATE SUMMARY FOR APRIL 28 2016...

CLIMATE NORMAL PERIOD 1981 TO 2010
CLIMATE RECORD PERIOD 9999 TO 9999


WEATHER ITEM   OBSERVED TIME   NORMAL DEPARTURE LAST
                VALUE   (LST)  VALUE  FROM      YEAR
                                      NORMAL
......................................................
TEMPERATURE (F)
 YESTERDAY
  MAXIMUM         63    303 PM  69     -6       72
  MINIMUM         43    447 AM  49     -6       47
  AVERAGE         53            59     -6       60

PRECIPITATION (IN)
  YESTERDAY        0.00          0.19  -0.19     0.00
  MONTH TO DATE    4.09          3.60   0.49     3.17
  SINCE MAR 1      6.18          6.23  -0.05     4.03
  SINCE JAN 1      7.43          8.92  -1.49     5.62

DEGREE DAYS
 HEATING
  YESTERDAY       12             7      5        5
  MONTH TO DATE  212           302    -90      213
  SINCE MAR 1    646           926   -280      750
  SINCE JUL 1   3991          4819   -828     4785

 COOLING
  YESTERDAY        0             1     -1        0
  MONTH TO DATE    6            20    -14        7
  SINCE MAR 1      6            21    -15        9
  SINCE JAN 1      6            21    -15        9
......................................................


WIND (MPH)
  HIGHEST WIND SPEED    17   HIGHEST WIND DIRECTION     W (270)
  HIGHEST GUST SPEED    25   HIGHEST GUST DIRECTION     W (260)
  AVERAGE WIND SPEED     7.9


SKY COVER
  AVERAGE SKY COVER 0.4


WEATHER CONDITIONS
 THE FOLLOWING WEATHER WAS RECORDED YESTERDAY.
  NO SIGNIFICANT WEATHER WAS OBSERVED.


RELATIVE HUMIDITY (PERCENT)
 HIGHEST    83           600 AM
 LOWEST     60           200 PM
 AVERAGE    72

..........................................................


THE JOHNSON COUNTY EXECUTIVE KS CLIMATE NORMALS FOR TODAY
                         NORMAL
 MAXIMUM TEMPERATURE (F)   69
 MINIMUM TEMPERATURE (F)   50


SUNRISE AND SUNSET
APRIL 29 2016.........SUNRISE   623 AM CDT   SUNSET   810 PM CDT
APRIL 30 2016.........SUNRISE   622 AM CDT   SUNSET   811 PM CDT


-  INDICATES NEGATIVE NUMBERS.
R  INDICATES RECORD WAS SET OR TIED.
MM INDICATES DATA IS MISSING.
T  INDICATES TRACE AMOUNT.




$$
