000
CDUS46 KSGX 200016
CLIOKB


CLIMATE REPORT
NATIONAL WEATHER SERVICE SAN DIEGO, CA
415 PM PST FRI DEC 19 2014


...................................

...THE OCEANSIDE AIRPORT CA CLIMATE SUMMARY FOR DECEMBER 19 2014...
VALID TODAY AS OF 0400 PM LOCAL TIME.

CLIMATE NORMAL PERIOD 1981 TO 2010
CLIMATE RECORD PERIOD 1999 TO 2014


WEATHER ITEM   OBSERVED TIME   RECORD YEAR NORMAL DEPARTURE LAST
                VALUE   (LST)  VALUE       VALUE  FROM      YEAR
                                                  NORMAL
..................................................................
TEMPERATURE (F)
 TODAY
  MAXIMUM         68   1200 PM  82    2009  65      3       59
  MINIMUM         44    720 AM  31    2006  40      4       40
  AVERAGE         56                        52      4       50

PRECIPITATION (IN)
  TODAY            0.00          1.03 2010   0.07  -0.07     0.31
  MONTH TO DATE    2.80                      0.91   1.89     0.36
  SINCE JUL 1      3.65                      3.15   0.50     1.60
  SINCE JAN 1      6.25                     12.42  -6.17     3.92

SNOWFALL (IN)
  TODAY            0.0
  MONTH TO DATE    0.0
  SINCE JAN 1      0.0
  SINCE JUL 1      0.0
  SNOW DEPTH       0

DEGREE DAYS
 HEATING
  TODAY            9                        13     -4       15
  MONTH TO DATE  121                       231   -110      223
  SINCE DEC 1    121                       231   -110      223
  SINCE JUL 1    255                       581   -326      522

 COOLING
  TODAY            0                         0      0        0
  MONTH TO DATE    0                         0      0        0
  SINCE DEC 1      0                         0      0        0
  SINCE JAN 1    855                       419    436      535
..................................................................


WIND (MPH)
  RESULTANT WIND SPEED   2   RESULTANT WIND DIRECTION   N (360)
  HIGHEST WIND SPEED    16   HIGHEST WIND DIRECTION     W (290)
  HIGHEST GUST SPEED    20   HIGHEST GUST DIRECTION     W (290)
  AVERAGE WIND SPEED     4.6


SKY COVER
  POSSIBLE SUNSHINE  MM
  AVERAGE SKY COVER 0.0


WEATHER CONDITIONS
 THE FOLLOWING WEATHER WAS RECORDED TODAY.
  FOG


RELATIVE HUMIDITY (PERCENT)
 HIGHEST   100           200 AM
 LOWEST     45          1200 PM
 AVERAGE    73

..........................................................


THE OCEANSIDE AIRPORT CA CLIMATE NORMALS FOR TOMORROW
                         NORMAL    RECORD    YEAR
 MAXIMUM TEMPERATURE (F)   65        75      1999
 MINIMUM TEMPERATURE (F)   40        30      2012


SUNRISE AND SUNSET
DECEMBER 19 2014......SUNRISE   648 AM PST   SUNSET   445 PM PST
DECEMBER 20 2014......SUNRISE   648 AM PST   SUNSET   446 PM PST


-  INDICATES NEGATIVE NUMBERS.
R  INDICATES RECORD WAS SET OR TIED.
MM INDICATES DATA IS MISSING.
T  INDICATES TRACE AMOUNT.




$$
