000
CDUS46 KSGX 300017
CLIOKB


CLIMATE REPORT
NATIONAL WEATHER SERVICE SAN DIEGO, CA
517 PM PDT SUN MAR 29 2015


...................................

...THE OCEANSIDE AIRPORT CA CLIMATE SUMMARY FOR MARCH 29 2015...
VALID TODAY AS OF 0500 PM LOCAL TIME.

CLIMATE NORMAL PERIOD 1981 TO 2010
CLIMATE RECORD PERIOD 1999 TO 2015


WEATHER ITEM   OBSERVED TIME   RECORD YEAR NORMAL DEPARTURE LAST
                VALUE   (LST)  VALUE       VALUE  FROM      YEAR
                                                  NORMAL
..................................................................
TEMPERATURE (F)
 TODAY
  MAXIMUM         75    931 AM  88    2004  66      9       72
  MINIMUM         56   1214 AM  40    2007  47      9       45
  AVERAGE         66                        57      9       59

PRECIPITATION (IN)
  TODAY            0.00          0.12 2006   0.04  -0.04     0.00
  MONTH TO DATE    0.74                      2.14  -1.40     0.51
  SINCE OCT 1      5.88                     11.74  -5.86     3.86
  SINCE JAN 1      1.48                      7.86  -6.38     2.27

SNOWFALL (IN)
  TODAY            0.0
  MONTH TO DATE    0.0
  SINCE MAR 1      0.0
  SINCE JUL 1      0.0
  SNOW DEPTH       0

DEGREE DAYS
 HEATING
  TODAY            0                         8     -8        6
  MONTH TO DATE  120                       274   -154      152
  SINCE MAR 1    120                       274   -154      152
  SINCE JUL 1    994                      1682   -688     1324

 COOLING
  TODAY            1                         0      1        0
  MONTH TO DATE   32                         0     32        2
  SINCE MAR 1     32                         0     32        2
  SINCE JAN 1     32                         0     32        2
..................................................................


WIND (MPH)
  RESULTANT WIND SPEED   1   RESULTANT WIND DIRECTION   W (250)
  HIGHEST WIND SPEED    13   HIGHEST WIND DIRECTION    SW (240)
  HIGHEST GUST SPEED    17   HIGHEST GUST DIRECTION    SW (240)
  AVERAGE WIND SPEED     5.0


SKY COVER
  POSSIBLE SUNSHINE  MM
  AVERAGE SKY COVER 0.5


WEATHER CONDITIONS
 THE FOLLOWING WEATHER WAS RECORDED TODAY.
  FOG
  HAZE


RELATIVE HUMIDITY (PERCENT)
 HIGHEST    93           100 AM
 LOWEST     44           900 AM
 AVERAGE    69

..........................................................


THE OCEANSIDE AIRPORT CA CLIMATE NORMALS FOR TOMORROW
                         NORMAL    RECORD    YEAR
 MAXIMUM TEMPERATURE (F)   66        85      2003
 MINIMUM TEMPERATURE (F)   47        42      2007


SUNRISE AND SUNSET
MARCH 29 2015.........SUNRISE   641 AM PDT   SUNSET   707 PM PDT
MARCH 30 2015.........SUNRISE   640 AM PDT   SUNSET   708 PM PDT


-  INDICATES NEGATIVE NUMBERS.
R  INDICATES RECORD WAS SET OR TIED.
MM INDICATES DATA IS MISSING.
T  INDICATES TRACE AMOUNT.




$$
