914
CDUS44 KOUN 190629
CLIOKC

CLIMATE REPORT
NATIONAL WEATHER SERVICE NORMAN OK
1229 AM CST THU JAN 19 2017


...................................

...THE OKLAHOMA CITY CLIMATE SUMMARY FOR JANUARY 18 2017...

CLIMATE NORMAL PERIOD 1981 TO 2010
CLIMATE RECORD PERIOD 1890 TO 2017


WEATHER ITEM   OBSERVED TIME   RECORD YEAR NORMAL DEPARTURE LAST
                VALUE   (LST)  VALUE       VALUE  FROM      YEAR
                                                  NORMAL
..................................................................
TEMPERATURE (F)
 YESTERDAY
  MAXIMUM         56    402 PM  74    1951  50      6       33
  MINIMUM         38    600 AM  -9    1930  29      9       20
  AVERAGE         47                        39      8       27

PRECIPITATION (IN)
  YESTERDAY        0.00          1.07 1968   0.05  -0.05     0.00
  MONTH TO DATE    1.55                      0.74   0.81     0.11
  SINCE JAN 1      1.55                      0.74   0.81     0.11

SNOWFALL (IN)
  YESTERDAY        0.0           8.3  1987   0.1   -0.1      0.0
  MONTH TO DATE    1.7                       1.6    0.1      0.6
  SINCE JUL 1      2.1                       4.1   -2.0      1.2
  SNOW DEPTH       0

DEGREE DAYS
 HEATING
  YESTERDAY       18                        26     -8       38
  MONTH TO DATE  493                       468     25      509
  SINCE JUL 1   1599                      1823   -224     1599
..................................................................


WIND (MPH)
  HIGHEST WIND SPEED     9   HIGHEST WIND DIRECTION     S (180)
  HIGHEST GUST SPEED    11   HIGHEST GUST DIRECTION     S (180)
  AVERAGE WIND SPEED     5.2


SKY COVER
  AVERAGE SKY COVER 0.9


WEATHER CONDITIONS
 THE FOLLOWING WEATHER WAS RECORDED YESTERDAY.
  NO SIGNIFICANT WEATHER WAS OBSERVED.


RELATIVE HUMIDITY (PERCENT)
 HIGHEST    93          1000 PM
 LOWEST     61           300 PM
 AVERAGE    77

..........................................................


THE OKLAHOMA CITY CLIMATE NORMALS FOR TODAY
                         NORMAL    RECORD    YEAR
 MAXIMUM TEMPERATURE (F)   50        75      1914
 MINIMUM TEMPERATURE (F)   29       -11      1892


SUNRISE AND SUNSET
JANUARY 19 2017.......SUNRISE   737 AM CST   SUNSET   545 PM CST
JANUARY 20 2017.......SUNRISE   737 AM CST   SUNSET   546 PM CST


-  INDICATES NEGATIVE NUMBERS.
R  INDICATES RECORD WAS SET OR TIED.
MM INDICATES DATA IS MISSING.
T  INDICATES TRACE AMOUNT.




$$
