000
CDUS44 KOUN 290628
CLIOKC

CLIMATE REPORT
NATIONAL WEATHER SERVICE NORMAN OK
126 AM CDT FRI MAY 29 2015


...................................

...THE OKLAHOMA CITY CLIMATE SUMMARY FOR MAY 28 2015...

CLIMATE NORMAL PERIOD 1981 TO 2010
CLIMATE RECORD PERIOD 1890 TO 2015


WEATHER ITEM   OBSERVED TIME   RECORD YEAR NORMAL DEPARTURE LAST
                VALUE   (LST)  VALUE       VALUE  FROM      YEAR
                                                  NORMAL
..................................................................
TEMPERATURE (F)
 YESTERDAY
  MAXIMUM         84    217 PM  93    1895  83      1       84
  MINIMUM         64    500 AM  43    1947  63      1       62
  AVERAGE         74                        73      1       73

PRECIPITATION (IN)
  YESTERDAY        0.35          2.33 1987   0.16   0.19     0.00
  MONTH TO DATE   19.47                      4.15  15.32     4.44
  SINCE JAN 1     28.65                     13.25  15.40     7.13

DEGREE DAYS
 COOLING
  YESTERDAY        9                         8      1        8
  MONTH TO DATE  106                       156    -50      191
  SINCE JAN 1    168                       222    -54      257
..................................................................


WIND (MPH)
  HIGHEST WIND SPEED    30   HIGHEST WIND DIRECTION    SE (140)
  HIGHEST GUST SPEED    37   HIGHEST GUST DIRECTION    SE (150)
  AVERAGE WIND SPEED    10.1


SKY COVER
  AVERAGE SKY COVER 0.9


WEATHER CONDITIONS
 THE FOLLOWING WEATHER WAS RECORDED YESTERDAY.
  THUNDERSTORM
  HEAVY RAIN
  RAIN
  LIGHT RAIN
  FOG


RELATIVE HUMIDITY (PERCENT)
 HIGHEST    93           800 AM
 LOWEST     65           200 PM
 AVERAGE    79

..........................................................


THE OKLAHOMA CITY CLIMATE NORMALS FOR TODAY
                         NORMAL    RECORD    YEAR
 MAXIMUM TEMPERATURE (F)   83        94      2006
                                             1985
                                             1926
 MINIMUM TEMPERATURE (F)   63        39      1947


SUNRISE AND SUNSET
MAY 29 2015...........SUNRISE   618 AM CDT   SUNSET   838 PM CDT
MAY 30 2015...........SUNRISE   617 AM CDT   SUNSET   839 PM CDT


-  INDICATES NEGATIVE NUMBERS.
R  INDICATES RECORD WAS SET OR TIED.
MM INDICATES DATA IS MISSING.
T  INDICATES TRACE AMOUNT.




$$
