000
CDUS44 KOUN 011234 CCA
CLIOKC

CLIMATE REPORT...CORRECTION
NATIONAL WEATHER SERVICE NORMAN OK
733 AM CDT FRI AUG 1 2014

...CORRECTED FOR ERRONEOUS WIND DATA...
...................................

...THE OKLAHOMA CITY CLIMATE SUMMARY FOR JULY 31 2014...

CLIMATE NORMAL PERIOD 1981 TO 2010
CLIMATE RECORD PERIOD 1890 TO 2014


WEATHER ITEM   OBSERVED TIME   RECORD YEAR NORMAL DEPARTURE LAST
                VALUE   (LST)  VALUE       VALUE  FROM      YEAR
                                                  NORMAL
..................................................................
TEMPERATURE (F)
 YESTERDAY
  MAXIMUM         80    307 PM 108    2012  95    -15       92
  MINIMUM         67   1159 PM  53    1971  73     -6       78
  AVERAGE         74                        84    -10       85

PRECIPITATION (IN)
  YESTERDAY        0.06          1.07 1978   0.09  -0.03     0.00
  MONTH TO DATE    4.18                      2.93   1.25     9.84
  SINCE JAN 1     19.91                     21.61  -1.70    41.69

DEGREE DAYS
 COOLING
  YESTERDAY        9                        19    -10       20
  MONTH TO DATE  449                       559   -110      526
  SINCE JAN 1   1139                      1199    -60     1105
..................................................................


WIND (MPH)
  HIGHEST WIND SPEED     M   HIGHEST WIND DIRECTION    M
  HIGHEST GUST SPEED     M   HIGHEST GUST DIRECTION    M
  AVERAGE WIND SPEED     8.9


SKY COVER
  AVERAGE SKY COVER 0.7


WEATHER CONDITIONS
 THE FOLLOWING WEATHER WAS RECORDED YESTERDAY.
  LIGHT RAIN
  FOG


RELATIVE HUMIDITY (PERCENT)
 HIGHEST    93           700 AM
 LOWEST     64           300 PM
 AVERAGE    79

..........................................................


THE OKLAHOMA CITY CLIMATE NORMALS FOR TODAY
                         NORMAL    RECORD    YEAR
 MAXIMUM TEMPERATURE (F)   95       112      2012
 MINIMUM TEMPERATURE (F)   73        58      1971


SUNRISE AND SUNSET
AUGUST  1 2014........SUNRISE   639 AM CDT   SUNSET   834 PM CDT
AUGUST  2 2014........SUNRISE   640 AM CDT   SUNSET   833 PM CDT


-  INDICATES NEGATIVE NUMBERS.
R  INDICATES RECORD WAS SET OR TIED.
MM INDICATES DATA IS MISSING.
T  INDICATES TRACE AMOUNT.




$$
