000
CDUS44 KOUN 272212
CLIOKC

CLIMATE REPORT
NATIONAL WEATHER SERVICE NORMAN OK
512 PM CDT THU APR 27 2017


...................................

...THE OKLAHOMA CITY CLIMATE SUMMARY FOR APRIL 27 2017...
VALID TODAY AS OF 0500 PM LOCAL TIME.

CLIMATE NORMAL PERIOD 1981 TO 2010
CLIMATE RECORD PERIOD 1890 TO 2017


WEATHER ITEM   OBSERVED TIME   RECORD YEAR NORMAL DEPARTURE LAST
                VALUE   (LST)  VALUE       VALUE  FROM      YEAR
                                                  NORMAL
..................................................................
TEMPERATURE (F)
 TODAY
  MAXIMUM         68    348 PM  91    1959  76     -8       73
  MINIMUM         38    400 AM  35    1920  54    -16       53
  AVERAGE         53                        64    -11       63

PRECIPITATION (IN)
  TODAY            0.00          1.57 1897   0.12  -0.12     0.00
  MONTH TO DATE    3.84                      2.67   1.17     7.22
  SINCE JAN 1     11.13                      8.70   2.43     9.70

SNOWFALL (IN)
  TODAY            0.0           0.0    MM   0.0    0.0      0.0
  MONTH TO DATE    0.0                       0.0    0.0      0.0
  SINCE JUL 1      2.1                       7.6   -5.5      1.2
  SNOW DEPTH       0

DEGREE DAYS
 HEATING
  TODAY           12                         3      9        2
  MONTH TO DATE  123                       164    -41       98
  SINCE JUL 1   2627                      3323   -696     2747

 COOLING
  TODAY            0                         3     -3        0
  MONTH TO DATE   42                        44     -2       30
  SINCE JAN 1     99                        57     42       42
..................................................................


WIND (MPH)
  HIGHEST WIND SPEED    29   HIGHEST WIND DIRECTION    SE (150)
  HIGHEST GUST SPEED    36   HIGHEST GUST DIRECTION     S (160)
  AVERAGE WIND SPEED     8.9


SKY COVER
  AVERAGE SKY COVER 0.6


WEATHER CONDITIONS
 THE FOLLOWING WEATHER WAS RECORDED TODAY.
  NO SIGNIFICANT WEATHER WAS OBSERVED.


RELATIVE HUMIDITY (PERCENT)
 HIGHEST    93           700 AM
 LOWEST     48           100 PM
 AVERAGE    71

..........................................................


THE OKLAHOMA CITY CLIMATE NORMALS FOR TOMORROW
                         NORMAL    RECORD    YEAR
 MAXIMUM TEMPERATURE (F)   76        93      1902
 MINIMUM TEMPERATURE (F)   54        35      2008


SUNRISE AND SUNSET
APRIL 27 2017.........SUNRISE   643 AM CDT   SUNSET   813 PM CDT
APRIL 28 2017.........SUNRISE   642 AM CDT   SUNSET   814 PM CDT


-  INDICATES NEGATIVE NUMBERS.
R  INDICATES RECORD WAS SET OR TIED.
MM INDICATES DATA IS MISSING.
T  INDICATES TRACE AMOUNT.

$$
