000
CDUS44 KOUN 250643
CLIOKC

CLIMATE REPORT
NATIONAL WEATHER SERVICE NORMAN OK
142 AM CDT FRI JUL 25 2014


...................................

...THE OKLAHOMA CITY CLIMATE SUMMARY FOR JULY 24 2014...

CLIMATE NORMAL PERIOD 1981 TO 2010
CLIMATE RECORD PERIOD 1890 TO 2014


WEATHER ITEM   OBSERVED TIME   RECORD YEAR NORMAL DEPARTURE LAST
                VALUE   (LST)  VALUE       VALUE  FROM      YEAR
                                                  NORMAL
..................................................................
TEMPERATURE (F)
 YESTERDAY
  MAXIMUM         93    514 PM 106    1998  95     -2       91
                                      1943
  MINIMUM         72    339 AM  61    1970  73     -1       67
                                      1927
  AVERAGE         83                        84     -1       79

PRECIPITATION (IN)
  YESTERDAY        0.00          2.92 1975   0.09  -0.09     0.72
  MONTH TO DATE    2.44                      2.31   0.13     5.07
  SINCE JAN 1     18.17                     20.99  -2.82    36.92

DEGREE DAYS
 COOLING
  YESTERDAY       18                        19     -1       14
  MONTH TO DATE  343                       429    -86      416
  SINCE JAN 1   1033                      1069    -36      995
..................................................................


WIND (MPH)
  HIGHEST WIND SPEED    13   HIGHEST WIND DIRECTION    SE (130)
  HIGHEST GUST SPEED    17   HIGHEST GUST DIRECTION    SE (130)
  AVERAGE WIND SPEED     6.5


SKY COVER
  AVERAGE SKY COVER 0.3


WEATHER CONDITIONS
 THE FOLLOWING WEATHER WAS RECORDED YESTERDAY.
  NO SIGNIFICANT WEATHER WAS OBSERVED.


RELATIVE HUMIDITY (PERCENT)
 HIGHEST    79           500 AM
 LOWEST     49           200 PM
 AVERAGE    64

..........................................................


THE OKLAHOMA CITY CLIMATE NORMALS FOR TODAY
                         NORMAL    RECORD    YEAR
 MAXIMUM TEMPERATURE (F)   95       106      1998
                                             1977
 MINIMUM TEMPERATURE (F)   73        58      1911


SUNRISE AND SUNSET
JULY 25 2014..........SUNRISE   634 AM CDT   SUNSET   840 PM CDT
JULY 26 2014..........SUNRISE   635 AM CDT   SUNSET   839 PM CDT


-  INDICATES NEGATIVE NUMBERS.
R  INDICATES RECORD WAS SET OR TIED.
MM INDICATES DATA IS MISSING.
T  INDICATES TRACE AMOUNT.




$$
