000
CDUS44 KOUN 210655
CLIOKC

CLIMATE REPORT
NATIONAL WEATHER SERVICE NORMAN OK
154 AM CDT SAT OCT 21 2017


...................................

...THE OKLAHOMA CITY CLIMATE SUMMARY FOR OCTOBER 20 2017...

CLIMATE NORMAL PERIOD 1981 TO 2010
CLIMATE RECORD PERIOD 1890 TO 2017


WEATHER ITEM   OBSERVED TIME   RECORD YEAR NORMAL DEPARTURE LAST
                VALUE   (LST)  VALUE       VALUE  FROM      YEAR
                                                  NORMAL
..................................................................
TEMPERATURE (F)
 YESTERDAY
  MAXIMUM         78    432 PM  93    1979  72      6       71
  MINIMUM         58    706 AM  26    1976  50      8       54
  AVERAGE         68                        61      7       63

PRECIPITATION (IN)
  YESTERDAY        0.00          5.45 1983   0.12  -0.12     0.00
  MONTH TO DATE    4.20                      2.45   1.75     0.82
  SINCE SEP 1      7.91                      6.51   1.40     5.07
  SINCE JAN 1     31.12                     31.40  -0.28    24.98

SNOWFALL (IN)
  YESTERDAY        0.0

DEGREE DAYS
 HEATING
  YESTERDAY        0                         5     -5        2
  MONTH TO DATE   46                        69    -23       28
  SINCE SEP 1     50                        88    -38       31
  SINCE JUL 1     50                        88    -38       31

 COOLING
  YESTERDAY        3                         1      2        0
  MONTH TO DATE   84                        56     28       97
  SINCE SEP 1    337                       344     -7      427
  SINCE JAN 1   1908                      2081   -173     2153
..................................................................


WIND (MPH)
  HIGHEST WIND SPEED    28   HIGHEST WIND DIRECTION    SE (150)
  HIGHEST GUST SPEED    35   HIGHEST GUST DIRECTION     S (170)
  AVERAGE WIND SPEED    15.7


SKY COVER
  AVERAGE SKY COVER 0.6


WEATHER CONDITIONS
 THE FOLLOWING WEATHER WAS RECORDED YESTERDAY.
  NO SIGNIFICANT WEATHER WAS OBSERVED.


RELATIVE HUMIDITY (PERCENT)
 HIGHEST    93           700 AM
 LOWEST     50           200 PM
 AVERAGE    72

..........................................................


THE OKLAHOMA CITY CLIMATE NORMALS FOR TODAY
                         NORMAL    RECORD    YEAR
 MAXIMUM TEMPERATURE (F)   72        90      2004
                                             1978
 MINIMUM TEMPERATURE (F)   50        30      1917


SUNRISE AND SUNSET
OCTOBER 21 2017.......SUNRISE   742 AM CDT   SUNSET   647 PM CDT
OCTOBER 22 2017.......SUNRISE   743 AM CDT   SUNSET   646 PM CDT


-  INDICATES NEGATIVE NUMBERS.
R  INDICATES RECORD WAS SET OR TIED.
MM INDICATES DATA IS MISSING.
T  INDICATES TRACE AMOUNT.




$$
