000
CDUS44 KOUN 272213
CLIOKC

CLIMATE REPORT
NATIONAL WEATHER SERVICE NORMAN OK
512 PM CDT TUE JUN 27 2017


...................................

...THE OKLAHOMA CITY CLIMATE SUMMARY FOR JUNE 27 2017...
VALID TODAY AS OF 0500 PM LOCAL TIME.

CLIMATE NORMAL PERIOD 1981 TO 2010
CLIMATE RECORD PERIOD 1890 TO 2017


WEATHER ITEM   OBSERVED TIME   RECORD YEAR NORMAL DEPARTURE LAST
                VALUE   (LST)  VALUE       VALUE  FROM      YEAR
                                                  NORMAL
..................................................................
TEMPERATURE (F)
 TODAY
  MAXIMUM         92    319 PM 103    2011  91      1       93
                                      1994
                                      1980
  MINIMUM         65    539 AM  52    1974  70     -5       70
  AVERAGE         79                        81     -2       82

PRECIPITATION (IN)
  TODAY            0.00          2.19 1907   0.14  -0.14     0.00
  MONTH TO DATE    0.09                      4.55  -4.46     3.30
  SINCE JUN 1      0.09                      4.55  -4.46     3.30
  SINCE JAN 1     14.75                     18.30  -3.55    15.71

SNOWFALL (IN)
  TODAY            0.0

DEGREE DAYS
 HEATING
  TODAY            0                         0      0        0
  MONTH TO DATE    0                         0      0        0
  SINCE JUN 1      0                         0      0        0
  SINCE JUL 1   2701                      3364   -663     2817

 COOLING
  TODAY           14                        16     -2       17
  MONTH TO DATE  339                       341     -2      387
  SINCE JUN 1    339                       341     -2      387
  SINCE JAN 1    564                       591    -27      573
..................................................................


WIND (MPH)
  HIGHEST WIND SPEED    20   HIGHEST WIND DIRECTION     S (160)
  HIGHEST GUST SPEED    28   HIGHEST GUST DIRECTION    SE (150)
  AVERAGE WIND SPEED     9.2


SKY COVER
  AVERAGE SKY COVER 0.7


WEATHER CONDITIONS
 THE FOLLOWING WEATHER WAS RECORDED TODAY.
  NO SIGNIFICANT WEATHER WAS OBSERVED.


RELATIVE HUMIDITY (PERCENT)
 HIGHEST    93           500 AM
 LOWEST     38           300 PM
 AVERAGE    66

..........................................................


THE OKLAHOMA CITY CLIMATE NORMALS FOR TOMORROW
                         NORMAL    RECORD    YEAR
 MAXIMUM TEMPERATURE (F)   91       105      1980
 MINIMUM TEMPERATURE (F)   71        56      1974


SUNRISE AND SUNSET
JUNE 27 2017..........SUNRISE   618 AM CDT   SUNSET   849 PM CDT
JUNE 28 2017..........SUNRISE   618 AM CDT   SUNSET   849 PM CDT


-  INDICATES NEGATIVE NUMBERS.
R  INDICATES RECORD WAS SET OR TIED.
MM INDICATES DATA IS MISSING.
T  INDICATES TRACE AMOUNT.




$$
