000
CDUS44 KOUN 080634
CLIOKC

CLIMATE REPORT
NATIONAL WEATHER SERVICE NORMAN OK
1234 AM CST THU DEC 8 2016


...................................

...THE OKLAHOMA CITY CLIMATE SUMMARY FOR DECEMBER 7 2016...

CLIMATE NORMAL PERIOD 1981 TO 2010
CLIMATE RECORD PERIOD 1890 TO 2016


WEATHER ITEM   OBSERVED TIME   RECORD YEAR NORMAL DEPARTURE LAST
                VALUE   (LST)  VALUE       VALUE  FROM      YEAR
                                                  NORMAL
..................................................................
TEMPERATURE (F)
 YESTERDAY
  MAXIMUM         39    202 PM  80    1966  52    -13       65
  MINIMUM         28   1159 PM   6    1950  32     -4       29
                                      1909
  AVERAGE         34                        42     -8       47

PRECIPITATION (IN)
  YESTERDAY        0.00          1.23 1980   0.07  -0.07     0.00
  MONTH TO DATE    0.62                      0.45   0.17     0.00
  SINCE JAN 1     26.12                     35.09  -8.97    51.99

SNOWFALL (IN)
  YESTERDAY        0.0           1.1  1942   0.1   -0.1      0.0
  MONTH TO DATE    0.0                       0.3   -0.3      0.0
  SINCE JUL 1      T                         0.7   -0.7       T
  SNOW DEPTH       0

DEGREE DAYS
 HEATING
  YESTERDAY       31                        23      8       18
  MONTH TO DATE  160                       154      6      142
  SINCE JUL 1    483                       753   -270      627
..................................................................


WIND (MPH)
  HIGHEST WIND SPEED    23   HIGHEST WIND DIRECTION    NE (30)
  HIGHEST GUST SPEED    29   HIGHEST GUST DIRECTION    NE (30)
  AVERAGE WIND SPEED    11.1


SKY COVER
  AVERAGE SKY COVER 0.8


WEATHER CONDITIONS
 THE FOLLOWING WEATHER WAS RECORDED YESTERDAY.
  NO SIGNIFICANT WEATHER WAS OBSERVED.


RELATIVE HUMIDITY (PERCENT)
 HIGHEST    82           400 PM
 LOWEST     52          1000 AM
 AVERAGE    67

..........................................................


THE OKLAHOMA CITY CLIMATE NORMALS FOR TODAY
                         NORMAL    RECORD    YEAR
 MAXIMUM TEMPERATURE (F)   52        72      2003
 MINIMUM TEMPERATURE (F)   32         1      1917


SUNRISE AND SUNSET
DECEMBER  8 2016......SUNRISE   727 AM CST   SUNSET   518 PM CST
DECEMBER  9 2016......SUNRISE   728 AM CST   SUNSET   518 PM CST


-  INDICATES NEGATIVE NUMBERS.
R  INDICATES RECORD WAS SET OR TIED.
MM INDICATES DATA IS MISSING.
T  INDICATES TRACE AMOUNT.




$$
