000
CDUS45 KGGW 161230
CLIOLF


CLIMATE REPORT
NATIONAL WEATHER SERVICE GLASGOW MT
630 AM MDT WED APR 16 2014


...................................

...THE WOLF POINT MT CLIMATE SUMMARY FOR APRIL 16 2014...
VALID AS OF 0600 AM LOCAL TIME.

CLIMATE NORMAL PERIOD 1981 TO 2010
CLIMATE RECORD PERIOD 9999 TO 9999


WEATHER ITEM   OBSERVED RECORD YEAR NORMAL DEPARTURE
                VALUE   VALUE       VALUE  FROM
                                           NORMAL
........................................................
TEMPERATURE (F)
 TODAY
  MAXIMUM         32     MM      MM  60
  MINIMUM         24     MM      MM  29
  AVERAGE         28

PRECIPITATION (IN)
  TODAY            0.00  MM      MM   0.03  -0.03
  MONTH TO DATE    T                  0.38  -0.38
  SINCE OCT 1      0.94               2.86  -1.92
  SINCE JAN 1      0.38               1.36  -0.98

SNOWFALL (IN)
  TODAY            0.0   MM      MM  MM
  MONTH TO DATE    0.0               MM
  SINCE MAR 1      0.0               MM
  SINCE JUL 1      0.0               MM

DEGREE DAYS
 HEATING
  TODAY           37

 COOLING
  TODAY            0
........................................................







THE WOLF POINT MT CLIMATE NORMALS FOR TOMORROW
                         NORMAL    RECORD    YEAR
 MAXIMUM TEMPERATURE (F)   60        MM        MM
 MINIMUM TEMPERATURE (F)   29        MM        MM


SUNRISE AND SUNSET
APRIL 16 2014.........SUNRISE   611 AM MDT   SUNSET   754 PM MDT
APRIL 17 2014.........SUNRISE   609 AM MDT   SUNSET   756 PM MDT


-  INDICATES NEGATIVE NUMBERS.
R  INDICATES RECORD WAS SET OR TIED.
MM INDICATES DATA IS MISSING.
T  INDICATES TRACE AMOUNT.




$$
