000
CDUS45 KGGW 041235
CLIOLF


CLIMATE REPORT
NATIONAL WEATHER SERVICE GLASGOW MT
534 AM MST WED MAR 4 2015


...................................

...THE WOLF POINT MT CLIMATE SUMMARY FOR MARCH 4 2015...
VALID AS OF 0500 AM LOCAL TIME.

CLIMATE NORMAL PERIOD 1981 TO 2010
CLIMATE RECORD PERIOD 9999 TO 9999


WEATHER ITEM   OBSERVED RECORD YEAR NORMAL DEPARTURE
                VALUE   VALUE       VALUE  FROM
                                           NORMAL
........................................................
TEMPERATURE (F)
 TODAY
  MAXIMUM          2     MM      MM  37
  MINIMUM         -4     MM      MM  13
  AVERAGE         -1

PRECIPITATION (IN)
  TODAY            0.00  MM      MM   0.01  -0.01
  MONTH TO DATE    T                  0.04  -0.04
  SINCE OCT 1      0.87               2.06  -1.19
  SINCE JAN 1      0.30               0.56  -0.26

SNOWFALL (IN)
  TODAY            0.0   MM      MM  MM
  MONTH TO DATE    0.0               MM
  SINCE MAR 1      0.0               MM
  SINCE JUL 1      0.0               MM

DEGREE DAYS
 HEATING
  TODAY           66

 COOLING
  TODAY            0
........................................................







THE WOLF POINT MT CLIMATE NORMALS FOR TOMORROW
                         NORMAL    RECORD    YEAR
 MAXIMUM TEMPERATURE (F)   38        MM        MM
 MINIMUM TEMPERATURE (F)   13        MM        MM


SUNRISE AND SUNSET
MARCH  4 2015.........SUNRISE   638 AM MST   SUNSET   551 PM MST
MARCH  5 2015.........SUNRISE   636 AM MST   SUNSET   553 PM MST


-  INDICATES NEGATIVE NUMBERS.
R  INDICATES RECORD WAS SET OR TIED.
MM INDICATES DATA IS MISSING.
T  INDICATES TRACE AMOUNT.




$$
