000
CDUS45 KGGW 300021
CLIOLF


CLIMATE REPORT
NATIONAL WEATHER SERVICE GLASGOW MT
621 PM MDT FRI MAY 29 2015


...................................

...THE WOLF POINT MT CLIMATE SUMMARY FOR MAY 29 2015...
VALID TODAY AS OF 0500 PM LOCAL TIME.

CLIMATE NORMAL PERIOD 1981 TO 2010
CLIMATE RECORD PERIOD 9999 TO 9999


WEATHER ITEM   OBSERVED RECORD YEAR NORMAL DEPARTURE
                VALUE   VALUE       VALUE  FROM
                                           NORMAL
........................................................
TEMPERATURE (F)
 TODAY
  MAXIMUM         63     MM      MM  73
  MINIMUM         34     MM      MM  44
  AVERAGE         49

PRECIPITATION (IN)
  TODAY            0.00  MM      MM   0.09  -0.09
  MONTH TO DATE    1.68               1.57   0.11
  SINCE OCT 1      3.81               4.99  -1.18
  SINCE JAN 1      3.24               3.49  -0.25

SNOWFALL (IN)
  TODAY            0.0   MM      MM  MM
  MONTH TO DATE    0.0               MM
  SINCE MAR 1      0.0               MM
  SINCE JUL 1      0.0               MM

DEGREE DAYS
 HEATING
  TODAY           16

 COOLING
  TODAY            0
........................................................







THE WOLF POINT MT CLIMATE NORMALS FOR TOMORROW
                         NORMAL    RECORD    YEAR
 MAXIMUM TEMPERATURE (F)   73        MM        MM
 MINIMUM TEMPERATURE (F)   44        MM        MM


SUNRISE AND SUNSET
MAY 29 2015...........SUNRISE   509 AM MDT   SUNSET   851 PM MDT
MAY 30 2015...........SUNRISE   508 AM MDT   SUNSET   852 PM MDT


-  INDICATES NEGATIVE NUMBERS.
R  INDICATES RECORD WAS SET OR TIED.
MM INDICATES DATA IS MISSING.
T  INDICATES TRACE AMOUNT.




$$
