000
CDUS46 KSEW 260828
CLIOLM


CLIMATE REPORT
NATIONAL WEATHER SERVICE SEATTLE WA
128 AM PDT THU MAR 26 2015


...................................

...THE OLYMPIA WA AIRPORT CLIMATE SUMMARY FOR MARCH 25 2015...

CLIMATE NORMAL PERIOD 1981 TO 2010
CLIMATE RECORD PERIOD 1948 TO 2015


WEATHER ITEM   OBSERVED TIME   RECORD YEAR NORMAL DEPARTURE LAST
                VALUE   (LST)  VALUE       VALUE  FROM      YEAR
                                                  NORMAL
..................................................................
TEMPERATURE (F)
 YESTERDAY
  MAXIMUM         58   1243 PM  67    1969  55      3       57
                                      1966
                                      1960
  MINIMUM         46    443 AM  20    1996  36     10       42
  AVERAGE         52                        46      6       50

PRECIPITATION (IN)
  YESTERDAY        0.43          0.83 1978   0.16   0.27     0.11
  MONTH TO DATE    5.55                      4.36   1.19     7.57
  SINCE OCT 1     36.54                     38.16  -1.62    29.45
  SINCE JAN 1     17.51                     17.47   0.04    20.61

DEGREE DAYS
 HEATING
  YESTERDAY       13                        19     -6       15
  MONTH TO DATE  455                       522    -67      464
  SINCE MAR 1    455                       522    -67      464
  SINCE JUL 1   3490                      4244   -754     4247

 COOLING
  YESTERDAY        0                         0      0        0
  MONTH TO DATE    0                         0      0        0
  SINCE MAR 1      0                         0      0        0
  SINCE JAN 1      0                         0      0        0
..................................................................


WIND (MPH)
  RESULTANT WIND SPEED   7   RESULTANT WIND DIRECTION   S (200)
  HIGHEST WIND SPEED    22   HIGHEST WIND DIRECTION     S (200)
  HIGHEST GUST SPEED    27   HIGHEST GUST DIRECTION    SW (210)
  AVERAGE WIND SPEED     9.4


SKY COVER
  AVERAGE SKY COVER 1.0


WEATHER CONDITIONS
 THE FOLLOWING WEATHER WAS RECORDED YESTERDAY.
  LIGHT RAIN
  FOG


RELATIVE HUMIDITY (PERCENT)
 HIGHEST    93          1200 AM
 LOWEST     80           100 PM
 AVERAGE    87

..........................................................


THE OLYMPIA WA AIRPORT CLIMATE NORMALS FOR TODAY
                         NORMAL    RECORD    YEAR
 MAXIMUM TEMPERATURE (F)   56        76      1969
 MINIMUM TEMPERATURE (F)   36        24      1975


SUNRISE AND SUNSET
MARCH 26 2015.........SUNRISE   703 AM PDT   SUNSET   732 PM PDT
MARCH 27 2015.........SUNRISE   701 AM PDT   SUNSET   734 PM PDT


-  INDICATES NEGATIVE NUMBERS.
R  INDICATES RECORD WAS SET OR TIED.
MM INDICATES DATA IS MISSING.
T  INDICATES TRACE AMOUNT.




$$
