000
CDUS46 KSEW 030829
CLIOLM


CLIMATE REPORT
NATIONAL WEATHER SERVICE SEATTLE WA
129 AM PDT MON AUG 3 2015


...................................

...THE OLYMPIA WA AIRPORT CLIMATE SUMMARY FOR AUGUST 2 2015...

CLIMATE NORMAL PERIOD 1981 TO 2010
CLIMATE RECORD PERIOD 1948 TO 2015


WEATHER ITEM   OBSERVED TIME   RECORD YEAR NORMAL DEPARTURE LAST
                VALUE   (LST)  VALUE       VALUE  FROM      YEAR
                                                  NORMAL
..................................................................
TEMPERATURE (F)
 YESTERDAY
  MAXIMUM         88    346 PM  92    2009  79      9       87
  MINIMUM         54    515 AM  40    1963  52      2       53
  AVERAGE         71                        65      6       70

PRECIPITATION (IN)
  YESTERDAY        0.00          0.88 1956   0.02  -0.02     0.00
  MONTH TO DATE    0.00                      0.03  -0.03     0.00
  SINCE OCT 1     39.81                     47.38  -7.57    39.80
  SINCE JAN 1     20.78                     26.69  -5.91    30.96

DEGREE DAYS
 HEATING
  YESTERDAY        0                         2     -2        0
  MONTH TO DATE    0                         4     -4        0
  SINCE JUN 1     80                       272   -192      188
  SINCE JUL 1     17                        84    -67       33

 COOLING
  YESTERDAY        6                         2      4        5
  MONTH TO DATE   12                         4      8       10
  SINCE JUN 1    202                        58    144      107
  SINCE JAN 1    203                        61    142      108
..................................................................


WIND (MPH)
  RESULTANT WIND SPEED   1   RESULTANT WIND DIRECTION  NE (60)
  HIGHEST WIND SPEED    13   HIGHEST WIND DIRECTION    NE (30)
  HIGHEST GUST SPEED    17   HIGHEST GUST DIRECTION     N (10)
  AVERAGE WIND SPEED     3.1


SKY COVER
  AVERAGE SKY COVER 0.0


WEATHER CONDITIONS
 THE FOLLOWING WEATHER WAS RECORDED YESTERDAY.
  NO SIGNIFICANT WEATHER WAS OBSERVED.


RELATIVE HUMIDITY (PERCENT)
 HIGHEST    83           500 AM
 LOWEST     29           300 PM
 AVERAGE    56

..........................................................


THE OLYMPIA WA AIRPORT CLIMATE NORMALS FOR TODAY
                         NORMAL    RECORD    YEAR
 MAXIMUM TEMPERATURE (F)   79        95      1993
 MINIMUM TEMPERATURE (F)   51        40      2002


SUNRISE AND SUNSET
AUGUST  3 2015........SUNRISE   553 AM PDT   SUNSET   841 PM PDT
AUGUST  4 2015........SUNRISE   555 AM PDT   SUNSET   840 PM PDT


-  INDICATES NEGATIVE NUMBERS.
R  INDICATES RECORD WAS SET OR TIED.
MM INDICATES DATA IS MISSING.
T  INDICATES TRACE AMOUNT.




$$
