000
CDUS46 KSEW 240120
CLIOLM


CLIMATE REPORT
NATIONAL WEATHER SERVICE SEATTLE WA
619 PM PDT WED JUL 23 2014


...................................

...THE OLYMPIA WA AIRPORT CLIMATE SUMMARY FOR JULY 23 2014...
VALID TODAY AS OF 0600 PM LOCAL TIME.

CLIMATE NORMAL PERIOD 1981 TO 2010
CLIMATE RECORD PERIOD 1948 TO 2014


WEATHER ITEM   OBSERVED TIME   RECORD YEAR NORMAL DEPARTURE LAST
                VALUE   (LST)  VALUE       VALUE  FROM      YEAR
                                                  NORMAL
..................................................................
TEMPERATURE (F)
 TODAY
  MAXIMUM         65    459 PM  99    2004  78    -13       88
                                      1991
  MINIMUM         58    656 AM  39    1963  51      7       53
  AVERAGE         62                        65     -3       71

PRECIPITATION (IN)
  TODAY            0.20          0.25 1949   0.02   0.18     0.00
  MONTH TO DATE    0.20                      0.52  -0.32      T
  SINCE OCT 1     39.73                     47.24  -7.51    48.38
  SINCE JAN 1     30.89                     26.55   4.34    21.42

DEGREE DAYS
 HEATING
  TODAY            3                         2      1        0
  MONTH TO DATE   21                        64    -43       44
  SINCE JUN 1    176                       252    -76      180
  SINCE JUL 1     21                        64    -43       44

 COOLING
  TODAY            0                         2     -2        6
  MONTH TO DATE   73                        30     43       27
  SINCE JUN 1     74                        41     33       53
  SINCE JAN 1     75                        44     31       55
..................................................................


WIND (MPH)
  RESULTANT WIND SPEED   5   RESULTANT WIND DIRECTION  SW (230)
  HIGHEST WIND SPEED    17   HIGHEST WIND DIRECTION    SW (240)
  HIGHEST GUST SPEED    24   HIGHEST GUST DIRECTION     W (250)
  AVERAGE WIND SPEED     6.5


SKY COVER
  AVERAGE SKY COVER 0.7


WEATHER CONDITIONS
 THE FOLLOWING WEATHER WAS RECORDED TODAY.
  RAIN
  LIGHT RAIN
  FOG


RELATIVE HUMIDITY (PERCENT)
 HIGHEST   100           700 AM
 LOWEST     63           400 PM
 AVERAGE    82

..........................................................


THE OLYMPIA WA AIRPORT CLIMATE NORMALS FOR TOMORROW
                         NORMAL    RECORD    YEAR
 MAXIMUM TEMPERATURE (F)   78        99      2004
 MINIMUM TEMPERATURE (F)   51        38      1973


SUNRISE AND SUNSET
JULY 23 2014..........SUNRISE   541 AM PDT   SUNSET   855 PM PDT
JULY 24 2014..........SUNRISE   542 AM PDT   SUNSET   854 PM PDT


-  INDICATES NEGATIVE NUMBERS.
R  INDICATES RECORD WAS SET OR TIED.
MM INDICATES DATA IS MISSING.
T  INDICATES TRACE AMOUNT.




$$
