000
CDUS46 KSEW 280119
CLIOLM


CLIMATE REPORT
NATIONAL WEATHER SERVICE SEATTLE WA
619 PM PDT THU AUG 27 2015


...................................

...THE OLYMPIA WA AIRPORT CLIMATE SUMMARY FOR AUGUST 27 2015...
VALID TODAY AS OF 0600 PM LOCAL TIME.

CLIMATE NORMAL PERIOD 1981 TO 2010
CLIMATE RECORD PERIOD 1948 TO 2015


WEATHER ITEM   OBSERVED TIME   RECORD YEAR NORMAL DEPARTURE LAST
                VALUE   (LST)  VALUE       VALUE  FROM      YEAR
                                                  NORMAL
..................................................................
TEMPERATURE (F)
 TODAY
  MAXIMUM         87    309 PM  92    2009  77     10       87
                                      1967
  MINIMUM         54    546 AM  38    1955  50      4       55
  AVERAGE         71                        63      8       71

PRECIPITATION (IN)
  TODAY            0.00          0.89 1991   0.04  -0.04     0.00
  MONTH TO DATE    0.93                      0.75   0.18     0.85
  SINCE OCT 1     40.74                     48.10  -7.36    40.65
  SINCE JAN 1     21.71                     27.41  -5.70    31.81

DEGREE DAYS
 HEATING
  TODAY            0                         3     -3        0
  MONTH TO DATE   21                        57    -36       14
  SINCE JUN 1    101                       325   -224      202
  SINCE JUL 1     38                       137    -99       47

 COOLING
  TODAY            6                         1      5        6
  MONTH TO DATE   70                        43     27       83
  SINCE JUN 1    260                        97    163      180
  SINCE JAN 1    261                       100    161      181
..................................................................


WIND (MPH)
  RESULTANT WIND SPEED   1   RESULTANT WIND DIRECTION   S (190)
  HIGHEST WIND SPEED    10   HIGHEST WIND DIRECTION    SW (240)
  HIGHEST GUST SPEED    14   HIGHEST GUST DIRECTION    SW (240)
  AVERAGE WIND SPEED     2.7


SKY COVER
  AVERAGE SKY COVER 0.0


WEATHER CONDITIONS
 THE FOLLOWING WEATHER WAS RECORDED TODAY.
  NO SIGNIFICANT WEATHER WAS OBSERVED.


RELATIVE HUMIDITY (PERCENT)
 HIGHEST    86           600 AM
 LOWEST     21           200 PM
 AVERAGE    54

..........................................................


THE OLYMPIA WA AIRPORT CLIMATE NORMALS FOR TOMORROW
                         NORMAL    RECORD    YEAR
 MAXIMUM TEMPERATURE (F)   76        98      1967
 MINIMUM TEMPERATURE (F)   49        37      1985


SUNRISE AND SUNSET
AUGUST 27 2015........SUNRISE   624 AM PDT   SUNSET   801 PM PDT
AUGUST 28 2015........SUNRISE   626 AM PDT   SUNSET   759 PM PDT


-  INDICATES NEGATIVE NUMBERS.
R  INDICATES RECORD WAS SET OR TIED.
MM INDICATES DATA IS MISSING.
T  INDICATES TRACE AMOUNT.




$$
