000
CDUS46 KSEW 060833
CLIOLM


CLIMATE REPORT
NATIONAL WEATHER SERVICE SEATTLE WA
132 AM PDT FRI MAY 6 2016


...................................

...THE OLYMPIA WA AIRPORT CLIMATE SUMMARY FOR MAY 5 2016...

CLIMATE NORMAL PERIOD 1981 TO 2010
CLIMATE RECORD PERIOD 1948 TO 2016


WEATHER ITEM   OBSERVED TIME   RECORD YEAR NORMAL DEPARTURE LAST
                VALUE   (LST)  VALUE       VALUE  FROM      YEAR
                                                  NORMAL
..................................................................
TEMPERATURE (F)
 YESTERDAY
  MAXIMUM         68    451 PM  88    1953  63      5       58
  MINIMUM         48   1157 PM  27    1978  41      7       43
  AVERAGE         58                        52      6       51

PRECIPITATION (IN)
  YESTERDAY        0.00          1.54 1948   0.09  -0.09     0.35
  MONTH TO DATE    T                         0.42  -0.42     0.35
  SINCE OCT 1     58.23                     43.05  15.18    39.20
  SINCE JAN 1     25.23                     22.36   2.87    20.17

DEGREE DAYS
 HEATING
  YESTERDAY        7                        13     -6       14
  MONTH TO DATE   25                        68    -43       65
  SINCE MAR 1    952                      1205   -253     1077
  SINCE JUL 1   4310                      4927   -617     4112

 COOLING
  YESTERDAY        0                         0      0        0
  MONTH TO DATE    0                         0      0        0
  SINCE MAR 1      1                         0      1        0
  SINCE JAN 1      1                         0      1        0
..................................................................


WIND (MPH)
  RESULTANT WIND SPEED   4   RESULTANT WIND DIRECTION  NE (40)
  HIGHEST WIND SPEED    13   HIGHEST WIND DIRECTION     E (70)
  HIGHEST GUST SPEED    20   HIGHEST GUST DIRECTION    NE (60)
  AVERAGE WIND SPEED     5.2


SKY COVER
  AVERAGE SKY COVER 0.4


WEATHER CONDITIONS
 THE FOLLOWING WEATHER WAS RECORDED YESTERDAY.
  NO SIGNIFICANT WEATHER WAS OBSERVED.


RELATIVE HUMIDITY (PERCENT)
 HIGHEST    89           200 AM
 LOWEST     42           200 PM
 AVERAGE    66

..........................................................


THE OLYMPIA WA AIRPORT CLIMATE NORMALS FOR TODAY
                         NORMAL    RECORD    YEAR
 MAXIMUM TEMPERATURE (F)   63        86      2013
 MINIMUM TEMPERATURE (F)   41        27      1965


SUNRISE AND SUNSET
MAY  6 2016...........SUNRISE   548 AM PDT   SUNSET   830 PM PDT
MAY  7 2016...........SUNRISE   546 AM PDT   SUNSET   831 PM PDT


-  INDICATES NEGATIVE NUMBERS.
R  INDICATES RECORD WAS SET OR TIED.
MM INDICATES DATA IS MISSING.
T  INDICATES TRACE AMOUNT.




$$
