000
CDUS46 KSEW 140123
CLIOLM


CLIMATE REPORT
NATIONAL WEATHER SERVICE SEATTLE WA
523 PM PST WED DEC 13 2017


...................................

...THE OLYMPIA WA AIRPORT CLIMATE SUMMARY FOR DECEMBER 13 2017...
VALID TODAY AS OF 0500 PM LOCAL TIME.

CLIMATE NORMAL PERIOD 1981 TO 2010
CLIMATE RECORD PERIOD 1948 TO 2017


WEATHER ITEM   OBSERVED TIME   RECORD YEAR NORMAL DEPARTURE LAST
                VALUE   (LST)  VALUE       VALUE  FROM      YEAR
                                                  NORMAL
..................................................................
TEMPERATURE (F)
 TODAY
  MAXIMUM         50    301 PM  60    1952  44      6       40
  MINIMUM         26    554 AM  12    1967  32     -6       32
  AVERAGE         38                        38      0       36

PRECIPITATION (IN)
  TODAY            0.00          2.12 2001   0.24  -0.24     0.01
  MONTH TO DATE    0.84                      3.37  -2.53     3.33
  SINCE OCT 1     19.70                     16.60   3.10    25.04
  SINCE JAN 1     55.37                     45.91   9.46    54.41

DEGREE DAYS
 HEATING
  TODAY           27                        27      0       29
  MONTH TO DATE  365                       340     25      362
  SINCE DEC 1    365                       340     25      362
  SINCE JUL 1   1667                      1785   -118     1559

 COOLING
  TODAY            0                         0      0        0
  MONTH TO DATE    0                         0      0        0
  SINCE DEC 1      0                         0      0        0
  SINCE JAN 1    204                       106     98      145
..................................................................


WIND (MPH)
  RESULTANT WIND SPEED   2   RESULTANT WIND DIRECTION  NE (30)
  HIGHEST WIND SPEED    10   HIGHEST WIND DIRECTION    NE (60)
  HIGHEST GUST SPEED    14   HIGHEST GUST DIRECTION    NE (60)
  AVERAGE WIND SPEED     2.6


SKY COVER
  AVERAGE SKY COVER 0.3


WEATHER CONDITIONS
 THE FOLLOWING WEATHER WAS RECORDED TODAY.
  FOG
  FOG W/VISIBILITY <= 1/4 MILE


RELATIVE HUMIDITY (PERCENT)
 HIGHEST   100           200 AM
 LOWEST     66           300 PM
 AVERAGE    83

..........................................................


THE OLYMPIA WA AIRPORT CLIMATE NORMALS FOR TOMORROW
                         NORMAL    RECORD    YEAR
 MAXIMUM TEMPERATURE (F)   44        59      1952
 MINIMUM TEMPERATURE (F)   32        15      1967


SUNRISE AND SUNSET
DECEMBER 13 2017......SUNRISE   749 AM PST   SUNSET   423 PM PST
DECEMBER 14 2017......SUNRISE   750 AM PST   SUNSET   423 PM PST


-  INDICATES NEGATIVE NUMBERS.
R  INDICATES RECORD WAS SET OR TIED.
MM INDICATES DATA IS MISSING.
T  INDICATES TRACE AMOUNT.




$$
