000
CDUS46 KSEW 040826
CLIOLM


CLIMATE REPORT
NATIONAL WEATHER SERVICE SEATTLE WA
125 AM PDT SAT JUL 4 2015


...................................

...THE OLYMPIA WA AIRPORT CLIMATE SUMMARY FOR JULY 3 2015...

CLIMATE NORMAL PERIOD 1981 TO 2010
CLIMATE RECORD PERIOD 1948 TO 2015


WEATHER ITEM   OBSERVED TIME   RECORD YEAR NORMAL DEPARTURE LAST
                VALUE   (LST)  VALUE       VALUE  FROM      YEAR
                                                  NORMAL
..................................................................
TEMPERATURE (F)
 YESTERDAY
  MAXIMUM         94    348 PM  95    1970  74     20       71
  MINIMUM         55    447 AM  35    1962  50      5       52
  AVERAGE         75                        62     13       62

PRECIPITATION (IN)
  YESTERDAY        0.00          0.24 1980   0.03  -0.03     0.00
  MONTH TO DATE    0.00                      0.09  -0.09     0.00
  SINCE OCT 1     39.66                     46.81  -7.15    39.53
  SINCE JAN 1     20.63                     26.12  -5.49    30.69

DEGREE DAYS
 HEATING
  YESTERDAY        0                         4     -4        3
  MONTH TO DATE    0                        12    -12        3
  SINCE JUN 1     63                       200   -137      158
  SINCE JUL 1      0                        12    -12        3

 COOLING
  YESTERDAY       10                         1      9        0
  MONTH TO DATE   27                         3     24        9
  SINCE JUN 1     99                        14     85       10
  SINCE JAN 1    100                        17     83       11
..................................................................


WIND (MPH)
  RESULTANT WIND SPEED   1   RESULTANT WIND DIRECTION  NW (330)
  HIGHEST WIND SPEED    13   HIGHEST WIND DIRECTION    NW (320)
  HIGHEST GUST SPEED    16   HIGHEST GUST DIRECTION    NW (300)
  AVERAGE WIND SPEED     4.2


SKY COVER
  AVERAGE SKY COVER 0.0


WEATHER CONDITIONS
 THE FOLLOWING WEATHER WAS RECORDED YESTERDAY.
  NO SIGNIFICANT WEATHER WAS OBSERVED.


RELATIVE HUMIDITY (PERCENT)
 HIGHEST    86           400 AM
 LOWEST     24           200 PM
 AVERAGE    55

..........................................................


THE OLYMPIA WA AIRPORT CLIMATE NORMALS FOR TODAY
                         NORMAL    RECORD    YEAR
 MAXIMUM TEMPERATURE (F)   75        93      1972
 MINIMUM TEMPERATURE (F)   50        41      1949


SUNRISE AND SUNSET
JULY  4 2015..........SUNRISE   523 AM PDT   SUNSET   909 PM PDT
JULY  5 2015..........SUNRISE   523 AM PDT   SUNSET   909 PM PDT


-  INDICATES NEGATIVE NUMBERS.
R  INDICATES RECORD WAS SET OR TIED.
MM INDICATES DATA IS MISSING.
T  INDICATES TRACE AMOUNT.




$$
