000
CDUS46 KSEW 290839
CLIOLM


CLIMATE REPORT
NATIONAL WEATHER SERVICE SEATTLE WA
138 AM PDT SAT APR 29 2017


...................................

...THE OLYMPIA WA AIRPORT CLIMATE SUMMARY FOR APRIL 28 2017...

CLIMATE NORMAL PERIOD 1981 TO 2010
CLIMATE RECORD PERIOD 1948 TO 2017


WEATHER ITEM   OBSERVED TIME   RECORD YEAR NORMAL DEPARTURE LAST
                VALUE   (LST)  VALUE       VALUE  FROM      YEAR
                                                  NORMAL
..................................................................
TEMPERATURE (F)
 YESTERDAY
  MAXIMUM         61    259 PM  79    2006  61      0       63
                                      1968
  MINIMUM         32    502 AM  26    1973  39     -7       42
  AVERAGE         47                        50     -3       53

PRECIPITATION (IN)
  YESTERDAY        0.00          0.91 1959   0.09  -0.09     0.00
  MONTH TO DATE    5.16                      3.36   1.80     1.57
  SINCE OCT 1     57.60                     42.45  15.15    58.22
  SINCE JAN 1     29.50                     21.76   7.74    25.22

DEGREE DAYS
 HEATING
  YESTERDAY       18                        15      3       12
  MONTH TO DATE  478                       472      6      322
  SINCE MAR 1   1113                      1108      5      901
  SINCE JUL 1   4841                      4830     11     4259

 COOLING
  YESTERDAY        0                         0      0        0
  MONTH TO DATE    0                         0      0        1
  SINCE MAR 1      0                         0      0        1
  SINCE JAN 1      0                         0      0        1
..................................................................


WIND (MPH)
  RESULTANT WIND SPEED   1   RESULTANT WIND DIRECTION   S (200)
  HIGHEST WIND SPEED    12   HIGHEST WIND DIRECTION     W (280)
  HIGHEST GUST SPEED    15   HIGHEST GUST DIRECTION     W (280)
  AVERAGE WIND SPEED     2.5


SKY COVER
  AVERAGE SKY COVER 0.5


WEATHER CONDITIONS
 THE FOLLOWING WEATHER WAS RECORDED YESTERDAY.
  NO SIGNIFICANT WEATHER WAS OBSERVED.


RELATIVE HUMIDITY (PERCENT)
 HIGHEST   100           400 AM
 LOWEST     40           400 PM
 AVERAGE    70

..........................................................


THE OLYMPIA WA AIRPORT CLIMATE NORMALS FOR TODAY
                         NORMAL    RECORD    YEAR
 MAXIMUM TEMPERATURE (F)   62        81      1957
 MINIMUM TEMPERATURE (F)   40        28      1952


SUNRISE AND SUNSET
APRIL 29 2017.........SUNRISE   559 AM PDT   SUNSET   820 PM PDT
APRIL 30 2017.........SUNRISE   557 AM PDT   SUNSET   821 PM PDT


-  INDICATES NEGATIVE NUMBERS.
R  INDICATES RECORD WAS SET OR TIED.
MM INDICATES DATA IS MISSING.
T  INDICATES TRACE AMOUNT.




$$
