000
CDUS43 KOAX 292148
CLIOMA


CLIMATE REPORT
NATIONAL WEATHER SERVICE OMAHA NEBRASKA
441 PM CDT SAT AUG 29 2015


...................................

...THE OMAHA EPPLEY, NEBRASKA CLIMATE SUMMARY FOR AUGUST 29 2015...
VALID TODAY AS OF 400 PM LOCAL TIME.

CLIMATE NORMAL PERIOD 1981 TO 2010
CLIMATE RECORD PERIOD 1871 TO 2015


WEATHER ITEM   OBSERVED TIME   RECORD YEAR NORMAL DEPARTURE LAST
                VALUE   (LST)  VALUE       VALUE  FROM      YEAR
                                                  NORMAL
..................................................................
TEMPERATURE (F)
 TODAY
  MAXIMUM         71    259 PM  98    2013  83    -12       78
                                      2012
                                      1948
  MINIMUM         61    739 AM  44    1946  61      0       67
  AVERAGE         66                        72     -6       73

PRECIPITATION (IN)
  TODAY            T             1.67 1993   0.11  -0.11     0.64
  MONTH TO DATE    8.95                      3.60   5.35     9.49
  SINCE JUN 1     15.96                     11.61   4.35    21.73
  SINCE JAN 1     26.65                     22.89   3.76    28.55

SNOWFALL (IN)
  TODAY            0.0                       0.0    0.0      0.0
  MONTH TO DATE    0.0                       0.0    0.0      0.0
  SINCE JUL 1      0.0                       0.0    0.0      0.0
  SNOW DEPTH       0

DEGREE DAYS
 HEATING
  TODAY            0                         1     -1        0
  MONTH TO DATE    3                         1      2        0
  SINCE JUN 1      4                        19    -15       10
  SINCE JUL 1      4                         2      2        4

 COOLING
  TODAY            1                         8     -7        8
  MONTH TO DATE  249                       287    -38      313
  SINCE JUN 1    891                       882      9      861
  SINCE JAN 1    937                       964    -27     1004
..................................................................


WIND (MPH)
  HIGHEST WIND SPEED    14   HIGHEST WIND DIRECTION     N (350)
  HIGHEST GUST SPEED    18   HIGHEST GUST DIRECTION     N (350)
  AVERAGE WIND SPEED     8.1


SKY COVER
  POSSIBLE SUNSHINE  MM
  AVERAGE SKY COVER 1.0


WEATHER CONDITIONS
 THE FOLLOWING WEATHER WAS RECORDED TODAY.
  LIGHT RAIN
  FOG


RELATIVE HUMIDITY (PERCENT)
 HIGHEST   100           100 AM
 LOWEST     73           200 PM
 AVERAGE    87

..........................................................


THE OMAHA EPPLEY, NEBRASKA CLIMATE NORMALS FOR TOMORROW
                         NORMAL    RECORD    YEAR
 MAXIMUM TEMPERATURE (F)   83        99      2013
                                             2012
                                             2000
 MINIMUM TEMPERATURE (F)   61        44      1915


SUNRISE AND SUNSET
AUGUST 29 2015........SUNRISE   647 AM CDT   SUNSET   802 PM CDT
AUGUST 30 2015........SUNRISE   648 AM CDT   SUNSET   800 PM CDT


-  INDICATES NEGATIVE NUMBERS.
R  INDICATES RECORD WAS SET OR TIED.
MM INDICATES DATA IS MISSING.
T  INDICATES TRACE AMOUNT.




$$

KLISH
