000
CDUS43 KOAX 240645
CLIOMA


CLIMATE REPORT
NATIONAL WEATHER SERVICE OMAHA NEBRASKA
144 AM CDT SUN MAY 24 2015


...................................

...THE OMAHA EPPLEY, NEBRASKA CLIMATE SUMMARY FOR MAY 23 2015...

CLIMATE NORMAL PERIOD 1981 TO 2010
CLIMATE RECORD PERIOD 1871 TO 2015


WEATHER ITEM   OBSERVED TIME   RECORD YEAR NORMAL DEPARTURE LAST
                VALUE   (LST)  VALUE       VALUE  FROM      YEAR
                                                  NORMAL
..................................................................
TEMPERATURE (F)
 YESTERDAY
  MAXIMUM         65    701 PM  93    2012  76    -11       81
                                      1939
  MINIMUM         58    543 AM  38    1963  53      5       51
  AVERAGE         62                        65     -3       66

PRECIPITATION (IN)
  YESTERDAY        0.02          1.29 1932   0.16  -0.14     0.00
  MONTH TO DATE    4.80                      3.49   1.31     2.70
  SINCE MAR 1      9.01                      8.44   0.57     5.53
  SINCE JAN 1     10.15                     10.01   0.14     6.39

SNOWFALL (IN)
  YESTERDAY        0.0                       0.0    0.0      0.0
  MONTH TO DATE    0.0                       0.1   -0.1      0.0
  SINCE JUL 1     13.8                      26.5  -12.7     17.8
  SNOW DEPTH       0

DEGREE DAYS
 HEATING
  YESTERDAY        3                         3      0        0
  MONTH TO DATE  125                       128     -3      143
  SINCE MAR 1   1096                      1332   -236     1425
  SINCE JUL 1   5807                      6130   -323     6530

 COOLING
  YESTERDAY        0                         3     -3        1
  MONTH TO DATE   26                        38    -12       45
  SINCE MAR 1     31                        54    -23       60
  SINCE JAN 1     31                        54    -23       60
..................................................................


WIND (MPH)
  HIGHEST WIND SPEED    20   HIGHEST WIND DIRECTION    SE (140)
  HIGHEST GUST SPEED    23   HIGHEST GUST DIRECTION    SE (140)
  AVERAGE WIND SPEED     8.4


SKY COVER
  POSSIBLE SUNSHINE  MM
  AVERAGE SKY COVER 1.0


WEATHER CONDITIONS
 THE FOLLOWING WEATHER WAS RECORDED YESTERDAY.
  LIGHT RAIN
  FOG


RELATIVE HUMIDITY (PERCENT)
 HIGHEST    93          1100 PM
 LOWEST     64           100 AM
 AVERAGE    79

..........................................................


THE OMAHA EPPLEY, NEBRASKA CLIMATE NORMALS FOR TODAY
                         NORMAL    RECORD    YEAR
 MAXIMUM TEMPERATURE (F)   76        99      1939
 MINIMUM TEMPERATURE (F)   54        36      1924


SUNRISE AND SUNSET
MAY 24 2015...........SUNRISE   558 AM CDT   SUNSET   844 PM CDT
MAY 25 2015...........SUNRISE   557 AM CDT   SUNSET   845 PM CDT


-  INDICATES NEGATIVE NUMBERS.
R  INDICATES RECORD WAS SET OR TIED.
MM INDICATES DATA IS MISSING.
T  INDICATES TRACE AMOUNT.




$$
