000
CDUS43 KOAX 200636
CLIOMA


CLIMATE REPORT
NATIONAL WEATHER SERVICE OMAHA NEBRASKA
1234 AM CST MON FEB 20 2017


...................................

...THE OMAHA EPPLEY, NEBRASKA CLIMATE SUMMARY FOR FEBRUARY 19 2017...

CLIMATE NORMAL PERIOD 1981 TO 2010
CLIMATE RECORD PERIOD 1871 TO 2017


WEATHER ITEM   OBSERVED TIME   RECORD YEAR NORMAL DEPARTURE LAST
                VALUE   (LST)  VALUE       VALUE  FROM      YEAR
                                                  NORMAL
..................................................................
TEMPERATURE (F)
 YESTERDAY
  MAXIMUM         71R   452 PM  70    1930  39     32       67
  MINIMUM         40    545 AM -16    1936  19     21       46
  AVERAGE         56                        29     27       57

PRECIPITATION (IN)
  YESTERDAY        0.00          1.75 1954   0.03  -0.03     0.00
  MONTH TO DATE    0.17                      0.53  -0.36     0.60
  SINCE DEC 1      2.50                      2.29   0.21     6.97
  SINCE JAN 1      1.03                      1.25  -0.22     1.71

SNOWFALL (IN)
  YESTERDAY        0.0                       0.2   -0.2      0.0
  MONTH TO DATE    2.8                       4.4   -1.6      6.3
  SINCE JUL 1      8.7                      19.5  -10.8     27.4
  SNOW DEPTH       0

DEGREE DAYS
 HEATING
  YESTERDAY        9                        36    -27        8
  MONTH TO DATE  541                       728   -187      653
  SINCE DEC 1   2861                      3223   -362     2855
  SINCE JUL 1   3612                      4493   -881     3733

 COOLING
  YESTERDAY        0                         0      0        0
  MONTH TO DATE    0                         0      0        0
  SINCE DEC 1      0                         0      0        0
  SINCE JAN 1      0                         0      0        0
..................................................................


WIND (MPH)
  HIGHEST WIND SPEED    25   HIGHEST WIND DIRECTION    SE (150)
  HIGHEST GUST SPEED    32   HIGHEST GUST DIRECTION    SE (150)
  AVERAGE WIND SPEED    12.9


SKY COVER
  POSSIBLE SUNSHINE  MM
  AVERAGE SKY COVER 0.7


WEATHER CONDITIONS
 THE FOLLOWING WEATHER WAS RECORDED YESTERDAY.
  NO SIGNIFICANT WEATHER WAS OBSERVED.


RELATIVE HUMIDITY (PERCENT)
 HIGHEST    79           700 AM
 LOWEST     47           300 PM
 AVERAGE    63

..........................................................


THE OMAHA EPPLEY, NEBRASKA CLIMATE NORMALS FOR TODAY
                         NORMAL    RECORD    YEAR
 MAXIMUM TEMPERATURE (F)   40        67      1930
 MINIMUM TEMPERATURE (F)   20       -11      1918
                                             1885


SUNRISE AND SUNSET
FEBRUARY 20 2017......SUNRISE   711 AM CST   SUNSET   604 PM CST
FEBRUARY 21 2017......SUNRISE   710 AM CST   SUNSET   605 PM CST


-  INDICATES NEGATIVE NUMBERS.
R  INDICATES RECORD WAS SET OR TIED.
MM INDICATES DATA IS MISSING.
T  INDICATES TRACE AMOUNT.




$$
