000
CDUS43 KOAX 232240
CLIOMA


CLIMATE REPORT
NATIONAL WEATHER SERVICE OMAHA NEBRASKA
439 PM CST FRI FEB 23 2018


...................................

...THE OMAHA EPPLEY, NEBRASKA CLIMATE SUMMARY FOR FEBRUARY 23 2018...
VALID TODAY AS OF 0400 PM LOCAL TIME.

CLIMATE NORMAL PERIOD 1981 TO 2010
CLIMATE RECORD PERIOD 1871 TO 2018


WEATHER ITEM   OBSERVED TIME   RECORD YEAR NORMAL DEPARTURE LAST
                VALUE   (LST)  VALUE       VALUE  FROM      YEAR
                                                  NORMAL
..................................................................
TEMPERATURE (F)
 TODAY
  MAXIMUM         32    109 AM  68    2002  41     -9       45
                                      1871
  MINIMUM         24    856 AM -10    1889  21      3       33
  AVERAGE         28                        31     -3       39

PRECIPITATION (IN)
  TODAY            0.00          0.59 1942   0.03  -0.03     0.50
  MONTH TO DATE    0.81                      0.66   0.15     0.88
  SINCE DEC 1      2.00                      2.42  -0.42     3.21
  SINCE JAN 1      1.58                      1.38   0.20     1.74

SNOWFALL (IN)
  TODAY            0.0                       0.2   -0.2      0.4
  MONTH TO DATE    7.6                       5.2    2.4      3.2
  SINCE JUL 1     14.5                      20.3   -5.8      9.1
  SNOW DEPTH       1

DEGREE DAYS
 HEATING
  TODAY           37                        34      3       26
  MONTH TO DATE  996                       867    129      602
  SINCE DEC 1   3442                      3362     80     2922
  SINCE JUL 1   4502                      4632   -130     3673

 COOLING
  TODAY            0                         0      0        0
  MONTH TO DATE    0                         0      0        0
  SINCE DEC 1      0                         0      0        0
  SINCE JAN 1      0                         0      0        0
..................................................................


WIND (MPH)
  HIGHEST WIND SPEED    15   HIGHEST WIND DIRECTION    NW (300)
  HIGHEST GUST SPEED    27   HIGHEST GUST DIRECTION     W (280)
  AVERAGE WIND SPEED     9.6


SKY COVER
  POSSIBLE SUNSHINE  MM
  AVERAGE SKY COVER 0.5


WEATHER CONDITIONS
 THE FOLLOWING WEATHER WAS RECORDED TODAY.
  FOG
  HAZE


RELATIVE HUMIDITY (PERCENT)
 HIGHEST    92           500 AM
 LOWEST     72           300 PM
 AVERAGE    82

..........................................................


THE OMAHA EPPLEY, NEBRASKA CLIMATE NORMALS FOR TOMORROW
                         NORMAL    RECORD    YEAR
 MAXIMUM TEMPERATURE (F)   41        70      1996
                                             1930
 MINIMUM TEMPERATURE (F)   21        -6      2010
                                             1965
                                             1874


SUNRISE AND SUNSET
FEBRUARY 23 2018......SUNRISE   707 AM CST   SUNSET   607 PM CST
FEBRUARY 24 2018......SUNRISE   706 AM CST   SUNSET   609 PM CST


-  INDICATES NEGATIVE NUMBERS.
R  INDICATES RECORD WAS SET OR TIED.
MM INDICATES DATA IS MISSING.
T  INDICATES TRACE AMOUNT.




$$
