000
CDUS43 KOAX 250632
CLIOMA


CLIMATE REPORT
NATIONAL WEATHER SERVICE OMAHA NEBRASKA
130 AM CDT MON SEP 25 2017


...................................

...THE OMAHA EPPLEY, NEBRASKA CLIMATE SUMMARY FOR SEPTEMBER 24 2017...

CLIMATE NORMAL PERIOD 1981 TO 2010
CLIMATE RECORD PERIOD 1871 TO 2017


WEATHER ITEM   OBSERVED TIME   RECORD YEAR NORMAL DEPARTURE LAST
                VALUE   (LST)  VALUE       VALUE  FROM      YEAR
                                                  NORMAL
..................................................................
TEMPERATURE (F)
 YESTERDAY
  MAXIMUM         89   1236 PM  91    1892  74     15       84
  MINIMUM         64   1159 PM  31    1965  50     14       69
  AVERAGE         77                        62     15       77

PRECIPITATION (IN)
  YESTERDAY        0.20          1.91 1913   0.08   0.12     1.19
  MONTH TO DATE    1.51                      2.19  -0.68     4.32
  SINCE SEP 1      1.51                      2.19  -0.68     4.32
  SINCE JAN 1     20.48                     25.30  -4.82    30.64

SNOWFALL (IN)
  YESTERDAY        0.0                       0.0    0.0      0.0
  MONTH TO DATE    0.0                       0.0    0.0      0.0
  SINCE JUL 1      0.0                       0.0    0.0       T
  SNOW DEPTH       0

DEGREE DAYS
 HEATING
  YESTERDAY        0                         5     -5        0
  MONTH TO DATE   14                        58    -44        6
  SINCE SEP 1     14                        58    -44        6
  SINCE JUL 1     14                        66    -52        6

 COOLING
  YESTERDAY       12                         2     10       12
  MONTH TO DATE  199                       106     93      207
  SINCE SEP 1    199                       106     93      207
  SINCE JAN 1   1328                      1086    242     1454
..................................................................


WIND (MPH)
  HIGHEST WIND SPEED    26   HIGHEST WIND DIRECTION     W (280)
  HIGHEST GUST SPEED    35   HIGHEST GUST DIRECTION     W (260)
  AVERAGE WIND SPEED    10.1


SKY COVER
  POSSIBLE SUNSHINE  MM
  AVERAGE SKY COVER 0.8


WEATHER CONDITIONS
 THE FOLLOWING WEATHER WAS RECORDED YESTERDAY.
  THUNDERSTORM
  HEAVY RAIN
  RAIN
  LIGHT RAIN
  HAZE


RELATIVE HUMIDITY (PERCENT)
 HIGHEST    87          1100 PM
 LOWEST     48           100 PM
 AVERAGE    68

..........................................................


THE OMAHA EPPLEY, NEBRASKA CLIMATE NORMALS FOR TODAY
                         NORMAL    RECORD    YEAR
 MAXIMUM TEMPERATURE (F)   74        93      1998
 MINIMUM TEMPERATURE (F)   50        33      1926


SUNRISE AND SUNSET
SEPTEMBER 25 2017.....SUNRISE   714 AM CDT   SUNSET   715 PM CDT
SEPTEMBER 26 2017.....SUNRISE   715 AM CDT   SUNSET   713 PM CDT


-  INDICATES NEGATIVE NUMBERS.
R  INDICATES RECORD WAS SET OR TIED.
MM INDICATES DATA IS MISSING.
T  INDICATES TRACE AMOUNT.




$$
