000
CDUS43 KOAX 300626
CLIOMA


CLIMATE REPORT
NATIONAL WEATHER SERVICE OMAHA NEBRASKA
123 AM CDT MON MAR 30 2015


...................................

...THE OMAHA EPPLEY, NEBRASKA CLIMATE SUMMARY FOR MARCH 29 2015...

CLIMATE NORMAL PERIOD 1981 TO 2010
CLIMATE RECORD PERIOD 1871 TO 2015


WEATHER ITEM   OBSERVED TIME   RECORD YEAR NORMAL DEPARTURE LAST
                VALUE   (LST)  VALUE       VALUE  FROM      YEAR
                                                  NORMAL
..................................................................
TEMPERATURE (F)
 YESTERDAY
  MAXIMUM         63    441 PM  88    1986  57      6       57
  MINIMUM         37   1102 PM  10    1969  33      4       20
  AVERAGE         50                        45      5       39

PRECIPITATION (IN)
  YESTERDAY        T             0.84 1976   0.08  -0.08     0.00
  MONTH TO DATE    0.54                      1.82  -1.28     0.21
  SINCE MAR 1      0.54                      1.82  -1.28     0.21
  SINCE JAN 1      1.68                      3.39  -1.71     1.07

SNOWFALL (IN)
  YESTERDAY        0.0                       0.1   -0.1      0.0
  MONTH TO DATE    0.2                       4.0   -3.8      2.3
  SINCE JUL 1     13.8                      25.2  -11.4     17.2
  SNOW DEPTH       0

DEGREE DAYS
 HEATING
  YESTERDAY       15                        20     -5       26
  MONTH TO DATE  636                       752   -116      861
  SINCE MAR 1    636                       752   -116      861
  SINCE JUL 1   5347                      5550   -203     5966

 COOLING
  YESTERDAY        0                         0      0        0
  MONTH TO DATE    0                         0      0        0
  SINCE MAR 1      0                         0      0        0
  SINCE JAN 1      0                         0      0        0
..................................................................


WIND (MPH)
  HIGHEST WIND SPEED    38   HIGHEST WIND DIRECTION    NW (320)
  HIGHEST GUST SPEED    46   HIGHEST GUST DIRECTION    NW (310)
  AVERAGE WIND SPEED    15.1


SKY COVER
  POSSIBLE SUNSHINE  MM
  AVERAGE SKY COVER 0.5


WEATHER CONDITIONS
 THE FOLLOWING WEATHER WAS RECORDED YESTERDAY.
  LIGHT RAIN


RELATIVE HUMIDITY (PERCENT)
 HIGHEST    76           700 AM
 LOWEST     22           600 PM
 AVERAGE    49

..........................................................


THE OMAHA EPPLEY, NEBRASKA CLIMATE NORMALS FOR TODAY
                         NORMAL    RECORD    YEAR
 MAXIMUM TEMPERATURE (F)   57        89      1968
 MINIMUM TEMPERATURE (F)   33        11      1987


SUNRISE AND SUNSET
MARCH 30 2015.........SUNRISE   710 AM CDT   SUNSET   746 PM CDT
MARCH 31 2015.........SUNRISE   709 AM CDT   SUNSET   747 PM CDT


-  INDICATES NEGATIVE NUMBERS.
R  INDICATES RECORD WAS SET OR TIED.
MM INDICATES DATA IS MISSING.
T  INDICATES TRACE AMOUNT.


$$

BCM
