000
CDUS43 KOAX 250625
CLIOMA


CLIMATE REPORT
NATIONAL WEATHER SERVICE OMAHA NEBRASKA
123 AM CDT TUE APR 25 2017


...................................

...THE OMAHA EPPLEY, NEBRASKA CLIMATE SUMMARY FOR APRIL 24 2017...

CLIMATE NORMAL PERIOD 1981 TO 2010
CLIMATE RECORD PERIOD 1871 TO 2017


WEATHER ITEM   OBSERVED TIME   RECORD YEAR NORMAL DEPARTURE LAST
                VALUE   (LST)  VALUE       VALUE  FROM      YEAR
                                                  NORMAL
..................................................................
TEMPERATURE (F)
 YESTERDAY
  MAXIMUM         76    235 PM  92    1989  67      9       82
  MINIMUM         53    549 AM  26    1956  43     10       59
                                      1873
  AVERAGE         65                        55     10       71

PRECIPITATION (IN)
  YESTERDAY        0.00          1.72 2007   0.12  -0.12     0.45
  MONTH TO DATE    0.93                      2.24  -1.31     2.75
  SINCE MAR 1      3.32                      4.23  -0.91     3.78
  SINCE JAN 1      5.22                      5.80  -0.58     5.50

SNOWFALL (IN)
  YESTERDAY        0.0                       0.0    0.0      0.0
  MONTH TO DATE    0.0                       0.9   -0.9       T
  SINCE JUL 1     11.4                      26.3  -14.9     27.4
  SNOW DEPTH       0

DEGREE DAYS
 HEATING
  YESTERDAY        0                        11    -11        0
  MONTH TO DATE  199                       355   -156      242
  SINCE MAR 1    862                      1146   -284      779
  SINCE JUL 1   4689                      5944  -1255     4745

 COOLING
  YESTERDAY        0                         1     -1        6
  MONTH TO DATE    8                         8      0       11
  SINCE MAR 1      8                         9     -1       13
  SINCE JAN 1      8                         9     -1       13
..................................................................


WIND (MPH)
  HIGHEST WIND SPEED    36   HIGHEST WIND DIRECTION     S (170)
  HIGHEST GUST SPEED    42   HIGHEST GUST DIRECTION     S (160)
  AVERAGE WIND SPEED    18.7


SKY COVER
  POSSIBLE SUNSHINE  MM
  AVERAGE SKY COVER 0.7


WEATHER CONDITIONS
 THE FOLLOWING WEATHER WAS RECORDED YESTERDAY.
  NO SIGNIFICANT WEATHER WAS OBSERVED.


RELATIVE HUMIDITY (PERCENT)
 HIGHEST    52          1000 PM
 LOWEST     25           200 PM
 AVERAGE    39

..........................................................


THE OMAHA EPPLEY, NEBRASKA CLIMATE NORMALS FOR TODAY
                         NORMAL    RECORD    YEAR
 MAXIMUM TEMPERATURE (F)   67        91      2012
                                             1954
 MINIMUM TEMPERATURE (F)   44        27      1873


SUNRISE AND SUNSET
APRIL 25 2017.........SUNRISE   629 AM CDT   SUNSET   815 PM CDT
APRIL 26 2017.........SUNRISE   627 AM CDT   SUNSET   816 PM CDT


-  INDICATES NEGATIVE NUMBERS.
R  INDICATES RECORD WAS SET OR TIED.
MM INDICATES DATA IS MISSING.
T  INDICATES TRACE AMOUNT.


$$

BCM
