000
CDUS43 KOAX 060703
CLIOMA


CLIMATE REPORT
NATIONAL WEATHER SERVICE OMAHA NEBRASKA
102 AM CST SAT FEB 6 2016


...................................

...THE OMAHA EPPLEY, NEBRASKA CLIMATE SUMMARY FOR FEBRUARY 5 2016...

CLIMATE NORMAL PERIOD 1981 TO 2010
CLIMATE RECORD PERIOD 1871 TO 2016


WEATHER ITEM   OBSERVED TIME   RECORD YEAR NORMAL DEPARTURE LAST
                VALUE   (LST)  VALUE       VALUE  FROM      YEAR
                                                  NORMAL
..................................................................
TEMPERATURE (F)
 YESTERDAY
  MAXIMUM         32    553 PM  64    1999  35     -3       23
  MINIMUM         15   1251 AM -18    1936  15      0       -6
  AVERAGE         24                        25     -1        9

PRECIPITATION (IN)
  YESTERDAY        0.04          0.81 1911   0.03   0.01     0.00
  MONTH TO DATE    0.48                      0.14   0.34     0.39
  SINCE DEC 1      6.85                      1.90   4.95     2.76
  SINCE JAN 1      1.59                      0.86   0.73     1.08

SNOWFALL (IN)
  YESTERDAY        0.6                       0.3    0.3      0.0
  MONTH TO DATE    5.5                       1.2    4.3      5.9
  SINCE JUL 1     26.6                      16.3   10.3     13.1
  SNOW DEPTH       2

DEGREE DAYS
 HEATING
  YESTERDAY       41                        40      1       56
  MONTH TO DATE  192                       200     -8      262
  SINCE DEC 1   2394                      2695   -301     2440
  SINCE JUL 1   3272                      3965   -693     3741

 COOLING
  YESTERDAY        0                         0      0        0
  MONTH TO DATE    0                         0      0        0
  SINCE DEC 1      0                         0      0        0
  SINCE JAN 1      0                         0      0        0
..................................................................


WIND (MPH)
  HIGHEST WIND SPEED    17   HIGHEST WIND DIRECTION     S (170)
  HIGHEST GUST SPEED    20   HIGHEST GUST DIRECTION     S (170)
  AVERAGE WIND SPEED     8.4


SKY COVER
  POSSIBLE SUNSHINE  MM
  AVERAGE SKY COVER 0.8


WEATHER CONDITIONS
 THE FOLLOWING WEATHER WAS RECORDED YESTERDAY.
  LIGHT SNOW
  FOG
  HAZE


RELATIVE HUMIDITY (PERCENT)
 HIGHEST   100           900 PM
 LOWEST     81           900 AM
 AVERAGE    91

..........................................................


THE OMAHA EPPLEY, NEBRASKA CLIMATE NORMALS FOR TODAY
                         NORMAL    RECORD    YEAR
 MAXIMUM TEMPERATURE (F)   35        62      2009
 MINIMUM TEMPERATURE (F)   16       -14      1893


SUNRISE AND SUNSET
FEBRUARY  6 2016......SUNRISE   730 AM CST   SUNSET   546 PM CST
FEBRUARY  7 2016......SUNRISE   729 AM CST   SUNSET   547 PM CST


-  INDICATES NEGATIVE NUMBERS.
R  INDICATES RECORD WAS SET OR TIED.
MM INDICATES DATA IS MISSING.
T  INDICATES TRACE AMOUNT.




$$
