000
CDUS43 KOAX 070625
CLIOMA


CLIMATE REPORT
NATIONAL WEATHER SERVICE OMAHA NEBRASKA
124 AM CDT TUE JUL 7 2015


...................................

...THE OMAHA EPPLEY, NEBRASKA CLIMATE SUMMARY FOR JULY 6 2015...

CLIMATE NORMAL PERIOD 1981 TO 2010
CLIMATE RECORD PERIOD 1871 TO 2015


WEATHER ITEM   OBSERVED TIME   RECORD YEAR NORMAL DEPARTURE LAST
                VALUE   (LST)  VALUE       VALUE  FROM      YEAR
                                                  NORMAL
..................................................................
TEMPERATURE (F)
 YESTERDAY
  MAXIMUM         81    251 AM 104    2012  87     -6       95
  MINIMUM         64   1159 PM  53    1967  66     -2       72
  AVERAGE         73                        77     -4       84

PRECIPITATION (IN)
  YESTERDAY        0.20          3.55 1898   0.13   0.07     0.00
  MONTH TO DATE    0.83                      0.74   0.09     1.40
  SINCE JUN 1      5.44                      4.92   0.52    11.92
  SINCE JAN 1     16.13                     16.20  -0.07    18.74

SNOWFALL (IN)
  YESTERDAY        0.0                       0.0    0.0      0.0
  MONTH TO DATE    0.0                       0.0    0.0      0.0
  SINCE JUL 1      0.0                       0.0    0.0      0.0
  SNOW DEPTH       0

DEGREE DAYS
 HEATING
  YESTERDAY        0                         0      0        0
  MONTH TO DATE    0                         0      0        1
  SINCE JUN 1      0                        17    -17        7
  SINCE JUL 1      0                         0      0        1

 COOLING
  YESTERDAY        8                        12     -4       19
  MONTH TO DATE   45                        68    -23       45
  SINCE JUN 1    307                       298      9      312
  SINCE JAN 1    353                       380    -27      455
..................................................................


WIND (MPH)
  HIGHEST WIND SPEED    26   HIGHEST WIND DIRECTION     N (010)
  HIGHEST GUST SPEED    34   HIGHEST GUST DIRECTION     N (360)
  AVERAGE WIND SPEED     9.3


SKY COVER
  POSSIBLE SUNSHINE  MM
  AVERAGE SKY COVER 1.0


WEATHER CONDITIONS
 THE FOLLOWING WEATHER WAS RECORDED YESTERDAY.
  THUNDERSTORM
  LIGHT RAIN
  FOG
  HAZE


RELATIVE HUMIDITY (PERCENT)
 HIGHEST    93           900 PM
 LOWEST     73           600 PM
 AVERAGE    83

..........................................................


THE OMAHA EPPLEY, NEBRASKA CLIMATE NORMALS FOR TODAY
                         NORMAL    RECORD    YEAR
 MAXIMUM TEMPERATURE (F)   87       102      1890
 MINIMUM TEMPERATURE (F)   66        52      1908


SUNRISE AND SUNSET
JULY  7 2015..........SUNRISE   558 AM CDT   SUNSET   859 PM CDT
JULY  8 2015..........SUNRISE   558 AM CDT   SUNSET   859 PM CDT


-  INDICATES NEGATIVE NUMBERS.
R  INDICATES RECORD WAS SET OR TIED.
MM INDICATES DATA IS MISSING.
T  INDICATES TRACE AMOUNT.




$$
