000
CDUS43 KOAX 200623
CLIOMA


CLIMATE REPORT
NATIONAL WEATHER SERVICE OMAHA NEBRASKA
122 AM CDT SAT SEP 20 2014


...................................

...THE OMAHA EPPLEY, NEBRASKA CLIMATE SUMMARY FOR SEPTEMBER 19 2014...

CLIMATE NORMAL PERIOD 1981 TO 2010
CLIMATE RECORD PERIOD 1871 TO 2014


WEATHER ITEM   OBSERVED TIME   RECORD YEAR NORMAL DEPARTURE LAST
                VALUE   (LST)  VALUE       VALUE  FROM      YEAR
                                                  NORMAL
..................................................................
TEMPERATURE (F)
 YESTERDAY
  MAXIMUM         85    454 PM  97    1895  76      9       81
  MINIMUM         61    123 AM  31    1991  52      9       59
  AVERAGE         73                        64      9       70

PRECIPITATION (IN)
  YESTERDAY        0.00          2.76 1921   0.09  -0.09     0.24
  MONTH TO DATE    4.13                      1.79   2.34     2.25
  SINCE SEP 1      4.13                      1.79   2.34     2.25
  SINCE JAN 1     32.78                     24.90   7.88    23.49

SNOWFALL (IN)
  YESTERDAY        0.0                       0.0    0.0      0.0
  MONTH TO DATE    0.0                       0.0    0.0      0.0
  SINCE JUL 1      0.0                       0.0    0.0      0.0
  SNOW DEPTH       0

DEGREE DAYS
 HEATING
  YESTERDAY        0                         4     -4        0
  MONTH TO DATE   68                        36     32        3
  SINCE SEP 1     68                        36     32        3
  SINCE JUL 1     72                        44     28        8

 COOLING
  YESTERDAY        8                         3      5        5
  MONTH TO DATE   70                        94    -24      170
  SINCE SEP 1     70                        94    -24      170
  SINCE JAN 1   1093                      1074     19     1236
..................................................................


WIND (MPH)
  HIGHEST WIND SPEED    25   HIGHEST WIND DIRECTION     S (170)
  HIGHEST GUST SPEED    31   HIGHEST GUST DIRECTION     S (160)
  AVERAGE WIND SPEED    16.4


SKY COVER
  POSSIBLE SUNSHINE  MM
  AVERAGE SKY COVER 0.5


WEATHER CONDITIONS
 THE FOLLOWING WEATHER WAS RECORDED YESTERDAY.
  FOG
  HAZE


RELATIVE HUMIDITY (PERCENT)
 HIGHEST    93           500 AM
 LOWEST     58           200 PM
 AVERAGE    76

..........................................................


THE OMAHA EPPLEY, NEBRASKA CLIMATE NORMALS FOR TODAY
                         NORMAL    RECORD    YEAR
 MAXIMUM TEMPERATURE (F)   76        93      1931
 MINIMUM TEMPERATURE (F)   52        35      1943
                                             1918


SUNRISE AND SUNSET
SEPTEMBER 20 2014.....SUNRISE   709 AM CDT   SUNSET   724 PM CDT
SEPTEMBER 21 2014.....SUNRISE   710 AM CDT   SUNSET   722 PM CDT


-  INDICATES NEGATIVE NUMBERS.
R  INDICATES RECORD WAS SET OR TIED.
MM INDICATES DATA IS MISSING.
T  INDICATES TRACE AMOUNT.




$$
