000
CDAK49 PAFG 040943
CLIOME

CLIMATE REPORT
NATIONAL WEATHER SERVICE FAIRBANKS AK
1243 AM AKST SUN DEC 4 2016


...................................

...THE NOME AK CLIMATE SUMMARY FOR DECEMBER 3 2016...

CLIMATE NORMAL PERIOD 1981 TO 2010
CLIMATE RECORD PERIOD 1906 TO 2016


WEATHER ITEM   OBSERVED TIME   RECORD YEAR NORMAL DEPARTURE LAST
                VALUE   (LST)  VALUE       VALUE  FROM      YEAR
                                                  NORMAL
..................................................................
TEMPERATURE (F)
 YESTERDAY
  MAXIMUM         -1    539 AM  40    2002  19    -20       MM
  MINIMUM        -12   1201 PM -32    1916   5    -17       MM
  AVERAGE         -6                        12    -18       MM

PRECIPITATION (IN)
  YESTERDAY        0.00          0.50 1979   0.03  -0.03    MM
  MONTH TO DATE    0.01                      0.10  -0.09    MM
  SINCE DEC 1      0.01                      0.10  -0.09    MM
  SINCE JAN 1     14.97                     15.83  -0.86    MM

SNOWFALL (IN)
  YESTERDAY        0.0           6.5  2011   0.4   -0.4     MM
  MONTH TO DATE    0.4                       1.2   -0.8     MM
  SINCE DEC 1      0.4                       1.2   -0.8     MM
  SINCE JUL 1      9.0                      18.5   -9.5     MM
  SNOW DEPTH       6

DEGREE DAYS
 HEATING
  YESTERDAY       71                        53     18       MM
  MONTH TO DATE  201                       158     43       MM
  SINCE DEC 1    201                       158     43       MM
  SINCE JUL 1   3816                      4251   -435       MM

 COOLING
  YESTERDAY        0                         0      0       MM
  MONTH TO DATE    0                         0      0       MM
  SINCE DEC 1      0                         0      0       MM
  SINCE JAN 1      0                         3     -3       MM
..................................................................


WIND (MPH)
  HIGHEST GUST SPEED    11   HIGHEST GUST DIRECTION    NW (320)


SKY COVER
  AVERAGE SKY COVER 0.1


WEATHER CONDITIONS
 THE FOLLOWING WEATHER WAS RECORDED YESTERDAY.
  NO SIGNIFICANT WEATHER WAS OBSERVED.


RELATIVE HUMIDITY (PERCENT)
 HIGHEST    92
 LOWEST     74
 AVERAGE    83

..........................................................


THE NOME AK CLIMATE NORMALS FOR TODAY
                         NORMAL    RECORD    YEAR
 MAXIMUM TEMPERATURE (F)   19        35      2002
                                             1972
                                             1934
 MINIMUM TEMPERATURE (F)    5       -32      1916


SUNRISE AND SUNSET
DECEMBER 04 2016......SUNRISE  1136 AM AKST  SUNSET   409 PM AKST
DECEMBER 05 2016......SUNRISE  1139 AM AKST  SUNSET   407 PM AKST

-  INDICATES NEGATIVE NUMBERS.
R  INDICATES RECORD WAS SET OR TIED.
MM INDICATES DATA IS MISSING.
T  INDICATES TRACE AMOUNT.

&&

SNOW DEPTH IS MEASURED AT 3AM AKST/4AM AKDT.

----------------------------
AVAILABLE DAYLIGHT

AMOUNT OF DAYLIGHT TODAY  (HOUR:MIN)........4:33
GAIN/LOSS SINCE YESTERDAY (HOUR:MIN:SEC)....-0:04:28

NOME TIDAL INFORMATION FOR  4 DECEMBER 2016
0115  +1.5
0647  +1.7
1417  +0.7
2131  +1.8

$$
DEC 16
