000
CDAK49 PAFG 290051
CLIOME

CLIMATE REPORT
NATIONAL WEATHER SERVICE FAIRBANKS AK
451 PM AKDT WED SEP 28 2016


...................................

...THE NOME AK CLIMATE SUMMARY FOR SEPTEMBER 28 2016...
VALID TODAY AS OF 0400 PM LOCAL TIME.

CLIMATE NORMAL PERIOD 1981 TO 2010
CLIMATE RECORD PERIOD 1906 TO 2016


WEATHER ITEM   OBSERVED TIME   RECORD YEAR NORMAL DEPARTURE LAST
                VALUE   (LST)  VALUE       VALUE  FROM      YEAR
                                                  NORMAL
..................................................................
TEMPERATURE (F)
 TODAY
  MAXIMUM         48    256 PM  57    1984  43      5       MM
  MINIMUM         45    934 AM   9    1992  32     13       MM
  AVERAGE         47                        37     10       MM

PRECIPITATION (IN)
  TODAY            0.04          0.80 1948   0.07  -0.03    MM
  MONTH TO DATE    2.06                      2.32  -0.26    MM
  SINCE SEP 1      2.06                      2.32  -0.26    MM
  SINCE JAN 1     12.32                     12.77  -0.45    MM

SNOWFALL (IN)
  TODAY            0.0           1.6  1957   0.1   -0.1     MM
  MONTH TO DATE    0.0                       0.5   -0.5     MM
  SINCE SEP 1      0.0                       0.5   -0.5     MM
  SINCE JUL 1      0.0                       0.5   -0.5     MM
  SNOW DEPTH       0

DEGREE DAYS
 HEATING
  TODAY           18                        28    -10       MM
  MONTH TO DATE  593                       609    -16       MM
  SINCE SEP 1    593                       609    -16       MM
  SINCE JUL 1   1278                      1469   -191       MM

 COOLING
  TODAY            0                         0      0       MM
  MONTH TO DATE    0                         0      0       MM
  SINCE SEP 1      0                         0      0       MM
  SINCE JAN 1      0                         3     -3       MM
..................................................................


WIND (MPH)
  HIGHEST GUST SPEED    39   HIGHEST GUST DIRECTION     S (160)


SKY COVER
  AVERAGE SKY COVER 0.8


WEATHER CONDITIONS
 THE FOLLOWING WEATHER WAS RECORDED TODAY.
  LIGHT RAIN
  FOG


RELATIVE HUMIDITY (PERCENT)
 HIGHEST   100
 LOWEST     86
 AVERAGE    93

..........................................................


THE NOME AK CLIMATE NORMALS FOR TOMORROW
                         NORMAL    RECORD    YEAR
 MAXIMUM TEMPERATURE (F)   43        57      1969
 MINIMUM TEMPERATURE (F)   31        14      1992


SUNRISE AND SUNSET
SEPTEMBER 28 2016.....SUNRISE   905 AM AKDT  SUNSET   839 PM AKDT
SEPTEMBER 29 2016.....SUNRISE   908 AM AKDT  SUNSET   835 PM AKDT

-  INDICATES NEGATIVE NUMBERS.
R  INDICATES RECORD WAS SET OR TIED.
MM INDICATES DATA IS MISSING.
T  INDICATES TRACE AMOUNT.

&&

SNOW DEPTH IS MEASURED AT 3AM AKST/4AM AKDT.

----------------------------
AVAILABLE DAYLIGHT

AMOUNT OF DAYLIGHT TODAY  (HOUR:MIN)........11:34
GAIN/LOSS SINCE YESTERDAY (HOUR:MIN:SEC)....-0:06:32

NOME TIDAL INFORMATION FOR 29 SEPTEMBER 2016
0445  +0.8
1544  +0.1

$$
SEP 16
