432
CDAK49 PAFG 200950
CLIOME

CLIMATE REPORT
NATIONAL WEATHER SERVICE FAIRBANKS AK
1250 AM AKST SAT JAN 20 2018


...................................

...THE NOME AK CLIMATE SUMMARY FOR JANUARY 19 2018...

CLIMATE NORMAL PERIOD 1981 TO 2010
CLIMATE RECORD PERIOD 1906 TO 2018


WEATHER ITEM   OBSERVED TIME   RECORD YEAR NORMAL DEPARTURE LAST
                VALUE   (LST)  VALUE       VALUE  FROM      YEAR
                                                  NORMAL
..................................................................
TEMPERATURE (F)
 YESTERDAY
  MAXIMUM         -9    538 PM  42    1940  13    -22       -9
  MINIMUM        -17   1159 PM -38    1989  -3    -14      -28
  AVERAGE        -13                         5    -18      -18

PRECIPITATION (IN)
  YESTERDAY        0.00          0.60 1922   0.03  -0.03     0.00
                                      1921
  MONTH TO DATE    0.45                      0.59  -0.14     0.32
  SINCE DEC 1      2.01                      1.67   0.34     1.39
  SINCE JAN 1      0.45                      0.59  -0.14     0.32

SNOWFALL (IN)
  YESTERDAY        0.0           6.0  1921   0.4   -0.4      0.0
  MONTH TO DATE    5.7                       8.0   -2.3      3.0
  SINCE DEC 1     24.4                      22.5    1.9     19.0
  SINCE JUL 1     56.0                      39.8   16.2     27.6
  SNOW DEPTH      27

DEGREE DAYS
 HEATING
  YESTERDAY       78                        60     18       83
  MONTH TO DATE  892                      1133   -241     1143
  SINCE DEC 1   2224                      2853   -629     2745
  SINCE JUL 1   6012                      6946   -934     6360

 COOLING
  YESTERDAY        0                         0      0        0
  MONTH TO DATE    0                         0      0        0
  SINCE DEC 1      0                         0      0        0
  SINCE JAN 1      0                         0      0        0
..................................................................


WIND (MPH)
  HIGHEST GUST SPEED     7   HIGHEST GUST DIRECTION    NE (40)


SKY COVER
  AVERAGE SKY COVER 0.0


WEATHER CONDITIONS
 THE FOLLOWING WEATHER WAS RECORDED YESTERDAY.
  FOG
  HAZE


RELATIVE HUMIDITY (PERCENT)
 HIGHEST    89
 LOWEST     70
 AVERAGE    80

..........................................................


THE NOME AK CLIMATE NORMALS FOR TODAY
                         NORMAL    RECORD    YEAR
 MAXIMUM TEMPERATURE (F)   13        40      1940
 MINIMUM TEMPERATURE (F)   -3       -40      1989


SUNRISE AND SUNSET
JANUARY 20 2018.......SUNRISE  1120 AM AKST  SUNSET   507 PM AKST
JANUARY 21 2018.......SUNRISE  1117 AM AKST  SUNSET   511 PM AKST

-  INDICATES NEGATIVE NUMBERS.
R  INDICATES RECORD WAS SET OR TIED.
MM INDICATES DATA IS MISSING.
T  INDICATES TRACE AMOUNT.

&&

SNOW DEPTH IS MEASURED AT 3AM AKST/4AM AKDT.

----------------------------
AVAILABLE DAYLIGHT

AMOUNT OF DAYLIGHT TODAY  (HOUR:MIN)........5:47
GAIN/LOSS SINCE YESTERDAY (HOUR:MIN:SEC)....+0:06:02

NOME TIDAL INFORMATION FOR 20 JANUARY 2018
0033  +1.3
0632  +1.5
1321  +0.5
2036  +1.6

$$
CCC JAN 18
