000
CDAK49 PAOM 192356
CLIOME

CLIMATE REPORT
NATIONAL WEATHER SERVICE NOME, AK
256 PM AKST FRI DEC 19 2014

...................................
...THE NOME WSO AP CLIMATE SUMMARY FOR DECEMBER 19 2014...
VALID TODAY AS OF 2:00 PM LOCAL TIME

CLIMATE NORMAL PERIOD  1981 TO  2010
CLIMATE RECORD PERIOD  1906 TO  2014

WEATHER ITEM   OBSERVED TIME    RECORD YEAR NORMAL DEPARTURE LAST
               VALUE    (LST)   VALUE       VALUE  FROM      YEAR
                                                   NORMAL
...................................................................
TEMPERATURE
TODAY
 MAXIMUM            26  0154 AM    38  1969     16      10     14
 MINIMUM            16  1253 PM   -36  1918      2      14      7
 AVERAGE            21                           9      12     11

PRECIPITATION
(INCHES)
 TODAY            0.00           0.44  1921   0.04   -0.04   0.00
 MONTH TO DATE    0.25                        0.66   -0.41   1.60
 SINCE DEC 1      0.25                        0.66   -0.41   1.60
 SINCE JAN 1     13.92                       16.39   -2.47  21.92

SNOWFALL
(INCHES)
 TODAY             0.0            6.3  2010    0.6    -0.6    0.0
 MONTH TO DATE     2.9                         8.7    -5.8    9.7
 SINCE DEC 1       2.9                         8.7    -5.8    9.7
 SINCE JUL 1      20.5                        26.0    -5.5   24.3
 SNOW DEPTH (IN)    11                                          6

DEGREE DAYS
 HEATING
  TODAY             44                          56     -12     54
  MONTH TO DATE    885                        1033    -148    852
  SINCE DEC 1      885                        1033    -148    852
  SINCE JUL 1     4430                        5131    -701   4654

 COOLING
  TODAY              0                           0       0      0
  MONTH TO DATE      0                           0       0      0
  SINCE DEC 1        0                           0       0      0
  SINCE JAN 1        3                           0       3      7
...................................................................

WIND (MPH)
 HIGHEST WIND SPEED    17     HIGHEST WIND DIRECTION     40
 HIGHEST GUST SPEED    21     HIGHEST GUST DIRECTION     40
 AVERAGE WIND SPEED    MM

SKY COVER
  POSSIBLE SUNSHINE  MM            AVERAGE SKY COVER MM

WEATHER CONDITIONS
 THE FOLLOWING WEATHER WAS RECORDED TODAY.
NO SIGNIFICANT WEATHER WAS OBSERVED.

RELATIVE HUMIDITY
 HIGHEST RH     MM PERCENT       MM
 LOWEST  RH     MM PERCENT       MM
 AVERAGE RH     MM PERCENT       MM
...................................................................

THE NOME CLIMATE NORMALS FOR TOMORROW
                        NORMAL    RECORD   YEAR
 MAXIMUM TEMPERATURE      16        43     1969
 MINIMUM TEMPERATURE       1       -28     1957

SUNRISE AND SUNSET
 DEC 19 2014..........SUNRISE 12:02 PM      SUNSET  3:57 PM
 DEC 20 2014..........SUNRISE 12:03 PM      SUNSET  3:57 PM

-  INDICATES NEGATIVE NUMBERS.
R  INDICATES RECORD HAS BEEN SET OR TIED.
MM INDICATES DATA IS MISSING.
T  INDICATES TRACE OF PRECIPITATION.

&&
-------------------------------------------------------------------

AMOUNT OF DAYLIGHT TODAY  (HOUR:MIN)........3 HOURS 55 MINUTES
GAIN/LOSS SINCE YESTERDAY (HOUR:MIN:SEC)....-0:00:47

$$
RWM DEC 14
