000
CDAK49 PAOM 290915
CLIOME

CLIMATE REPORT
NATIONAL WEATHER SERVICE NOME, AK
116 AM AKDT FRI MAY 29 2015

...................................
...THE NOME WSO AP CLIMATE SUMMARY FOR MAY 28 2015...

CLIMATE NORMAL PERIOD  1981 TO  2010
CLIMATE RECORD PERIOD  1906 TO  2015

WEATHER ITEM   OBSERVED TIME    RECORD YEAR NORMAL DEPARTURE LAST
               VALUE    (LST)   VALUE       VALUE  FROM      YEAR
                                                   NORMAL
...................................................................
TEMPERATURE
YESTERDAY
 MAXIMUM            48  0359 PM    75  2011     49      -1     43
 MINIMUM            41  0542 AM    17  1934     35       6     37
 AVERAGE            45                          42       3     40

PRECIPITATION
(INCHES)
 YESTERDAY        0.02           0.76  1996   0.02    0.00   0.12
 MONTH TO DATE    1.48                        0.77    0.71   0.97
 SINCE MAR 1      2.79                        2.18    0.61   1.95
 SINCE JAN 1      4.43                        4.05    0.38   4.12

SNOWFALL
(INCHES)
 YESTERDAY         0.0            0.1  2000    0.0     0.0    0.0
 MONTH TO DATE       T                         2.2    -2.2    2.6
 SINCE MAR 1      16.4                        18.6    -2.2   18.0
 SINCE JUL 1      59.7                        75.3   -15.6   72.3
 SNOW DEPTH (IN)     0                                          0

DEGREE DAYS
 HEATING
  YESTERDAY         20                          23      -3     25
  MONTH TO DATE    709                         807     -98    854
  SINCE MAR 1     3816                        3838     -22   3574
  SINCE JUL 1    11980                       13120   -1140  11728

 COOLING
  YESTERDAY          0                           0       0      0
  MONTH TO DATE      0                           0       0      0
  SINCE MAR 1        0                           0       0      0
  SINCE JAN 1        0                           0       0      0
...................................................................

WIND (MPH)
 HIGHEST WIND SPEED    15     HIGHEST WIND DIRECTION    100
 HIGHEST GUST SPEED    18     HIGHEST GUST DIRECTION     70
 AVERAGE WIND SPEED   6.8

SKY COVER
  POSSIBLE SUNSHINE    MM          AVERAGE SKY COVER     MM

WEATHER CONDITIONS
 THE FOLLOWING WEATHER WAS RECORDED YESTERDAY.
  RAIN


RELATIVE HUMIDITY
 HIGHEST RH     MM PERCENT       MM
 LOWEST  RH     MM PERCENT       MM
 AVERAGE RH     MM PERCENT       MM
...................................................................

THE NOME CLIMATE NORMALS FOR TODAY
                           NORMAL    RECORD   YEAR
 MAXIMUM TEMPERATURE (F)     49        72     1981
 MINIMUM TEMPERATURE (F)     35        22     1976

SUNRISE AND SUNSET
 MAY 29 2015..........SUNRISE  4:59 AM      SUNSET  1:03 AM
 MAY 30 2015..........SUNRISE  4:56 AM      SUNSET  1:06 AM

-  INDICATES NEGATIVE NUMBERS.
R  INDICATES RECORD HAS BEEN SET OR TIED.
MM INDICATES DATA IS MISSING.
T  INDICATES TRACE OF PRECIPITATION.

&&
-------------------------------------------------------------------

AMOUNT OF DAYLIGHT TODAY  (HOUR:MIN)........20 HOURS 4 MINUTES
GAIN/LOSS SINCE YESTERDAY (HOUR:MIN:SEC)....+0:06:08

TIDE INFORMATION FOR 5/29/2015

HIGH 2:58 AM 1.0 FT
LOW  8:04 AM 0.5 FT
HIGH 2:47 PM 1.4 FT
LOW  9:54 PM 0.4 FT

$$
JAS MAY 15
