086
CDAK49 PAFG 231153
CLIOME

CLIMATE REPORT
NATIONAL WEATHER SERVICE FAIRBANKS AK
353 AM AKDT MON OCT 23 2017


...................................

...THE NOME AK CLIMATE SUMMARY FOR OCTOBER 22 2017...

CLIMATE NORMAL PERIOD 1981 TO 2010
CLIMATE RECORD PERIOD 1906 TO 2017


WEATHER ITEM   OBSERVED TIME   RECORD YEAR NORMAL DEPARTURE LAST
                VALUE   (LST)  VALUE       VALUE  FROM      YEAR
                                                  NORMAL
..................................................................
TEMPERATURE (F)
 YESTERDAY
  MAXIMUM         24    435 PM  48    1926  32     -8       37
  MINIMUM         14    940 PM   3    1967  20     -6       27
  AVERAGE         19                        26     -7       32

PRECIPITATION (IN)
  YESTERDAY        0.00          0.83 1944   0.05  -0.05     0.01
  MONTH TO DATE    2.58                      1.22   1.36     0.49
  SINCE SEP 1      5.31                      3.67   1.64     2.78
  SINCE JAN 1     15.04                     14.12   0.92    13.04

SNOWFALL (IN)
  YESTERDAY        0.0           3.5  1989   0.2   -0.2      0.1
  MONTH TO DATE    3.0                       2.5    0.5      0.1
  SINCE SEP 1      3.0                       3.1   -0.1      0.1
  SINCE JUL 1      3.0                       3.1   -0.1      0.1
  SNOW DEPTH       3

DEGREE DAYS
 HEATING
  YESTERDAY       46                        39      7       33
  MONTH TO DATE  668                       754    -86      591
  SINCE SEP 1   1352                      1420    -68     1221
  SINCE JUL 1   2198                      2280    -82     1906

 COOLING
  YESTERDAY        0                         0      0        0
  MONTH TO DATE    0                         0      0        0
  SINCE SEP 1      0                         0      0        0
  SINCE JAN 1      4                         3      1        0
..................................................................


WIND (MPH)
  HIGHEST GUST SPEED    24   HIGHEST GUST DIRECTION     E (70)


SKY COVER
  AVERAGE SKY COVER 0.2


WEATHER CONDITIONS
 THE FOLLOWING WEATHER WAS RECORDED YESTERDAY.
  NO SIGNIFICANT WEATHER WAS OBSERVED.


RELATIVE HUMIDITY (PERCENT)
 HIGHEST    81
 LOWEST     67
 AVERAGE    74

..........................................................


THE NOME AK CLIMATE NORMALS FOR TODAY
                         NORMAL    RECORD    YEAR
 MAXIMUM TEMPERATURE (F)   31        46      1926
 MINIMUM TEMPERATURE (F)   20         2      1967
                                             1947


SUNRISE AND SUNSET
OCTOBER 23 2017.......SUNRISE  1020 AM AKDT  SUNSET   711 PM AKDT
OCTOBER 24 2017.......SUNRISE  1024 AM AKDT  SUNSET   708 PM AKDT

-  INDICATES NEGATIVE NUMBERS.
R  INDICATES RECORD WAS SET OR TIED.
MM INDICATES DATA IS MISSING.
T  INDICATES TRACE AMOUNT.

&&

SNOW DEPTH IS MEASURED AT 3AM AKST/4AM AKDT.

----------------------------
AVAILABLE DAYLIGHT

AMOUNT OF DAYLIGHT TODAY  (HOUR:MIN)........8:51
GAIN/LOSS SINCE YESTERDAY (HOUR:MIN:SEC)....-0:06:37

NOME TIDAL INFORMATION FOR 23 OCTOBER 2017
0116  +1.0
0735  +1.7
1412  +0.7
2058  +1.6

$$
OCT 17
