000
CDAK49 PAOM 300945
CLIOME

CLIMATE REPORT
NATIONAL WEATHER SERVICE NOME, AK
1245 AM AKST FRI JAN 30 2015

...................................
...THE NOME WSO AP CLIMATE SUMMARY FOR JANUARY 29 2015...

CLIMATE NORMAL PERIOD  1981 TO  2010
CLIMATE RECORD PERIOD  1906 TO  2015

WEATHER ITEM   OBSERVED TIME    RECORD YEAR NORMAL DEPARTURE LAST
               VALUE    (LST)   VALUE       VALUE  FROM      YEAR
                                                   NORMAL
...................................................................
TEMPERATURE
YESTERDAY
 MAXIMUM             0  1032 PM    38  1945     13     -13     33
 MINIMUM           -20  0122 AM   -46  1919     -3     -17     28
 AVERAGE           -10                           5     -15     31

PRECIPITATION
(INCHES)
 YESTERDAY        0.00           0.48  1928   0.03   -0.03   0.00
 MONTH TO DATE    0.71                        0.88   -0.17   1.21
 SINCE DEC 1      1.25                        1.96   -0.71   3.22
 SINCE JAN 1      0.71                        0.88   -0.17   1.21

SNOWFALL
(INCHES)
 YESTERDAY         0.0            1.6  2008    0.4    -0.4    0.0
 MONTH TO DATE    10.4                        11.9    -1.5   11.8
 SINCE DEC 1      15.5                        26.4   -10.9   30.2
 SINCE JUL 1      33.1                        43.7   -10.6   44.8
 SNOW DEPTH (IN)    12                                          9

DEGREE DAYS
 HEATING
  YESTERDAY         75                          60      15     34
  MONTH TO DATE   1617                        1733    -116   1284
  SINCE DEC 1     3135                        3453    -318   2844
  SINCE JUL 1     6680                        7551    -871   6650

 COOLING
  YESTERDAY          0                           0       0      0
  MONTH TO DATE      0                           0       0      0
  SINCE DEC 1        0                           0       0      0
  SINCE JAN 1        0                           0       0      0
...................................................................

WIND (MPH)
 HIGHEST WIND SPEED     9     HIGHEST WIND DIRECTION     80
 HIGHEST GUST SPEED    11     HIGHEST GUST DIRECTION     80
 AVERAGE WIND SPEED   0.7

SKY COVER
  POSSIBLE SUNSHINE    MM          AVERAGE SKY COVER     MM

WEATHER CONDITIONS
 THE FOLLOWING WEATHER WAS RECORDED YESTERDAY.
  NO SIGNIFICANT WEATHER WAS OBSERVED.

RELATIVE HUMIDITY
 HIGHEST RH     MM PERCENT       MM
 LOWEST  RH     MM PERCENT       MM
 AVERAGE RH     MM PERCENT       MM
...................................................................

THE NOME CLIMATE NORMALS FOR TODAY
                           NORMAL    RECORD   YEAR
 MAXIMUM TEMPERATURE (F)     13        42     2007
 MINIMUM TEMPERATURE (F)     -3       -46     1993

SUNRISE AND SUNSET
 JAN 30 2015..........SUNRISE 10:52 AM      SUNSET  5:40 PM
 JAN 31 2015..........SUNRISE 10:48 AM      SUNSET  5:44 PM

-  INDICATES NEGATIVE NUMBERS.
R  INDICATES RECORD HAS BEEN SET OR TIED.
MM INDICATES DATA IS MISSING.
T  INDICATES TRACE OF PRECIPITATION.

&&
-------------------------------------------------------------------

AMOUNT OF DAYLIGHT TODAY  (HOUR:MIN)........6 HOURS 48 MINUTES
GAIN/LOSS SINCE YESTERDAY (HOUR:MIN:SEC)....+0:06:30

NOME TIDAL INFORMATION FOR 30 JANUARY 2015
1226AM  +1.3
0721AM  +0.1
0213PM  +1.2
0716PM  +0.7

$$

CKC JAN 15
