000
CDAK49 PAOM 130925
CLIOME

CLIMATE REPORT
NATIONAL WEATHER SERVICE NOME, AK
125 AM AKDT SUN JUL 13 2014

...................................
...THE NOME WSO AP CLIMATE SUMMARY FOR JULY 12 2014...

CLIMATE NORMAL PERIOD  1981 TO  2010
CLIMATE RECORD PERIOD  1906 TO  2014

WEATHER ITEM   OBSERVED TIME    RECORD YEAR NORMAL DEPARTURE LAST
               VALUE    (LST)   VALUE       VALUE  FROM      YEAR
                                                   NORMAL
...................................................................
TEMPERATURE
YESTERDAY
 MAXIMUM            63  1012 AM    80  1972     59       4     69
 MINIMUM            55  0353 PM    30  1994     47       8     43
 AVERAGE            59                          53       6     56

PRECIPITATION
(INCHES)
 YESTERDAY           T           0.70  2008   0.07   -0.07   0.00
 MONTH TO DATE    0.85                        0.63    0.22   1.23
 SINCE JUN 1      1.07                        1.61   -0.54   3.76
 SINCE JAN 1      5.54                        5.75   -0.21   8.01

SNOWFALL
(INCHES)
 YESTERDAY         0.0            0.0  2014    0.0     0.0    0.0
 MONTH TO DATE     0.0                         0.0     0.0    0.0
 SINCE JUN 1       0.0                         0.3    -0.3    0.1
 SINCE JUL 1       0.0                         0.0     0.0    0.0
 SNOW DEPTH (IN)     0                                          0

DEGREE DAYS
 HEATING
  YESTERDAY          6                          12      -6      9
  MONTH TO DATE    118                         154     -36    172
  SINCE JUN 1      686                         670      16    648
  SINCE JUL 1      118                         154     -36    172

 COOLING
  YESTERDAY          0                           0       0      0
  MONTH TO DATE      2                           0       2      0
  SINCE JUN 1        2                           0       2      7
  SINCE JAN 1        2                           0       2      7
...................................................................

WIND (MPH)
 HIGHEST WIND SPEED    17     HIGHEST WIND DIRECTION    130
 HIGHEST GUST SPEED    21     HIGHEST GUST DIRECTION    100
 AVERAGE WIND SPEED   6.8

SKY COVER
  POSSIBLE SUNSHINE    MM          AVERAGE SKY COVER     MM

WEATHER CONDITIONS
 THE FOLLOWING WEATHER WAS RECORDED YESTERDAY.
  PATCHY FOG
  DENSE FOG
  LIGHT RAINFALL

RELATIVE HUMIDITY
 HIGHEST RH     MM PERCENT       MM
 LOWEST  RH     MM PERCENT       MM
 AVERAGE RH     MM PERCENT       MM
...................................................................

THE NOME CLIMATE NORMALS FOR TODAY
                           NORMAL    RECORD   YEAR
 MAXIMUM TEMPERATURE (F)     59        77     1976
 MINIMUM TEMPERATURE (F)     47        31     1973

SUNRISE AND SUNSET
 JUL 13 2014..........SUNRISE  5:04 AM      SUNSET  1:10 AM
 JUL 14 2014..........SUNRISE  5:07 AM      SUNSET  1:07 AM

-  INDICATES NEGATIVE NUMBERS.
R  INDICATES RECORD HAS BEEN SET OR TIED.
MM INDICATES DATA IS MISSING.
T  INDICATES TRACE OF PRECIPITATION.

&&
-------------------------------------------------------------------

AMOUNT OF DAYLIGHT TODAY  (HOUR:MIN)........20 HOURS 6 MINUTES
GAIN/LOSS SINCE YESTERDAY (HOUR:MIN:SEC)....-0:05:53

NOME TIDAL INFORMATION FOR 13 JULY 2014
06:56 AM 1.2
11:21 AM 0.9
05:03 PM 1.5

$$

CKC JUL 14
