975
CDAK49 PAFG 250115
CLIOME

CLIMATE REPORT
NATIONAL WEATHER SERVICE FAIRBANKS AK
515 PM AKDT WED MAY 24 2017


...................................

...THE NOME AK CLIMATE SUMMARY FOR MAY 24 2017...
VALID TODAY AS OF 0500 PM LOCAL TIME.

CLIMATE NORMAL PERIOD 1981 TO 2010
CLIMATE RECORD PERIOD 1906 TO 2017


WEATHER ITEM   OBSERVED TIME   RECORD YEAR NORMAL DEPARTURE LAST
                VALUE   (LST)  VALUE       VALUE  FROM      YEAR
                                                  NORMAL
..................................................................
TEMPERATURE (F)
 TODAY
  MAXIMUM         40    128 PM  68    1969  47     -7       37
  MINIMUM         37    259 PM  14    1920  34      3       33
  AVERAGE         39                        40     -1       35

PRECIPITATION (IN)
  TODAY            0.39          0.62 1918   0.02   0.37      T
  MONTH TO DATE    0.58                      0.66  -0.08     0.79
  SINCE MAR 1      0.74                      2.07  -1.33     1.63
  SINCE JAN 1      2.49                      3.94  -1.45     2.66

SNOWFALL (IN)
  TODAY            0.0           0.6  2000   0.1   -0.1     MM
  MONTH TO DATE    T                         2.1   -2.1      0.0
  SINCE MAR 1      2.0                      18.5  -16.5      0.7
  SINCE JUL 1     54.2                      75.2  -21.0     16.2
  SNOW DEPTH       0

DEGREE DAYS
 HEATING
  TODAY           26                        25      1       30
  MONTH TO DATE  627                       712    -85      532
  SINCE MAR 1   3644                      3743    -99     3054
  SINCE JUL 1  12439                     13022   -583     5845

 COOLING
  TODAY            0                         0      0        0
  MONTH TO DATE    0                         0      0        0
  SINCE MAR 1      0                         0      0        0
  SINCE JAN 1      0                         0      0        0
..................................................................


WIND (MPH)
  HIGHEST GUST SPEED    28   HIGHEST GUST DIRECTION    SW (230)


SKY COVER
  AVERAGE SKY COVER 0.9


WEATHER CONDITIONS
 THE FOLLOWING WEATHER WAS RECORDED TODAY.
  LIGHT RAIN
  FOG


RELATIVE HUMIDITY (PERCENT)
 HIGHEST   100
 LOWEST     92
 AVERAGE    96

..........................................................


THE NOME AK CLIMATE NORMALS FOR TOMORROW
                         NORMAL    RECORD    YEAR
 MAXIMUM TEMPERATURE (F)   47        75      1969
 MINIMUM TEMPERATURE (F)   34        21      1976


SUNRISE AND SUNSET
MAY 24 2017...........SUNRISE   512 AM AKDT  SUNSET  1249 AM AKDT
MAY 25 2017...........SUNRISE   509 AM AKDT  SUNSET  1252 AM AKDT

-  INDICATES NEGATIVE NUMBERS.
R  INDICATES RECORD WAS SET OR TIED.
MM INDICATES DATA IS MISSING.
T  INDICATES TRACE AMOUNT.

&&

SNOW DEPTH IS MEASURED AT 3AM AKST/4AM AKDT.

----------------------------
AVAILABLE DAYLIGHT

AMOUNT OF DAYLIGHT TODAY  (HOUR:MIN)........19:33
GAIN/LOSS SINCE YESTERDAY (HOUR:MIN:SEC)....+0:06:27

NOME TIDAL INFORMATION FOR 25 MAY 2017
0416  +0.5
0930  -0.0
1539  +0.9
2233  -0.4

$$
HFL MAY 17
