000
CDAK49 PAFG 241005
CLIOME

CLIMATE REPORT
NATIONAL WEATHER SERVICE FAIRBANKS AK
105 AM AKST FRI FEB 24 2017


...................................

...THE NOME AK CLIMATE SUMMARY FOR FEBRUARY 23 2017...

CLIMATE NORMAL PERIOD 1981 TO 2010
CLIMATE RECORD PERIOD 1906 TO 2017


WEATHER ITEM   OBSERVED TIME   RECORD YEAR NORMAL DEPARTURE LAST
                VALUE   (LST)  VALUE       VALUE  FROM      YEAR
                                                  NORMAL
..................................................................
TEMPERATURE (F)
 YESTERDAY
  MAXIMUM         32    349 PM  36    1940  17     15       26
                                      1928
  MINIMUM          9   1222 AM -37    1976   1      8       16
                                      1971
  AVERAGE         21                         9     12       21

PRECIPITATION (IN)
  YESTERDAY        0.67R         0.54 1988   0.04   0.63     0.02
  MONTH TO DATE    0.77                      0.78  -0.01     0.46
  SINCE DEC 1      2.56                      2.80  -0.24     0.99
  SINCE JAN 1      1.49                      1.72  -0.23     0.99

SNOWFALL (IN)
  YESTERDAY       10.1 R         5.6  1996   0.4    9.7     MM
  MONTH TO DATE   14.2                      10.0    4.2      6.9
  SINCE DEC 1     40.6                      37.2    3.4     15.1
  SINCE JUL 1     49.2                      54.5   -5.3     15.1
  SNOW DEPTH      28

DEGREE DAYS
 HEATING
  YESTERDAY       44                        56    -12       44
  MONTH TO DATE 1507                      1331    176     1184
  SINCE DEC 1   4936                      4906     30     2564
  SINCE JUL 1   8551                      8999   -448     2564

 COOLING
  YESTERDAY        0                         0      0        0
  MONTH TO DATE    0                         0      0        0
  SINCE DEC 1      0                         0      0        0
  SINCE JAN 1      0                         0      0        0
..................................................................


WIND (MPH)
  HIGHEST GUST SPEED    42   HIGHEST GUST DIRECTION     E (90)


SKY COVER
  AVERAGE SKY COVER 1.0


WEATHER CONDITIONS
 THE FOLLOWING WEATHER WAS RECORDED YESTERDAY.
  FREEZING RAIN
  LT FREEZING RAIN
  HEAVY SNOW
  SNOW
  LIGHT SNOW
  FOG
  FOG W/VISIBILITY <= 1/4 MILE
  BLOWING SNOW


RELATIVE HUMIDITY (PERCENT)
 HIGHEST   100
 LOWEST     91
 AVERAGE    96

..........................................................


THE NOME AK CLIMATE NORMALS FOR TODAY
                         NORMAL    RECORD    YEAR
 MAXIMUM TEMPERATURE (F)   17        38      1928
 MINIMUM TEMPERATURE (F)    1       -39      1971


SUNRISE AND SUNSET
FEBRUARY 24 2017......SUNRISE   926 AM AKST  SUNSET   706 PM AKST
FEBRUARY 25 2017......SUNRISE   923 AM AKST  SUNSET   709 PM AKST

-  INDICATES NEGATIVE NUMBERS.
R  INDICATES RECORD WAS SET OR TIED.
MM INDICATES DATA IS MISSING.
T  INDICATES TRACE AMOUNT.

&&

SNOW DEPTH IS MEASURED AT 3AM AKST/4AM AKDT.

----------------------------
AVAILABLE DAYLIGHT

AMOUNT OF DAYLIGHT TODAY  (HOUR:MIN)........9:39
GAIN/LOSS SINCE YESTERDAY (HOUR:MIN:SEC)....+0:06:41

NOME TIDAL INFORMATION FOR 24 FEBRUARY 2017
0200  +0.9
0922  +0.1
1704  +1.0
2111  +0.7

$$
CCC FEB 17
