000
CDUS46 KOTX 040832
CLIOMK


CLIMATE REPORT
NATIONAL WEATHER SERVICE SPOKANE, WA
1232 AM PST WED MAR 4 2015


...................................

...THE OMAK WA AIRPORT CLIMATE SUMMARY FOR MARCH 3 2015...

CLIMATE NORMAL PERIOD 1981 TO 2010
CLIMATE RECORD PERIOD 9999 TO 9999


WEATHER ITEM   OBSERVED TIME   RECORD YEAR NORMAL DEPARTURE LAST
                VALUE   (LST)  VALUE       VALUE  FROM      YEAR
                                                  NORMAL
..................................................................
TEMPERATURE (F)
 YESTERDAY
  MAXIMUM         46    321 PM  59    1934  47     -1       30
  MINIMUM         19   1148 PM   8    1976  26     -7       23
  AVERAGE         33                        36     -3       27

PRECIPITATION (IN)
  YESTERDAY        0.00          0.53 1998   0.03  -0.03     0.02
  MONTH TO DATE    0.00                      0.11  -0.11     0.02
  SINCE OCT 1      8.30                      8.55  -0.25     3.01
  SINCE JAN 1      1.73                      3.10  -1.37     1.84

SNOWFALL (IN)
  YESTERDAY       MM

DEGREE DAYS
 HEATING
  YESTERDAY       32                        29      3       38
  MONTH TO DATE   86                        87     -1      119
  SINCE MAR 1     86                        87     -1      119
  SINCE JUL 1   4272                      4948   -676     5109

 COOLING
  YESTERDAY        0                         0      0        0
  MONTH TO DATE    0                         0      0        0
  SINCE MAR 1      0                         0      0        0
  SINCE JAN 1      0                         0      0        0
..................................................................


WIND (MPH)
  HIGHEST WIND SPEED    17   HIGHEST WIND DIRECTION     N (350)
  HIGHEST GUST SPEED    24   HIGHEST GUST DIRECTION     N (340)
  AVERAGE WIND SPEED     9.2


SKY COVER
  POSSIBLE SUNSHINE  MM
  AVERAGE SKY COVER 0.0


WEATHER CONDITIONS
 THE FOLLOWING WEATHER WAS RECORDED YESTERDAY.
  NO SIGNIFICANT WEATHER WAS OBSERVED.


RELATIVE HUMIDITY (PERCENT)
 HIGHEST    55          1100 PM
 LOWEST     16           200 PM
 AVERAGE    36

..........................................................


THE OMAK WA AIRPORT CLIMATE NORMALS FOR TODAY
                         NORMAL    RECORD    YEAR
 MAXIMUM TEMPERATURE (F)   47        62      2005
 MINIMUM TEMPERATURE (F)   27        -1      1955


SUNRISE AND SUNSET
MARCH  4 2015.........SUNRISE   634 AM PST   SUNSET   546 PM PST
MARCH  5 2015.........SUNRISE   632 AM PST   SUNSET   548 PM PST


-  INDICATES NEGATIVE NUMBERS.
R  INDICATES RECORD WAS SET OR TIED.
MM INDICATES DATA IS MISSING.
T  INDICATES TRACE AMOUNT.




$$
