000
CDUS46 KOTX 210829
CLIOMK


CLIMATE REPORT
NATIONAL WEATHER SERVICE SPOKANE, WA
129 AM PDT SUN SEP 21 2014


...................................

...THE OMAK WA AIRPORT CLIMATE SUMMARY FOR SEPTEMBER 20 2014...

CLIMATE NORMAL PERIOD 1981 TO 2010
CLIMATE RECORD PERIOD 9999 TO 9999


WEATHER ITEM   OBSERVED TIME   RECORD YEAR NORMAL DEPARTURE LAST
                VALUE   (LST)  VALUE       VALUE  FROM      YEAR
                                                  NORMAL
..................................................................
TEMPERATURE (F)
 YESTERDAY
  MAXIMUM         87    340 PM  90    1994  76     11       77
  MINIMUM         55    618 AM  29    1972  46      9       41
  AVERAGE         71                        61     10       59

PRECIPITATION (IN)
  YESTERDAY        0.00          0.15 1945   0.02  -0.02     0.00
  MONTH TO DATE    0.40                      0.34   0.06     0.92
  SINCE OCT 1      7.81                     14.81  -7.00    15.33
  SINCE JAN 1      6.64                      9.36  -2.72     8.34

SNOWFALL (IN)
  YESTERDAY       MM            MM      MM  MM     MM       MM
  MONTH TO DATE   MM                        MM     MM       MM
  SINCE SEP 1     MM                        MM     MM       MM
  SINCE JUL 1     MM                        MM     MM       MM
  SNOW DEPTH      MM

DEGREE DAYS
 HEATING
  YESTERDAY        0                         5     -5        6
  MONTH TO DATE   50                        61    -11       27
  SINCE SEP 1     50                        61    -11       27
  SINCE JUL 1     55                        92    -37       27

 COOLING
  YESTERDAY        6                         1      5        0
  MONTH TO DATE   38                        52    -14      128
  SINCE SEP 1     38                        52    -14      128
  SINCE JAN 1    862                       658    204      814
..................................................................


WIND (MPH)
  HIGHEST WIND SPEED    20   HIGHEST WIND DIRECTION     N (10)
  HIGHEST GUST SPEED    26   HIGHEST GUST DIRECTION     N (10)
  AVERAGE WIND SPEED    10.7


SKY COVER
  POSSIBLE SUNSHINE  MM
  AVERAGE SKY COVER 0.0


WEATHER CONDITIONS
 THE FOLLOWING WEATHER WAS RECORDED YESTERDAY.
  NO SIGNIFICANT WEATHER WAS OBSERVED.


RELATIVE HUMIDITY (PERCENT)
 HIGHEST    67           400 AM
 LOWEST     18           400 PM
 AVERAGE    43

..........................................................


THE OMAK WA AIRPORT CLIMATE NORMALS FOR TODAY
                         NORMAL    RECORD    YEAR
 MAXIMUM TEMPERATURE (F)   76        90      1967
 MINIMUM TEMPERATURE (F)   46        31      1971


SUNRISE AND SUNSET
SEPTEMBER 21 2014.....SUNRISE   643 AM PDT   SUNSET   658 PM PDT
SEPTEMBER 22 2014.....SUNRISE   645 AM PDT   SUNSET   656 PM PDT


-  INDICATES NEGATIVE NUMBERS.
R  INDICATES RECORD WAS SET OR TIED.
MM INDICATES DATA IS MISSING.
T  INDICATES TRACE AMOUNT.




$$
