000
CDUS46 KOTX 231245
CLIOMK


CLIMATE REPORT
NATIONAL WEATHER SERVICE SPOKANE, WA
545 AM PDT TUE AUG 23 2016


...................................

...THE OMAK WA AIRPORT CLIMATE SUMMARY FOR AUGUST 22 2016...

CLIMATE NORMAL PERIOD 1981 TO 2010
CLIMATE RECORD PERIOD 9999 TO 9999


WEATHER ITEM   OBSERVED TIME   RECORD YEAR NORMAL DEPARTURE LAST
                VALUE   (LST)  VALUE       VALUE  FROM      YEAR
                                                  NORMAL
..................................................................
TEMPERATURE (F)
 YESTERDAY
  MAXIMUM         80    245 PM  98    1956  87     -7       76
  MINIMUM         50    539 AM  41    2008  56     -6       51
                                      1976
  AVERAGE         65                        71     -6       64

PRECIPITATION (IN)
  YESTERDAY        0.00                      0.02  -0.02     0.00
  MONTH TO DATE    T                         0.36  -0.36     0.08
  SINCE OCT 1     14.83                     14.04   0.79    11.53
  SINCE JAN 1      9.47                      9.15   0.32     4.96

SNOWFALL (IN)
  YESTERDAY       MM

DEGREE DAYS
 HEATING
  YESTERDAY        0                         1     -1        1
  MONTH TO DATE    3                         2      1        1
  SINCE JUN 1     93                        86      7       16
  SINCE JUL 1      8                        17     -9        1

 COOLING
  YESTERDAY        0                         7     -7        0
  MONTH TO DATE  199                       195      4      230
  SINCE JUN 1    548                       533     15      858
  SINCE JAN 1    573                       556     17      904
..................................................................


WIND (MPH)
  HIGHEST WIND SPEED    20   HIGHEST WIND DIRECTION     N (10)
  HIGHEST GUST SPEED    26   HIGHEST GUST DIRECTION     N (10)
  AVERAGE WIND SPEED     7.1


SKY COVER
  POSSIBLE SUNSHINE  MM
  AVERAGE SKY COVER 0.2


WEATHER CONDITIONS
 THE FOLLOWING WEATHER WAS RECORDED YESTERDAY.
  NO SIGNIFICANT WEATHER WAS OBSERVED.


RELATIVE HUMIDITY (PERCENT)
 HIGHEST    55          1100 PM
 LOWEST     19           200 PM
 AVERAGE    37

..........................................................


THE OMAK WA AIRPORT CLIMATE NORMALS FOR TODAY
                         NORMAL    RECORD    YEAR
 MAXIMUM TEMPERATURE (F)   86        98      1970
 MINIMUM TEMPERATURE (F)   56        39      1992


SUNRISE AND SUNSET
AUGUST 23 2016........SUNRISE   604 AM PDT   SUNSET   756 PM PDT
AUGUST 24 2016........SUNRISE   605 AM PDT   SUNSET   754 PM PDT


-  INDICATES NEGATIVE NUMBERS.
R  INDICATES RECORD WAS SET OR TIED.
MM INDICATES DATA IS MISSING.
T  INDICATES TRACE AMOUNT.




$$
