000
CDUS46 KOTX 040827
CLIOMK


CLIMATE REPORT
NATIONAL WEATHER SERVICE SPOKANE, WA
127 AM PDT TUE AUG 4 2015


...................................

...THE OMAK WA AIRPORT CLIMATE SUMMARY FOR AUGUST 3 2015...

CLIMATE NORMAL PERIOD 1981 TO 2010
CLIMATE RECORD PERIOD 9999 TO 9999


WEATHER ITEM   OBSERVED TIME   RECORD YEAR NORMAL DEPARTURE LAST
                VALUE   (LST)  VALUE       VALUE  FROM      YEAR
                                                  NORMAL
..................................................................
TEMPERATURE (F)
 YESTERDAY
  MAXIMUM         98   1218 PM 101    2009  91      7      100
                                      1994
  MINIMUM         72   1149 PM  45    1956  59     13       58
  AVERAGE         85                        75     10       79

PRECIPITATION (IN)
  YESTERDAY        0.00          0.64 1962   0.02  -0.02      T
  MONTH TO DATE    0.00                      0.07  -0.07      T
  SINCE OCT 1     11.45                     13.75  -2.30     6.56
  SINCE JAN 1      4.88                      8.86  -3.98     5.39

SNOWFALL (IN)
  YESTERDAY       MM

DEGREE DAYS
 HEATING
  YESTERDAY        0                         0      0        0
  MONTH TO DATE    0                         0      0        0
  SINCE JUN 1     15                        84    -69       40
  SINCE JUL 1      0                        15    -15        2

 COOLING
  YESTERDAY       20                        10     10       14
  MONTH TO DATE   53                        30     23       49
  SINCE JUN 1    681                       368    313      531
  SINCE JAN 1    727                       391    336      545
..................................................................


WIND (MPH)
  HIGHEST WIND SPEED    18   HIGHEST WIND DIRECTION     S (190)
  HIGHEST GUST SPEED    26   HIGHEST GUST DIRECTION     E (110)
  AVERAGE WIND SPEED     9.0


SKY COVER
  POSSIBLE SUNSHINE  MM
  AVERAGE SKY COVER 0.1


WEATHER CONDITIONS
 THE FOLLOWING WEATHER WAS RECORDED YESTERDAY.
  NO SIGNIFICANT WEATHER WAS OBSERVED.


RELATIVE HUMIDITY (PERCENT)
 HIGHEST    29          1000 PM
 LOWEST     12          1200 PM
 AVERAGE    21

..........................................................


THE OMAK WA AIRPORT CLIMATE NORMALS FOR TODAY
                         NORMAL    RECORD    YEAR
 MAXIMUM TEMPERATURE (F)   90       102      1961
 MINIMUM TEMPERATURE (F)   59        38      1956


SUNRISE AND SUNSET
AUGUST  4 2015........SUNRISE   537 AM PDT   SUNSET   831 PM PDT
AUGUST  5 2015........SUNRISE   538 AM PDT   SUNSET   829 PM PDT


-  INDICATES NEGATIVE NUMBERS.
R  INDICATES RECORD WAS SET OR TIED.
MM INDICATES DATA IS MISSING.
T  INDICATES TRACE AMOUNT.




$$
