000
CDUS46 KOTX 290824
CLIOMK


CLIMATE REPORT
NATIONAL WEATHER SERVICE SPOKANE, WA
123 AM PDT FRI AUG 29 2014


...................................

...THE OMAK WA AIRPORT CLIMATE SUMMARY FOR AUGUST 28 2014...

CLIMATE NORMAL PERIOD 1981 TO 2010
CLIMATE RECORD PERIOD 9999 TO 9999


WEATHER ITEM   OBSERVED TIME   RECORD YEAR NORMAL DEPARTURE LAST
                VALUE   (LST)  VALUE       VALUE  FROM      YEAR
                                                  NORMAL
..................................................................
TEMPERATURE (F)
 YESTERDAY
  MAXIMUM         89    107 PM  98    2006  85      4       88
  MINIMUM         60    545 AM  34    1959  54      6       60
  AVERAGE         75                        69      6       74

PRECIPITATION (IN)
  YESTERDAY        0.00          1.15 1951   0.01  -0.01     0.00
  MONTH TO DATE    0.85                      0.42   0.43     1.14
  SINCE OCT 1      7.41                     14.43  -7.02    14.23
  SINCE JAN 1      6.24                      8.98  -2.74     7.24

SNOWFALL (IN)
  YESTERDAY       MM            MM      MM  MM     MM       MM
  MONTH TO DATE   MM                        MM     MM       MM
  SINCE JUN 1     MM                        MM     MM       MM
  SINCE JUL 1     MM                        MM     MM       MM
  SNOW DEPTH      MM

DEGREE DAYS
 HEATING
  YESTERDAY        0                         1     -1        0
  MONTH TO DATE    0                         8     -8        0
  SINCE JUN 1     40                        92    -52       67
  SINCE JUL 1      2                        23    -21        0

 COOLING
  YESTERDAY       10                         5      5        9
  MONTH TO DATE  326                       231     95      236
  SINCE JUN 1    808                       569    239      649
  SINCE JAN 1    822                       592    230      672
..................................................................


WIND (MPH)
  HIGHEST WIND SPEED    16   HIGHEST WIND DIRECTION     N (10)
  HIGHEST GUST SPEED    23   HIGHEST GUST DIRECTION     N (10)
  AVERAGE WIND SPEED     7.2


SKY COVER
  POSSIBLE SUNSHINE  MM
  AVERAGE SKY COVER 0.0


WEATHER CONDITIONS
 THE FOLLOWING WEATHER WAS RECORDED YESTERDAY.
  NO SIGNIFICANT WEATHER WAS OBSERVED.


RELATIVE HUMIDITY (PERCENT)
 HIGHEST    56           200 AM
 LOWEST     21          1200 PM
 AVERAGE    39

..........................................................


THE OMAK WA AIRPORT CLIMATE NORMALS FOR TODAY
                         NORMAL    RECORD    YEAR
 MAXIMUM TEMPERATURE (F)   84        96      1967
 MINIMUM TEMPERATURE (F)   54        38      1965


SUNRISE AND SUNSET
AUGUST 29 2014........SUNRISE   611 AM PDT   SUNSET   746 PM PDT
AUGUST 30 2014........SUNRISE   613 AM PDT   SUNSET   744 PM PDT


-  INDICATES NEGATIVE NUMBERS.
R  INDICATES RECORD WAS SET OR TIED.
MM INDICATES DATA IS MISSING.
T  INDICATES TRACE AMOUNT.




$$
