000
CDUS46 KOTX 240824
CLIOMK


CLIMATE REPORT
NATIONAL WEATHER SERVICE SPOKANE, WA
124 AM PDT FRI OCT 24 2014


...................................

...THE OMAK WA AIRPORT CLIMATE SUMMARY FOR OCTOBER 23 2014...

CLIMATE NORMAL PERIOD 1981 TO 2010
CLIMATE RECORD PERIOD 9999 TO 9999


WEATHER ITEM   OBSERVED TIME   RECORD YEAR NORMAL DEPARTURE LAST
                VALUE   (LST)  VALUE       VALUE  FROM      YEAR
                                                  NORMAL
..................................................................
TEMPERATURE (F)
 YESTERDAY
  MAXIMUM         60    134 PM  74    1944  57      3       64
  MINIMUM         38   1159 PM  13    1945  34      4       42
  AVERAGE         49                        46      3       53

PRECIPITATION (IN)
  YESTERDAY        T             0.52 1956   0.04  -0.04     0.00
  MONTH TO DATE    1.12                      0.71   0.41     0.05
  SINCE OCT 1      1.12                      0.71   0.41     0.05
  SINCE JAN 1      8.13                     10.31  -2.18     8.88

SNOWFALL (IN)
  YESTERDAY       MM

DEGREE DAYS
 HEATING
  YESTERDAY       16                        19     -3       12
  MONTH TO DATE  229                       328    -99      364
  SINCE SEP 1    313                       458   -145      497
  SINCE JUL 1    318                       489   -171      497

 COOLING
  YESTERDAY        0                         0      0        0
  MONTH TO DATE    3                         0      3        0
  SINCE SEP 1     49                        58     -9      128
  SINCE JAN 1    873                       664    209      814
..................................................................


WIND (MPH)
  HIGHEST WIND SPEED    20   HIGHEST WIND DIRECTION     S (160)
  HIGHEST GUST SPEED    25   HIGHEST GUST DIRECTION    SE (150)
  AVERAGE WIND SPEED     9.8


SKY COVER
  POSSIBLE SUNSHINE  MM
  AVERAGE SKY COVER 0.5


WEATHER CONDITIONS
 THE FOLLOWING WEATHER WAS RECORDED YESTERDAY.
  LIGHT RAIN


RELATIVE HUMIDITY (PERCENT)
 HIGHEST    89          1200 AM
 LOWEST     43           400 PM
 AVERAGE    66

..........................................................


THE OMAK WA AIRPORT CLIMATE NORMALS FOR TODAY
                         NORMAL    RECORD    YEAR
 MAXIMUM TEMPERATURE (F)   57        75      1944
 MINIMUM TEMPERATURE (F)   34        18      2002


SUNRISE AND SUNSET
OCTOBER 24 2014.......SUNRISE   732 AM PDT   SUNSET   552 PM PDT
OCTOBER 25 2014.......SUNRISE   733 AM PDT   SUNSET   550 PM PDT


-  INDICATES NEGATIVE NUMBERS.
R  INDICATES RECORD WAS SET OR TIED.
MM INDICATES DATA IS MISSING.
T  INDICATES TRACE AMOUNT.




$$
