840
CDUS46 KOTX 260831
CLIOMK


CLIMATE REPORT
NATIONAL WEATHER SERVICE SPOKANE, WA
131 AM PDT THU MAY 26 2016


...................................

...THE OMAK WA AIRPORT CLIMATE SUMMARY FOR MAY 25 2016...

CLIMATE NORMAL PERIOD 1981 TO 2010
CLIMATE RECORD PERIOD 9999 TO 9999


WEATHER ITEM   OBSERVED TIME   RECORD YEAR NORMAL DEPARTURE LAST
                VALUE   (LST)  VALUE       VALUE  FROM      YEAR
                                                  NORMAL
..................................................................
TEMPERATURE (F)
 YESTERDAY
  MAXIMUM         80    252 PM  92    1999  75      5       76
  MINIMUM         47    304 AM  30    1964  47      0       50
  AVERAGE         64                        61      3       63

PRECIPITATION (IN)
  YESTERDAY        T                         0.03  -0.03     0.09
  MONTH TO DATE    0.69                      0.98  -0.29     0.89
  SINCE OCT 1     12.43                     11.40   1.03    10.21
  SINCE JAN 1      7.07                      6.51   0.56     3.64

SNOWFALL (IN)
  YESTERDAY       MM

DEGREE DAYS
 HEATING
  YESTERDAY        1                         5     -4        2
  MONTH TO DATE   87                       207   -120      128
  SINCE MAR 1    956                      1385   -429     1131
  SINCE JUL 1   5362                      6246   -884     5317

 COOLING
  YESTERDAY        0                         1     -1        0
  MONTH TO DATE   18                        15      3       26
  SINCE MAR 1     23                        16      7       26
  SINCE JAN 1     23                        16      7       26
..................................................................


WIND (MPH)
  HIGHEST WIND SPEED    20   HIGHEST WIND DIRECTION    NE (30)
  HIGHEST GUST SPEED    24   HIGHEST GUST DIRECTION    NE (30)
  AVERAGE WIND SPEED     6.2


SKY COVER
  POSSIBLE SUNSHINE  MM
  AVERAGE SKY COVER 0.1


WEATHER CONDITIONS
 THE FOLLOWING WEATHER WAS RECORDED YESTERDAY.
  NO SIGNIFICANT WEATHER WAS OBSERVED.


RELATIVE HUMIDITY (PERCENT)
 HIGHEST    86           300 AM
 LOWEST     27           400 PM
 AVERAGE    57

..........................................................


THE OMAK WA AIRPORT CLIMATE NORMALS FOR TODAY
                         NORMAL    RECORD    YEAR
 MAXIMUM TEMPERATURE (F)   75        94      1958
 MINIMUM TEMPERATURE (F)   48        29      1967


SUNRISE AND SUNSET
MAY 26 2016...........SUNRISE   505 AM PDT   SUNSET   846 PM PDT
MAY 27 2016...........SUNRISE   504 AM PDT   SUNSET   847 PM PDT


-  INDICATES NEGATIVE NUMBERS.
R  INDICATES RECORD WAS SET OR TIED.
MM INDICATES DATA IS MISSING.
T  INDICATES TRACE AMOUNT.




$$
