000
CDUS45 KBOI 230935
CLIONO


CLIMATE REPORT
NATIONAL WEATHER SERVICE BOISE ID
335 AM MDT WED JUL 23 2014


...................................

...THE ONTARIO OR CLIMATE SUMMARY FOR JULY 22 2014...

CLIMATE NORMAL PERIOD 1981 TO 2010
CLIMATE RECORD PERIOD 1948 TO 2014


WEATHER ITEM   OBSERVED TIME   RECORD YEAR NORMAL DEPARTURE LAST
                VALUE   (LST)  VALUE       VALUE  FROM      YEAR
                                                  NORMAL
..................................................................
TEMPERATURE (F)
 YESTERDAY
  MAXIMUM         93    554 PM 109    1959  96     -3      100
  MINIMUM         62    559 AM  40    1972  59      3       59
  AVERAGE         78                        77      1       80

PRECIPITATION (IN)
  YESTERDAY        T             0.32 2008   0.00   0.00     0.00
  MONTH TO DATE    T                         0.25  -0.25     0.00
  SINCE OCT 1      6.51                      9.42  -2.91     5.55
  SINCE JAN 1      5.00                      6.01  -1.01     2.61

DEGREE DAYS
 HEATING
  YESTERDAY        0                         0      0        0
  MONTH TO DATE    0                         0      0        0
  SINCE JUN 1     28                        52    -24       39
  SINCE JUL 1      0                         0      0        0

 COOLING
  YESTERDAY       13                        12      1       15
  MONTH TO DATE  383                       234    149      367
  SINCE JUN 1    540                       373    167      571
  SINCE JAN 1    588                       409    179      618
..................................................................


WIND (MPH)
  HIGHEST WIND SPEED    25   HIGHEST WIND DIRECTION    NW (310)
  HIGHEST GUST SPEED    34   HIGHEST GUST DIRECTION    NW (310)
  AVERAGE WIND SPEED     5.9


SKY COVER
  AVERAGE SKY COVER 0.1


WEATHER CONDITIONS
 THE FOLLOWING WEATHER WAS RECORDED YESTERDAY.
  THUNDERSTORM
  LIGHT RAIN


RELATIVE HUMIDITY (PERCENT)
 HIGHEST    78           500 AM
 LOWEST     21           600 PM
 AVERAGE    50

..........................................................


THE ONTARIO OR CLIMATE NORMALS FOR TODAY
                         NORMAL    RECORD    YEAR
 MAXIMUM TEMPERATURE (F)   96       111      2003
 MINIMUM TEMPERATURE (F)   59        44      1972


SUNRISE AND SUNSET
JULY 23 2014..........SUNRISE   627 AM MDT   SUNSET   922 PM MDT
JULY 24 2014..........SUNRISE   628 AM MDT   SUNSET   921 PM MDT


-  INDICATES NEGATIVE NUMBERS.
R  INDICATES RECORD WAS SET OR TIED.
MM INDICATES DATA IS MISSING.
T  INDICATES TRACE AMOUNT.




$$
