247
CDUS45 KBOI 290932
CLIONO


CLIMATE REPORT
NATIONAL WEATHER SERVICE BOISE ID
332 AM MDT FRI JUL 29 2016


...................................

...THE ONTARIO OR CLIMATE SUMMARY FOR JULY 28 2016...

CLIMATE NORMAL PERIOD 1981 TO 2010
CLIMATE RECORD PERIOD 1948 TO 2016


WEATHER ITEM   OBSERVED TIME   RECORD YEAR NORMAL DEPARTURE LAST
                VALUE   (LST)  VALUE       VALUE  FROM      YEAR
                                                  NORMAL
..................................................................
TEMPERATURE (F)
 YESTERDAY
  MAXIMUM        102    458 PM 107    1996  96      6       82
  MINIMUM         70    357 AM  43    1948  59     11       44
  AVERAGE         86                        77      9       63

PRECIPITATION (IN)
  YESTERDAY        0.00          0.06 1995   0.00   0.00     0.00
  MONTH TO DATE    0.21                      0.28  -0.07     0.49
  SINCE OCT 1      7.31                      9.45  -2.14     9.23
  SINCE JAN 1      2.56                      6.04  -3.48     4.77

DEGREE DAYS
 HEATING
  YESTERDAY        0                         0      0        2
  MONTH TO DATE    9                         0      9        2
  SINCE JUN 1     35                        52    -17        3
  SINCE JUL 1      9                         0      9        2

 COOLING
  YESTERDAY       21                        12      9        0
  MONTH TO DATE  299                       310    -11      340
  SINCE JUN 1    530                       449     81      705
  SINCE JAN 1    569                       485     84      738
..................................................................


WIND (MPH)
  HIGHEST WIND SPEED    13   HIGHEST WIND DIRECTION     N (350)
  HIGHEST GUST SPEED    16   HIGHEST GUST DIRECTION    NW (320)
  AVERAGE WIND SPEED     4.7


SKY COVER
  AVERAGE SKY COVER 0.0


WEATHER CONDITIONS
 THE FOLLOWING WEATHER WAS RECORDED YESTERDAY.
  NO SIGNIFICANT WEATHER WAS OBSERVED.


RELATIVE HUMIDITY (PERCENT)
 HIGHEST    47           500 AM
 LOWEST     12           600 PM
 AVERAGE    30

..........................................................


THE ONTARIO OR CLIMATE NORMALS FOR TODAY
                         NORMAL    RECORD    YEAR
 MAXIMUM TEMPERATURE (F)   96       109      1968
 MINIMUM TEMPERATURE (F)   59        44      1948


SUNRISE AND SUNSET
JULY 29 2016..........SUNRISE   634 AM MDT   SUNSET   915 PM MDT
JULY 30 2016..........SUNRISE   635 AM MDT   SUNSET   914 PM MDT


-  INDICATES NEGATIVE NUMBERS.
R  INDICATES RECORD WAS SET OR TIED.
MM INDICATES DATA IS MISSING.
T  INDICATES TRACE AMOUNT.




$$
