000
CDUS45 KBOI 270932
CLIONO


CLIMATE REPORT
NATIONAL WEATHER SERVICE BOISE ID
331 AM MDT THU JUL 27 2017


...................................

...THE ONTARIO OR CLIMATE SUMMARY FOR JULY 26 2017...

CLIMATE NORMAL PERIOD 1981 TO 2010
CLIMATE RECORD PERIOD 1948 TO 2017


WEATHER ITEM   OBSERVED TIME   RECORD YEAR NORMAL DEPARTURE LAST
                VALUE   (LST)  VALUE       VALUE  FROM      YEAR
                                                  NORMAL
..................................................................
TEMPERATURE (F)
 YESTERDAY
  MAXIMUM         95    420 PM 107    1968  96     -1      103
  MINIMUM         62    546 AM  46    1993  59      3       69
                                      1947
  AVERAGE         79                        78      1       86

PRECIPITATION (IN)
  YESTERDAY        T             0.26 1977   0.00   0.00     0.00
  MONTH TO DATE    0.01                      0.27  -0.26     0.21
  SINCE OCT 1     12.79                      9.44   3.35     7.31
  SINCE JAN 1      9.47                      6.03   3.44     2.56

DEGREE DAYS
 HEATING
  YESTERDAY        0                         0      0        0
  MONTH TO DATE    0                         0      0        9
  SINCE JUN 1     28                        52    -24       35
  SINCE JUL 1      0                         0      0        9

 COOLING
  YESTERDAY       14                        13      1       21
  MONTH TO DATE  439                       286    153      258
  SINCE JUN 1    603                       425    178      489
  SINCE JAN 1    643                       461    182      528
..................................................................


WIND (MPH)
  HIGHEST WIND SPEED    26   HIGHEST WIND DIRECTION    NW (300)
  HIGHEST GUST SPEED    37   HIGHEST GUST DIRECTION     W (290)
  AVERAGE WIND SPEED     5.5


SKY COVER
  AVERAGE SKY COVER 0.1


WEATHER CONDITIONS
 THE FOLLOWING WEATHER WAS RECORDED YESTERDAY.
  LIGHT RAIN


RELATIVE HUMIDITY (PERCENT)
 HIGHEST    78           300 AM
 LOWEST     19           400 PM
 AVERAGE    49

..........................................................


THE ONTARIO OR CLIMATE NORMALS FOR TODAY
                         NORMAL    RECORD    YEAR
 MAXIMUM TEMPERATURE (F)   96       107      1996
                                             1964
 MINIMUM TEMPERATURE (F)   59        47      1948


SUNRISE AND SUNSET
JULY 27 2017..........SUNRISE   631 AM MDT   SUNSET   917 PM MDT
JULY 28 2017..........SUNRISE   632 AM MDT   SUNSET   916 PM MDT


-  INDICATES NEGATIVE NUMBERS.
R  INDICATES RECORD WAS SET OR TIED.
MM INDICATES DATA IS MISSING.
T  INDICATES TRACE AMOUNT.




$$
