000
CDUS45 KBOI 290933
CLIONO


CLIMATE REPORT
NATIONAL WEATHER SERVICE BOISE ID
332 AM MDT TUE JUL 29 2014


...................................

...THE ONTARIO OR CLIMATE SUMMARY FOR JULY 28 2014...

CLIMATE NORMAL PERIOD 1981 TO 2010
CLIMATE RECORD PERIOD 1948 TO 2014


WEATHER ITEM   OBSERVED TIME   RECORD YEAR NORMAL DEPARTURE LAST
                VALUE   (LST)  VALUE       VALUE  FROM      YEAR
                                                  NORMAL
..................................................................
TEMPERATURE (F)
 YESTERDAY
  MAXIMUM         99    439 PM 107    1996  96      3       92
  MINIMUM         71    534 AM  43    1948  59     12       61
  AVERAGE         85                        77      8       77

PRECIPITATION (IN)
  YESTERDAY        0.00          0.06 1995   0.00   0.00     0.00
  MONTH TO DATE    0.01                      0.28  -0.27     0.00
  SINCE OCT 1      6.52                      9.45  -2.93     5.55
  SINCE JAN 1      5.01                      6.04  -1.03     2.61

DEGREE DAYS
 HEATING
  YESTERDAY        0                         0      0        0
  MONTH TO DATE    0                         0      0        0
  SINCE JUN 1     28                        52    -24       39
  SINCE JUL 1      0                         0      0        0

 COOLING
  YESTERDAY       20                        12      8       12
  MONTH TO DATE  450                       310    140      470
  SINCE JUN 1    607                       449    158      674
  SINCE JAN 1    655                       485    170      721
..................................................................


WIND (MPH)
  HIGHEST WIND SPEED    18   HIGHEST WIND DIRECTION    NW (310)
  HIGHEST GUST SPEED    25   HIGHEST GUST DIRECTION    NW (310)
  AVERAGE WIND SPEED     5.0


SKY COVER
  AVERAGE SKY COVER 0.0


WEATHER CONDITIONS
 THE FOLLOWING WEATHER WAS RECORDED YESTERDAY.
  NO SIGNIFICANT WEATHER WAS OBSERVED.


RELATIVE HUMIDITY (PERCENT)
 HIGHEST    56          1000 PM
 LOWEST     13          1100 AM
 AVERAGE    35

..........................................................


THE ONTARIO OR CLIMATE NORMALS FOR TODAY
                         NORMAL    RECORD    YEAR
 MAXIMUM TEMPERATURE (F)   96       109      1968
 MINIMUM TEMPERATURE (F)   59        44      1948


SUNRISE AND SUNSET
JULY 29 2014..........SUNRISE   633 AM MDT   SUNSET   915 PM MDT
JULY 30 2014..........SUNRISE   634 AM MDT   SUNSET   914 PM MDT


-  INDICATES NEGATIVE NUMBERS.
R  INDICATES RECORD WAS SET OR TIED.
MM INDICATES DATA IS MISSING.
T  INDICATES TRACE AMOUNT.




$$
