000
CDUS45 KBOI 310934
CLIONO


CLIMATE REPORT
NATIONAL WEATHER SERVICE BOISE ID
332 AM MDT FRI JUL 31 2015


...................................

...THE ONTARIO OR CLIMATE SUMMARY FOR JULY 30 2015...

CLIMATE NORMAL PERIOD 1981 TO 2010
CLIMATE RECORD PERIOD 1948 TO 2015


WEATHER ITEM   OBSERVED TIME   RECORD YEAR NORMAL DEPARTURE LAST
                VALUE   (LST)  VALUE       VALUE  FROM      YEAR
                                                  NORMAL
..................................................................
TEMPERATURE (F)
 YESTERDAY
  MAXIMUM         97    524 PM 109    1968  96      1       94
  MINIMUM         51    608 AM  45    1963  59     -8       63
  AVERAGE         74                        77     -3       79

PRECIPITATION (IN)
  YESTERDAY        0.00          0.37 1964   0.00   0.00     0.00
  MONTH TO DATE    0.49                      0.29   0.20     0.01
  SINCE OCT 1      9.23                      9.46  -0.23     6.52
  SINCE JAN 1      4.77                      6.05  -1.28     5.01

DEGREE DAYS
 HEATING
  YESTERDAY        0                         0      0        0
  MONTH TO DATE    2                         0      2        0
  SINCE JUN 1      3                        52    -49       28
  SINCE JUL 1      2                         0      2        0

 COOLING
  YESTERDAY        9                        12     -3       14
  MONTH TO DATE  352                       334     18      483
  SINCE JUN 1    717                       473    244      640
  SINCE JAN 1    750                       509    241      688
..................................................................


WIND (MPH)
  HIGHEST WIND SPEED     7   HIGHEST WIND DIRECTION     S (160)
  HIGHEST GUST SPEED    10   HIGHEST GUST DIRECTION    SE (140)
  AVERAGE WIND SPEED     1.9


SKY COVER
  AVERAGE SKY COVER 0.0


WEATHER CONDITIONS
 THE FOLLOWING WEATHER WAS RECORDED YESTERDAY.
  NO SIGNIFICANT WEATHER WAS OBSERVED.


RELATIVE HUMIDITY (PERCENT)
 HIGHEST    63           500 AM
 LOWEST     11           500 PM
 AVERAGE    37

..........................................................


THE ONTARIO OR CLIMATE NORMALS FOR TODAY
                         NORMAL    RECORD    YEAR
 MAXIMUM TEMPERATURE (F)   96       107      1971
 MINIMUM TEMPERATURE (F)   59        45      1963


SUNRISE AND SUNSET
JULY 31 2015..........SUNRISE   635 AM MDT   SUNSET   913 PM MDT
AUGUST  1 2015........SUNRISE   636 AM MDT   SUNSET   912 PM MDT


-  INDICATES NEGATIVE NUMBERS.
R  INDICATES RECORD WAS SET OR TIED.
MM INDICATES DATA IS MISSING.
T  INDICATES TRACE AMOUNT.




$$
