000
CDUS45 KBOI 010933
CLIONO


CLIMATE REPORT
NATIONAL WEATHER SERVICE BOISE ID
233 AM MST SUN MAR 1 2015


...................................

...THE ONTARIO OR CLIMATE SUMMARY FOR FEBRUARY 28 2015...

CLIMATE NORMAL PERIOD 1981 TO 2010
CLIMATE RECORD PERIOD 1948 TO 2015


WEATHER ITEM   OBSERVED TIME   RECORD YEAR NORMAL DEPARTURE LAST
                VALUE   (LST)  VALUE       VALUE  FROM      YEAR
                                                  NORMAL
..................................................................
TEMPERATURE (F)
 YESTERDAY
  MAXIMUM         55    345 PM  65    1959  50      5       54
  MINIMUM         35   1159 PM   6    1993  26      9       33
  AVERAGE         45                        38      7       44

PRECIPITATION (IN)
  YESTERDAY        0.02          0.45 1975   0.03  -0.01      T
  MONTH TO DATE    0.71                      0.80  -0.09     1.28
  SINCE OCT 1      5.73                      5.39   0.34     3.43
  SINCE JAN 1      1.27                      1.98  -0.71     1.92

DEGREE DAYS
 HEATING
  YESTERDAY       20                        27     -7       21
  MONTH TO DATE  599                       886   -287      809
  SINCE DEC 1   2513                      3202   -689     3361
  SINCE JUL 1   3794                      4630   -836     4756

 COOLING
  YESTERDAY        0                         0      0        0
  MONTH TO DATE    0                         0      0        0
  SINCE DEC 1      0                         0      0        0
  SINCE JAN 1      0                         0      0        0
..................................................................


WIND (MPH)
  HIGHEST WIND SPEED    28   HIGHEST WIND DIRECTION    NW (330)
  HIGHEST GUST SPEED    35   HIGHEST GUST DIRECTION    NW (330)
  AVERAGE WIND SPEED    11.9


SKY COVER
  AVERAGE SKY COVER 0.7


WEATHER CONDITIONS
 THE FOLLOWING WEATHER WAS RECORDED YESTERDAY.
  LIGHT RAIN


RELATIVE HUMIDITY (PERCENT)
 HIGHEST    86           300 AM
 LOWEST     27           600 PM
 AVERAGE    57

..........................................................


THE ONTARIO OR CLIMATE NORMALS FOR TODAY
                         NORMAL    RECORD    YEAR
 MAXIMUM TEMPERATURE (F)   50        70      1994
 MINIMUM TEMPERATURE (F)   27        11      1960


SUNRISE AND SUNSET
MARCH  1 2015.........SUNRISE   725 AM MST   SUNSET   636 PM MST
MARCH  2 2015.........SUNRISE   724 AM MST   SUNSET   638 PM MST


-  INDICATES NEGATIVE NUMBERS.
R  INDICATES RECORD WAS SET OR TIED.
MM INDICATES DATA IS MISSING.
T  INDICATES TRACE AMOUNT.




$$
