028
CDUS45 KBOI 250931
CLIONO


CLIMATE REPORT
NATIONAL WEATHER SERVICE BOISE ID
331 AM MDT MON SEP 25 2017


...................................

...THE ONTARIO OR CLIMATE SUMMARY FOR SEPTEMBER 24 2017...

CLIMATE NORMAL PERIOD 1981 TO 2010
CLIMATE RECORD PERIOD 1948 TO 2017


WEATHER ITEM   OBSERVED TIME   RECORD YEAR NORMAL DEPARTURE LAST
                VALUE   (LST)  VALUE       VALUE  FROM      YEAR
                                                  NORMAL
..................................................................
TEMPERATURE (F)
 YESTERDAY
  MAXIMUM         72    242 PM  92    2014  78     -6       74
                                      1967
                                      1966
  MINIMUM         39    632 AM  27    2000  42     -3       45
  AVERAGE         56                        60     -4       60

PRECIPITATION (IN)
  YESTERDAY        0.00          0.53 1973   0.02  -0.02     0.00
  MONTH TO DATE    0.40                      0.31   0.09     0.05
  SINCE OCT 1     13.21                      9.96   3.25     7.37
  SINCE JAN 1      9.89                      6.55   3.34     2.62

DEGREE DAYS
 HEATING
  YESTERDAY        9                         6      3        5
  MONTH TO DATE   96                        74     22       64
  SINCE SEP 1     96                        74     22       64
  SINCE JUL 1     96                        90      6       73

 COOLING
  YESTERDAY        0                         1     -1        0
  MONTH TO DATE  141                        55     86       21
  SINCE SEP 1    141                        55     86       21
  SINCE JAN 1   1254                       848    406      966
..................................................................


WIND (MPH)
  HIGHEST WIND SPEED    22   HIGHEST WIND DIRECTION    NW (330)
  HIGHEST GUST SPEED    29   HIGHEST GUST DIRECTION     N (340)
  AVERAGE WIND SPEED     8.8


SKY COVER
  AVERAGE SKY COVER 0.1


WEATHER CONDITIONS
 THE FOLLOWING WEATHER WAS RECORDED YESTERDAY.
  NO SIGNIFICANT WEATHER WAS OBSERVED.


RELATIVE HUMIDITY (PERCENT)
 HIGHEST    76           700 AM
 LOWEST     24           200 PM
 AVERAGE    50

..........................................................


THE ONTARIO OR CLIMATE NORMALS FOR TODAY
                         NORMAL    RECORD    YEAR
 MAXIMUM TEMPERATURE (F)   77        94      2009
 MINIMUM TEMPERATURE (F)   41        25      1984


SUNRISE AND SUNSET
SEPTEMBER 25 2017.....SUNRISE   739 AM MDT   SUNSET   739 PM MDT
SEPTEMBER 26 2017.....SUNRISE   740 AM MDT   SUNSET   737 PM MDT


-  INDICATES NEGATIVE NUMBERS.
R  INDICATES RECORD WAS SET OR TIED.
MM INDICATES DATA IS MISSING.
T  INDICATES TRACE AMOUNT.




$$
