000
CDUS45 KBOI 190932
CLIONO


CLIMATE REPORT
NATIONAL WEATHER SERVICE BOISE ID
332 AM MDT FRI SEP 19 2014


...................................

...THE ONTARIO OR CLIMATE SUMMARY FOR SEPTEMBER 18 2014...

CLIMATE NORMAL PERIOD 1981 TO 2010
CLIMATE RECORD PERIOD 1948 TO 2014


WEATHER ITEM   OBSERVED TIME   RECORD YEAR NORMAL DEPARTURE LAST
                VALUE   (LST)  VALUE       VALUE  FROM      YEAR
                                                  NORMAL
..................................................................
TEMPERATURE (F)
 YESTERDAY
  MAXIMUM         88    331 PM  98    2000  80      8       71
  MINIMUM         64    708 AM  25    1965  44     20       46
  AVERAGE         76                        62     14       59

PRECIPITATION (IN)
  YESTERDAY        T             0.58 1961   0.01  -0.01     0.00
  MONTH TO DATE    0.01                      0.21  -0.20     0.14
  SINCE OCT 1      7.06                      9.86  -2.80     5.69
  SINCE JAN 1      5.55                      6.45  -0.90     2.75

DEGREE DAYS
 HEATING
  YESTERDAY        0                         4     -4        6
  MONTH TO DATE   18                        43    -25        6
  SINCE SEP 1     18                        43    -25        6
  SINCE JUL 1     19                        59    -40        6

 COOLING
  YESTERDAY       11                         1     10        0
  MONTH TO DATE   57                        49      8      126
  SINCE SEP 1     57                        49      8      126
  SINCE JAN 1   1054                       842    212     1298
..................................................................


WIND (MPH)
  HIGHEST WIND SPEED    23   HIGHEST WIND DIRECTION    NW (320)
  HIGHEST GUST SPEED    30   HIGHEST GUST DIRECTION    NW (320)
  AVERAGE WIND SPEED     6.2


SKY COVER
  AVERAGE SKY COVER 0.2


WEATHER CONDITIONS
 THE FOLLOWING WEATHER WAS RECORDED YESTERDAY.
  NO SIGNIFICANT WEATHER WAS OBSERVED.


RELATIVE HUMIDITY (PERCENT)
 HIGHEST    63           700 AM
 LOWEST     19           400 PM
 AVERAGE    41

..........................................................


THE ONTARIO OR CLIMATE NORMALS FOR TODAY
                         NORMAL    RECORD    YEAR
 MAXIMUM TEMPERATURE (F)   80        95      1979
 MINIMUM TEMPERATURE (F)   44        24      1965


SUNRISE AND SUNSET
SEPTEMBER 19 2014.....SUNRISE   732 AM MDT   SUNSET   751 PM MDT
SEPTEMBER 20 2014.....SUNRISE   733 AM MDT   SUNSET   749 PM MDT


-  INDICATES NEGATIVE NUMBERS.
R  INDICATES RECORD WAS SET OR TIED.
MM INDICATES DATA IS MISSING.
T  INDICATES TRACE AMOUNT.




$$
