000
CDUS46 KSGX 301418
CLIONT


CLIMATE REPORT
NATIONAL WEATHER SERVICE SAN DIEGO, CA
717 AM PDT SUN AUG 30 2015


...................................

...THE ONTARIO INTL AIRPORT CA CLIMATE SUMMARY FOR AUGUST 29 2015...

CLIMATE NORMAL PERIOD 1981 TO 2010
CLIMATE RECORD PERIOD 1998 TO 2015


WEATHER ITEM   OBSERVED TIME   RECORD YEAR NORMAL DEPARTURE LAST
                VALUE   (LST)  VALUE       VALUE  FROM      YEAR
                                                  NORMAL
..................................................................
TEMPERATURE (F)
 YESTERDAY
  MAXIMUM        102   1253 PM 108    2009  93      9      100
  MINIMUM         73    557 AM  59    2010  65      8       69
  AVERAGE         88                        79      9       85

PRECIPITATION (IN)
  YESTERDAY        0.00          0.01 2000   0.00   0.00     0.00
  MONTH TO DATE    T                         0.13  -0.13     0.13
  SINCE OCT 1     10.48                     14.77  -4.29     4.50
  SINCE JAN 1      4.84                     10.60  -5.76     3.62

DEGREE DAYS
 HEATING
  YESTERDAY        0                         0      0        0
  MONTH TO DATE    0                         0      0        0
  SINCE JUN 1      0                         5     -5        0
  SINCE JUL 1      0                         0      0        0

 COOLING
  YESTERDAY       23                        14      9       20
  MONTH TO DATE  485                       406     79      430
  SINCE JUN 1   1230                      1024    206     1191
  SINCE JAN 1   1525                      1190    335     1585
..................................................................


WIND (MPH)
  RESULTANT WIND SPEED   5   RESULTANT WIND DIRECTION  SW (240)
  HIGHEST WIND SPEED    18   HIGHEST WIND DIRECTION    SW (230)
  HIGHEST GUST SPEED    24   HIGHEST GUST DIRECTION    SW (240)
  AVERAGE WIND SPEED     6.1


SKY COVER
  POSSIBLE SUNSHINE  MM
  AVERAGE SKY COVER 0.1


WEATHER CONDITIONS
 THE FOLLOWING WEATHER WAS RECORDED YESTERDAY.
  NO SIGNIFICANT WEATHER WAS OBSERVED.


RELATIVE HUMIDITY (PERCENT)
 HIGHEST    57           500 AM
 LOWEST     18           100 PM
 AVERAGE    38

..........................................................


THE ONTARIO INTL AIRPORT CA CLIMATE NORMALS FOR TODAY
                         NORMAL    RECORD    YEAR
 MAXIMUM TEMPERATURE (F)   93       109      1998
 MINIMUM TEMPERATURE (F)   65        57      2010


SUNRISE AND SUNSET
AUGUST 30 2015........SUNRISE   622 AM PDT   SUNSET   719 PM PDT
AUGUST 31 2015........SUNRISE   623 AM PDT   SUNSET   718 PM PDT


-  INDICATES NEGATIVE NUMBERS.
R  INDICATES RECORD WAS SET OR TIED.
MM INDICATES DATA IS MISSING.
T  INDICATES TRACE AMOUNT.




$$
