000
CDUS46 KSGX 190125
CLIONT


CLIMATE REPORT
NATIONAL WEATHER SERVICE SAN DIEGO, CA
524 PM PST SUN FEB 18 2018


...................................

...THE ONTARIO INTL AIRPORT CA CLIMATE SUMMARY FOR FEBRUARY 18 2018...
VALID TODAY AS OF 0500 PM LOCAL TIME.

CLIMATE NORMAL PERIOD 1981 TO 2010
CLIMATE RECORD PERIOD 1998 TO 2018


WEATHER ITEM   OBSERVED TIME   RECORD YEAR NORMAL DEPARTURE LAST
                VALUE   (LST)  VALUE       VALUE  FROM      YEAR
                                                  NORMAL
..................................................................
TEMPERATURE (F)
 TODAY
  MAXIMUM         68    229 PM  78    2015  66      2       59
  MINIMUM         45    507 AM  39    2012  46     -1       49
                                      2006
  AVERAGE         57                        56      1       54

PRECIPITATION (IN)
  TODAY            0.00          0.63 2005   0.14  -0.14     0.10
  MONTH TO DATE    T                         2.11  -2.11     2.20
  SINCE OCT 1      2.01                      9.59  -7.58    14.46
  SINCE JAN 1      2.01                      5.42  -3.41     9.58

DEGREE DAYS
 HEATING
  TODAY            8                         9     -1       11
  MONTH TO DATE   58                       179   -121      132
  SINCE DEC 1    359                       846   -487      842
  SINCE JUL 1    403                      1068   -665      972

 COOLING
  TODAY            0                         0      0        0
  MONTH TO DATE   12                         0     12        1
  SINCE DEC 1     41                         5     36        1
  SINCE JAN 1     30                         3     27        1
..................................................................


WIND (MPH)
  RESULTANT WIND SPEED   3   RESULTANT WIND DIRECTION   W (250)
  HIGHEST WIND SPEED    17   HIGHEST WIND DIRECTION    SW (230)
  HIGHEST GUST SPEED    22   HIGHEST GUST DIRECTION    SW (220)
  AVERAGE WIND SPEED     5.3


SKY COVER
  POSSIBLE SUNSHINE  MM
  AVERAGE SKY COVER 0.1


WEATHER CONDITIONS
 THE FOLLOWING WEATHER WAS RECORDED TODAY.
  NO SIGNIFICANT WEATHER WAS OBSERVED.


RELATIVE HUMIDITY (PERCENT)
 HIGHEST    60           700 AM
 LOWEST     29           300 PM
 AVERAGE    45

..........................................................


THE ONTARIO INTL AIRPORT CA CLIMATE NORMALS FOR TOMORROW
                         NORMAL    RECORD    YEAR
 MAXIMUM TEMPERATURE (F)   66        77      2015
 MINIMUM TEMPERATURE (F)   46        38      2009


SUNRISE AND SUNSET
FEBRUARY 18 2018......SUNRISE   632 AM PST   SUNSET   537 PM PST
FEBRUARY 19 2018......SUNRISE   631 AM PST   SUNSET   538 PM PST


-  INDICATES NEGATIVE NUMBERS.
R  INDICATES RECORD WAS SET OR TIED.
MM INDICATES DATA IS MISSING.
T  INDICATES TRACE AMOUNT.




$$
