000
CDUS46 KSGX 251419
CLIONT


CLIMATE REPORT
NATIONAL WEATHER SERVICE SAN DIEGO, CA
719 AM PDT THU AUG 25 2016


...................................

...THE ONTARIO INTL AIRPORT CA CLIMATE SUMMARY FOR AUGUST 24 2016...

CLIMATE NORMAL PERIOD 1981 TO 2010
CLIMATE RECORD PERIOD 1998 TO 2016


WEATHER ITEM   OBSERVED TIME   RECORD YEAR NORMAL DEPARTURE LAST
                VALUE   (LST)  VALUE       VALUE  FROM      YEAR
                                                  NORMAL
..................................................................
TEMPERATURE (F)
 YESTERDAY
  MAXIMUM         94    204 PM 106    2010  94      0       99
  MINIMUM         65    531 AM  59    2004  65      0       65
  AVERAGE         80                        79      1       82

PRECIPITATION (IN)
  YESTERDAY        0.00          0.00 2006   0.01  -0.01     0.00
                                      2005
                                      2004
  MONTH TO DATE    0.00                      0.11  -0.11      T
  SINCE OCT 1      7.71                     14.75  -7.04    10.48
  SINCE JAN 1      5.59                     10.58  -4.99     4.84

DEGREE DAYS
 HEATING
  YESTERDAY        0                         0      0        0
  MONTH TO DATE    0                         0      0        0
  SINCE JUN 1      2                         5     -3        0
  SINCE JUL 1      0                         0      0        0

 COOLING
  YESTERDAY       15                        14      1       17
  MONTH TO DATE  363                       336     27      373
  SINCE JUN 1   1205                       954    251     1118
  SINCE JAN 1   1433                      1120    313     1413
..................................................................


WIND (MPH)
  RESULTANT WIND SPEED   6   RESULTANT WIND DIRECTION  SW (240)
  HIGHEST WIND SPEED    16   HIGHEST WIND DIRECTION    SW (240)
  HIGHEST GUST SPEED    23   HIGHEST GUST DIRECTION     W (280)
  AVERAGE WIND SPEED     6.8


SKY COVER
  POSSIBLE SUNSHINE  MM
  AVERAGE SKY COVER 0.1


WEATHER CONDITIONS
 THE FOLLOWING WEATHER WAS RECORDED YESTERDAY.
  NO SIGNIFICANT WEATHER WAS OBSERVED.


RELATIVE HUMIDITY (PERCENT)
 HIGHEST    68           200 AM
 LOWEST     23          1200 PM
 AVERAGE    46

..........................................................


THE ONTARIO INTL AIRPORT CA CLIMATE NORMALS FOR TODAY
                         NORMAL    RECORD    YEAR
 MAXIMUM TEMPERATURE (F)   94       108      2010
 MINIMUM TEMPERATURE (F)   65        60      2004


SUNRISE AND SUNSET
AUGUST 25 2016........SUNRISE   620 AM PDT   SUNSET   725 PM PDT
AUGUST 26 2016........SUNRISE   620 AM PDT   SUNSET   723 PM PDT


-  INDICATES NEGATIVE NUMBERS.
R  INDICATES RECORD WAS SET OR TIED.
MM INDICATES DATA IS MISSING.
T  INDICATES TRACE AMOUNT.




$$
