000
CDUS46 KSGX 010016
CLIONT


CLIMATE REPORT
NATIONAL WEATHER SERVICE SAN DIEGO, CA
516 PM PDT FRI SEP 30 2016


...................................

...THE ONTARIO INTL AIRPORT CA CLIMATE SUMMARY FOR SEPTEMBER 30 2016...
VALID TODAY AS OF 0500 PM LOCAL TIME.

CLIMATE NORMAL PERIOD 1981 TO 2010
CLIMATE RECORD PERIOD 1998 TO 2016


WEATHER ITEM   OBSERVED TIME   RECORD YEAR NORMAL DEPARTURE LAST
                VALUE   (LST)  VALUE       VALUE  FROM      YEAR
                                                  NORMAL
..................................................................
TEMPERATURE (F)
 TODAY
  MAXIMUM         94    244 PM 106    2001  85      9       95
  MINIMUM         69    621 AM  53    2007  60      9       64
  AVERAGE         82                        72     10       80

PRECIPITATION (IN)
  TODAY            0.00          T    2011   0.02  -0.02     0.00
  MONTH TO DATE    T                         0.27  -0.27     1.72
  SINCE OCT 1      7.71                     15.04  -7.33    12.20
  SINCE JAN 1      5.59                     10.87  -5.28     6.56

DEGREE DAYS
 HEATING
  TODAY            0                         0      0        0
  MONTH TO DATE    1                         0      1        0
  SINCE SEP 1      1                         3     -2        0
  SINCE JUL 1      1                         3     -2        0

 COOLING
  TODAY           17                         7     10       15
  MONTH TO DATE  331                       328      3      473
  SINCE SEP 1    331                       328      3      473
  SINCE JAN 1   1862                      1551    311     2030
..................................................................


WIND (MPH)
  RESULTANT WIND SPEED   4   RESULTANT WIND DIRECTION   W (260)
  HIGHEST WIND SPEED    17   HIGHEST WIND DIRECTION     W (270)
  HIGHEST GUST SPEED    22   HIGHEST GUST DIRECTION     W (260)
  AVERAGE WIND SPEED     3.9


SKY COVER
  POSSIBLE SUNSHINE  MM
  AVERAGE SKY COVER 0.1


WEATHER CONDITIONS
 THE FOLLOWING WEATHER WAS RECORDED TODAY.
  NO SIGNIFICANT WEATHER WAS OBSERVED.


RELATIVE HUMIDITY (PERCENT)
 HIGHEST    57           400 AM
 LOWEST     20           100 PM
 AVERAGE    39

..........................................................


THE ONTARIO INTL AIRPORT CA CLIMATE NORMALS FOR TOMORROW
                         NORMAL    RECORD    YEAR
 MAXIMUM TEMPERATURE (F)   84       107      2012
 MINIMUM TEMPERATURE (F)   59        55      2002


SUNRISE AND SUNSET
SEPTEMBER 30 2016.....SUNRISE   645 AM PDT   SUNSET   635 PM PDT
OCTOBER  1 2016.......SUNRISE   645 AM PDT   SUNSET   634 PM PDT


-  INDICATES NEGATIVE NUMBERS.
R  INDICATES RECORD WAS SET OR TIED.
MM INDICATES DATA IS MISSING.
T  INDICATES TRACE AMOUNT.




$$
