000
CDUS43 KLOT 292134
CLIORD


CLIMATE REPORT
NATIONAL WEATHER SERVICE CHICAGO IL
434 PM CDT SUN MAY 29 2016


...................................

...THE CHICAGO-OHARE IL CLIMATE SUMMARY FOR MAY 29 2016...
VALID TODAY AS OF 0400 PM LOCAL TIME.

CLIMATE NORMAL PERIOD 1981 TO 2010
CLIMATE RECORD PERIOD 1871 TO 2016


WEATHER ITEM   OBSERVED TIME   RECORD YEAR NORMAL DEPARTURE LAST
                VALUE   (LST)  VALUE       VALUE  FROM      YEAR
                                                  NORMAL
..................................................................
TEMPERATURE (F)
 TODAY
  MAXIMUM         79    249 PM  95    1942  74      5       81
  MINIMUM         63    443 AM  37    1984  52     11       63
                                      1965
  AVERAGE         71                        63      8       72

PRECIPITATION (IN)
  TODAY            0.00          3.45 1981   0.12  -0.12     0.20
  MONTH TO DATE    4.87                      3.44   1.43     4.25
  SINCE MAR 1     11.01                      9.32   1.69     8.22
  SINCE JAN 1     13.08                     12.84   0.24    11.08

SNOWFALL (IN)
  TODAY            0.0           0.0    MM   0.0    0.0      0.0
  MONTH TO DATE    0.0                       0.0    0.0      0.0
  SINCE MAR 1      3.7                       6.8   -3.1      7.1
  SINCE JUL 1     31.2                      36.6   -5.4     50.7

DEGREE DAYS
 HEATING
  TODAY            0                         4     -4        0
  MONTH TO DATE  225                       217      8      164
  SINCE MAR 1   1407                      1550   -143     1534
  SINCE JUL 1   5415                      6284   -869     6714

 COOLING
  TODAY            6                         2      4        7
  MONTH TO DATE   49                        38     11       53
  SINCE MAR 1     56                        48      8       53
  SINCE JAN 1     56                        48      8       53
..................................................................


WIND (MPH)
  HIGHEST WIND SPEED    22   HIGHEST WIND DIRECTION    SW (240)
  HIGHEST GUST SPEED    27   HIGHEST GUST DIRECTION     W (250)
  AVERAGE WIND SPEED    12.3


SKY COVER
  POSSIBLE SUNSHINE  MM
  AVERAGE SKY COVER 0.5


WEATHER CONDITIONS
 THE FOLLOWING WEATHER WAS RECORDED TODAY.
  NO SIGNIFICANT WEATHER WAS OBSERVED.


RELATIVE HUMIDITY (PERCENT)
 HIGHEST    93           400 AM
 LOWEST     54           200 PM
 AVERAGE    74

..........................................................


THE CHICAGO-OHARE IL CLIMATE NORMALS FOR TOMORROW
                         NORMAL    RECORD    YEAR
 MAXIMUM TEMPERATURE (F)   74        93      1953
                                             1942
 MINIMUM TEMPERATURE (F)   53        35      1873


SUNRISE AND SUNSET
MAY 29 2016...........SUNRISE   520 AM CDT   SUNSET   819 PM CDT
MAY 30 2016...........SUNRISE   519 AM CDT   SUNSET   820 PM CDT


-  INDICATES NEGATIVE NUMBERS.
R  INDICATES RECORD WAS SET OR TIED.
MM INDICATES DATA IS MISSING.
T  INDICATES TRACE AMOUNT.




$$
