000
CDUS41 KAKQ 180645
CLIORF


CLIMATE REPORT
NATIONAL WEATHER SERVICE WAKEFIELD, VA
145 AM EST WED JAN 18 2017


...................................

...THE NORFOLK VA CLIMATE SUMMARY FOR JANUARY 17 2017...

CLIMATE NORMAL PERIOD 1981 TO 2010
CLIMATE RECORD PERIOD 1871 TO 2017


WEATHER ITEM   OBSERVED TIME   RECORD YEAR NORMAL DEPARTURE LAST
                VALUE   (LST)  VALUE       VALUE  FROM      YEAR
                                                  NORMAL
..................................................................
TEMPERATURE (F)
 YESTERDAY
  MAXIMUM         60    949 PM  77    1943  48     12       46
  MINIMUM         44    349 AM   5    1977  33     11       32
  AVERAGE         52                        40     12       39

PRECIPITATION (IN)
  YESTERDAY        0.01          1.23 1896   0.11  -0.10     0.49
  MONTH TO DATE    3.14                      1.88   1.26     1.70
  SINCE DEC 1      5.68                      5.14   0.54     5.07
  SINCE JAN 1      3.14                      1.88   1.26     1.70

SNOWFALL (IN)
  YESTERDAY       MM             1.8  1911   0.1   MM
  MONTH TO DATE    5.3                       1.4    3.9
  SINCE NOV 1      5.3                       2.6    2.7
  SINCE JUL 1      5.3                       2.6    2.7
  SNOW DEPTH       0

DEGREE DAYS
 HEATING
  YESTERDAY       13                        25    -12       26
  MONTH TO DATE  369                       420    -51      361
  SINCE DEC 1    976                      1069    -93      616
  SINCE JUL 1   1439                      1599   -160      955

 COOLING
  YESTERDAY        0                         0      0        0
  MONTH TO DATE    0                         0      0        0
  SINCE DEC 1      0                         1     -1       29
  SINCE JAN 1      0                         0      0        0
..................................................................


WIND (MPH)
  HIGHEST WIND SPEED    20   HIGHEST WIND DIRECTION    SW (210)
  HIGHEST GUST SPEED    26   HIGHEST GUST DIRECTION    SW (240)
  AVERAGE WIND SPEED     9.6


SKY COVER
  POSSIBLE SUNSHINE  MM
  AVERAGE SKY COVER 0.7


WEATHER CONDITIONS
 THE FOLLOWING WEATHER WAS RECORDED YESTERDAY.
  LIGHT RAIN
  FOG
  HAZE


RELATIVE HUMIDITY (PERCENT)
 HIGHEST    92           700 AM
 LOWEST     72           200 PM
 AVERAGE    82

..........................................................


THE NORFOLK VA CLIMATE NORMALS FOR TODAY
                         NORMAL    RECORD    YEAR
 MAXIMUM TEMPERATURE (F)   48        77      1937
 MINIMUM TEMPERATURE (F)   33        12      1893


SUNRISE AND SUNSET
JANUARY 18 2017.......SUNRISE   716 AM EST   SUNSET   515 PM EST
JANUARY 19 2017.......SUNRISE   715 AM EST   SUNSET   516 PM EST


-  INDICATES NEGATIVE NUMBERS.
R  INDICATES RECORD WAS SET OR TIED.
MM INDICATES DATA IS MISSING.
T  INDICATES TRACE AMOUNT.




$$
