000
CDUS41 KAKQ 270545
CLIORF


CLIMATE REPORT
NATIONAL WEATHER SERVICE WAKEFIELD, VA
145 AM EDT MON MAR 27 2017


...................................

...THE NORFOLK VA CLIMATE SUMMARY FOR MARCH 26 2017...

CLIMATE NORMAL PERIOD 1981 TO 2010
CLIMATE RECORD PERIOD 1871 TO 2017


WEATHER ITEM   OBSERVED TIME   RECORD YEAR NORMAL DEPARTURE LAST
                VALUE   (LST)  VALUE       VALUE  FROM      YEAR
                                                  NORMAL
..................................................................
TEMPERATURE (F)
 YESTERDAY
  MAXIMUM         62    735 AM  84    1939  61      1       57
                                      1921
  MINIMUM         53    803 PM  27    1940  43     10       49
  AVERAGE         58                        52      6       53

PRECIPITATION (IN)
  YESTERDAY        0.00          2.11 1978   0.13  -0.13      T
  MONTH TO DATE    2.80                      3.09  -0.29     2.16
  SINCE MAR 1      2.80                      3.09  -0.29     2.16
  SINCE JAN 1      7.87                      9.61  -1.74    13.03

SNOWFALL (IN)
  YESTERDAY        0.0           4.2  1971   0.0    0.0
  MONTH TO DATE    0.1                       0.2   -0.1
  SINCE NOV 1      5.4                       5.8   -0.4
  SINCE JUL 1      5.4                       5.8   -0.4
  SNOW DEPTH       0

DEGREE DAYS
 HEATING
  YESTERDAY        7                        13     -6       12
  MONTH TO DATE  446                       432     14      259
  SINCE MAR 1    446                       432     14      259
  SINCE JUL 1   2498                      3001   -503     2175

 COOLING
  YESTERDAY        0                         0      0        0
  MONTH TO DATE   11                         0     11       18
  SINCE MAR 1     11                         0     11       18
  SINCE JAN 1     14                         1     13       18
..................................................................


WIND (MPH)
  HIGHEST WIND SPEED    13   HIGHEST WIND DIRECTION    NE (30)
  HIGHEST GUST SPEED    16   HIGHEST GUST DIRECTION    NE (60)
  AVERAGE WIND SPEED     7.5


SKY COVER
  POSSIBLE SUNSHINE  MM
  AVERAGE SKY COVER 0.3


WEATHER CONDITIONS
 THE FOLLOWING WEATHER WAS RECORDED YESTERDAY.
  NO SIGNIFICANT WEATHER WAS OBSERVED.


RELATIVE HUMIDITY (PERCENT)
 HIGHEST    93           500 AM
 LOWEST     64           100 PM
 AVERAGE    79

..........................................................


THE NORFOLK VA CLIMATE NORMALS FOR TODAY
                         NORMAL    RECORD    YEAR
 MAXIMUM TEMPERATURE (F)   62        86      2007
 MINIMUM TEMPERATURE (F)   43        23      1955


SUNRISE AND SUNSET
MARCH 27 2017.........SUNRISE   658 AM EDT   SUNSET   723 PM EDT
MARCH 28 2017.........SUNRISE   656 AM EDT   SUNSET   724 PM EDT


-  INDICATES NEGATIVE NUMBERS.
R  INDICATES RECORD WAS SET OR TIED.
MM INDICATES DATA IS MISSING.
T  INDICATES TRACE AMOUNT.




$$
