000
CDUS41 KAKQ 240645
CLIORF


CLIMATE REPORT
NATIONAL WEATHER SERVICE WAKEFIELD, VA
145 AM EST FRI FEB 24 2017


...................................

...THE NORFOLK VA CLIMATE SUMMARY FOR FEBRUARY 23 2017...

CLIMATE NORMAL PERIOD 1981 TO 2010
CLIMATE RECORD PERIOD 1871 TO 2017


WEATHER ITEM   OBSERVED TIME   RECORD YEAR NORMAL DEPARTURE LAST
                VALUE   (LST)  VALUE       VALUE  FROM      YEAR
                                                  NORMAL
..................................................................
TEMPERATURE (F)
 YESTERDAY
  MAXIMUM         76    237 PM  79    1975  52     24       48
  MINIMUM         55   1101 PM  15    1963  36     19       44
  AVERAGE         66                        44     22       46

PRECIPITATION (IN)
  YESTERDAY        0.01          1.03 1998   0.12  -0.11     0.19
  MONTH TO DATE    0.66                      2.55  -1.89     5.53
  SINCE DEC 1      7.61                      9.21  -1.60    13.52
  SINCE JAN 1      5.07                      5.95  -0.88    10.15

SNOWFALL (IN)
  YESTERDAY        0.0           5.0  1901   0.0    0.0
  MONTH TO DATE    0.0                       1.7   -1.7
  SINCE NOV 1      5.3                       5.3    0.0
  SINCE JUL 1      5.3                       5.3    0.0
  SNOW DEPTH       0

DEGREE DAYS
 HEATING
  YESTERDAY        0                        21    -21       19
  MONTH TO DATE  343                       524   -181      504
  SINCE DEC 1   1558                      1936   -378     1492
  SINCE JUL 1   2021                      2466   -445     1831

 COOLING
  YESTERDAY        1                         0      1        0
  MONTH TO DATE    1                         0      1        0
  SINCE DEC 1      1                         1      0       29
  SINCE JAN 1      1                         0      1        0
..................................................................


WIND (MPH)
  HIGHEST WIND SPEED    18   HIGHEST WIND DIRECTION     S (160)
  HIGHEST GUST SPEED    25   HIGHEST GUST DIRECTION     S (190)
  AVERAGE WIND SPEED     6.7


SKY COVER
  POSSIBLE SUNSHINE  MM
  AVERAGE SKY COVER 0.5


WEATHER CONDITIONS
 THE FOLLOWING WEATHER WAS RECORDED YESTERDAY.
  LIGHT RAIN


RELATIVE HUMIDITY (PERCENT)
 HIGHEST    86           600 AM
 LOWEST     43           300 PM
 AVERAGE    65

..........................................................


THE NORFOLK VA CLIMATE NORMALS FOR TODAY
                         NORMAL    RECORD    YEAR
 MAXIMUM TEMPERATURE (F)   53        82      2012
 MINIMUM TEMPERATURE (F)   36        16      1947
                                             1914
                                             1901


SUNRISE AND SUNSET
FEBRUARY 24 2017......SUNRISE   642 AM EST   SUNSET   554 PM EST
FEBRUARY 25 2017......SUNRISE   641 AM EST   SUNSET   555 PM EST


-  INDICATES NEGATIVE NUMBERS.
R  INDICATES RECORD WAS SET OR TIED.
MM INDICATES DATA IS MISSING.
T  INDICATES TRACE AMOUNT.




$$
