000
CDUS41 KAKQ 052145
CLIORF


CLIMATE REPORT
NATIONAL WEATHER SERVICE WAKEFIELD, VA
545 PM EDT SUN JUL 5 2015


...................................

...THE NORFOLK VA CLIMATE SUMMARY FOR JULY 5 2015...
VALID TODAY AS OF 0500 PM LOCAL TIME.

CLIMATE NORMAL PERIOD 1981 TO 2010
CLIMATE RECORD PERIOD 1871 TO 2015


WEATHER ITEM   OBSERVED TIME   RECORD YEAR NORMAL DEPARTURE LAST
                VALUE   (LST)  VALUE       VALUE  FROM      YEAR
                                                  NORMAL
..................................................................
TEMPERATURE (F)
 TODAY
  MAXIMUM         83    359 PM  98    2012  87     -4       80
                                      2010
                                      1990
  MINIMUM         73    402 AM  58    1892  72      1       65
  AVERAGE         78

PRECIPITATION (IN)
  TODAY            0.06          2.48 1975   0.14  -0.08      T
  MONTH TO DATE    0.51                      0.71  -0.20     1.46
  SINCE JUN 1      8.85                      4.97   3.88     3.37
  SINCE JAN 1     23.85                     21.99   1.86    22.99

SNOWFALL (IN)
  TODAY            0.0
  MONTH TO DATE    0.0
  SINCE NOV 1     12.7
  SINCE JUL 1      0.0
  SNOW DEPTH       0

DEGREE DAYS
 HEATING
  TODAY            0                         0      0        0
  MONTH TO DATE    0                         0      0        0
  SINCE JUN 1      0                         6     -6        3
  SINCE JUL 1      0                         0      0        0

 COOLING
  TODAY           13                        14     -1        8
  MONTH TO DATE   72                        70      2       85
  SINCE JUN 1    490                       385    105      443
  SINCE JAN 1    726                       551    175      645
..................................................................


WIND (MPH)
  RESULTANT WIND SPEED   5   RESULTANT WIND DIRECTION   E (70)
  HIGHEST WIND SPEED    14   HIGHEST WIND DIRECTION    NE (60)
  HIGHEST GUST SPEED    18   HIGHEST GUST DIRECTION     E (80)


SKY COVER
  POSSIBLE SUNSHINE  MM
  AVERAGE SKY COVER 0.4


WEATHER CONDITIONS
 THE FOLLOWING WEATHER WAS RECORDED TODAY.
  LIGHT RAIN
  FOG


RELATIVE HUMIDITY (PERCENT)
 HIGHEST    87
 LOWEST     69
 AVERAGE    78

..........................................................


THE NORFOLK VA CLIMATE NORMALS FOR TOMORROW
                         NORMAL    RECORD    YEAR
 MAXIMUM TEMPERATURE (F)   87       102      1881
 MINIMUM TEMPERATURE (F)   72        57      1978


SUNRISE AND SUNSET
JULY  5 2015..........SUNRISE   551 AM EDT   SUNSET   828 PM EDT
JULY  6 2015..........SUNRISE   552 AM EDT   SUNSET   827 PM EDT


-  INDICATES NEGATIVE NUMBERS.
R  INDICATES RECORD WAS SET OR TIED.
MM INDICATES DATA IS MISSING.
T  INDICATES TRACE AMOUNT.




$$
