000
CDUS41 KAKQ 200832
CLIORF


CLIMATE REPORT
NATIONAL WEATHER SERVICE WAKEFIELD, VA
432 AM EDT MON OCT 20 2014


...................................

...THE NORFOLK VA CLIMATE SUMMARY FOR OCTOBER 19 2014...

CLIMATE NORMAL PERIOD 1981 TO 2010
CLIMATE RECORD PERIOD 1871 TO 2014


WEATHER ITEM   OBSERVED TIME   RECORD YEAR NORMAL DEPARTURE LAST
                VALUE   (LST)  VALUE       VALUE  FROM      YEAR
                                                  NORMAL
..................................................................
TEMPERATURE (F)
 YESTERDAY
  MAXIMUM         63    310 PM  87    2007  69     -6       68
  MINIMUM         45   1146 PM  36    1976  53     -8       58
  AVERAGE         54                        61     -7       63

PRECIPITATION (IN)
  YESTERDAY        0.00          2.31 1968   0.10  -0.10     0.01
  MONTH TO DATE    0.90                      2.11  -1.21     4.13
  SINCE SEP 1     10.07                      6.87   3.20     5.06
  SINCE JAN 1     42.48                     38.81   3.67    38.33

SNOWFALL (IN)
  YESTERDAY        0.0           0.0  2002   0.0    0.0
                                      2001
  MONTH TO DATE    0.0                       0.0    0.0
  SINCE NOV 1     15.5                       5.8    9.7
  SINCE JUL 1      0.0                       0.0    0.0
  SNOW DEPTH       0

DEGREE DAYS
 HEATING
  YESTERDAY       11                         5      6        2
  MONTH TO DATE   25                        63    -38        9
  SINCE SEP 1     25                        74    -49       17
  SINCE JUL 1     25                        74    -49       17

 COOLING
  YESTERDAY        0                         1     -1        0
  MONTH TO DATE   69                        44     25       81
  SINCE SEP 1    340                       274     66      294
  SINCE JAN 1   1713                      1609    104     1743
..................................................................


WIND (MPH)
  HIGHEST WIND SPEED    18   HIGHEST WIND DIRECTION     N (350)
  HIGHEST GUST SPEED    29   HIGHEST GUST DIRECTION     N (350)
  AVERAGE WIND SPEED     8.3


SKY COVER
  POSSIBLE SUNSHINE  MM
  AVERAGE SKY COVER 0.3


WEATHER CONDITIONS
 THE FOLLOWING WEATHER WAS RECORDED YESTERDAY.
  NO SIGNIFICANT WEATHER WAS OBSERVED.


RELATIVE HUMIDITY (PERCENT)
 HIGHEST    71          1000 PM
 LOWEST     32           300 PM
 AVERAGE    52

..........................................................


THE NORFOLK VA CLIMATE NORMALS FOR TODAY
                         NORMAL    RECORD    YEAR
 MAXIMUM TEMPERATURE (F)   69        87      1984
 MINIMUM TEMPERATURE (F)   52        34      1981


SUNRISE AND SUNSET
OCTOBER 20 2014.......SUNRISE   717 AM EDT   SUNSET   622 PM EDT
OCTOBER 21 2014.......SUNRISE   718 AM EDT   SUNSET   620 PM EDT


-  INDICATES NEGATIVE NUMBERS.
R  INDICATES RECORD WAS SET OR TIED.
MM INDICATES DATA IS MISSING.
T  INDICATES TRACE AMOUNT.




$$
