000
CDUS41 KAKQ 200545
CLIORF


CLIMATE REPORT
NATIONAL WEATHER SERVICE WAKEFIELD, VA
145 AM EDT SUN AUG 20 2017


...................................

...THE NORFOLK VA CLIMATE SUMMARY FOR AUGUST 19 2017...

CLIMATE NORMAL PERIOD 1981 TO 2010
CLIMATE RECORD PERIOD 1871 TO 2017


WEATHER ITEM   OBSERVED TIME   RECORD YEAR NORMAL DEPARTURE LAST
                VALUE   (LST)  VALUE       VALUE  FROM      YEAR
                                                  NORMAL
..................................................................
TEMPERATURE (F)
 YESTERDAY
  MAXIMUM         88    344 PM  96    1954  85      3       89
                                      1912
  MINIMUM         75    330 AM  60    1879  71      4       72
  AVERAGE         82                        78      4       81

PRECIPITATION (IN)
  YESTERDAY        0.38          2.97 1957   0.18   0.20     1.02
  MONTH TO DATE    4.81                      3.52   1.29     4.21
  SINCE JUN 1     12.49                     12.92  -0.43    19.60
  SINCE JAN 1     34.31                     29.94   4.37    41.83

SNOWFALL (IN)
  YESTERDAY        0.0           0.0  2002   0.0    0.0
                                      2001
  MONTH TO DATE    0.0                       0.0    0.0
  SINCE NOV 1      5.4                       5.8   -0.4
  SINCE JUL 1      0.0                       0.0    0.0
  SNOW DEPTH       0

DEGREE DAYS
 HEATING
  YESTERDAY        0                         0      0        0
  MONTH TO DATE    0                         0      0        0
  SINCE JUN 1      2                         6     -4        0
  SINCE JUL 1      0                         0      0        0

 COOLING
  YESTERDAY       17                        13      4       16
  MONTH TO DATE  281                       257     24      340
  SINCE JUN 1   1211                      1026    185     1218
  SINCE JAN 1   1532                      1192    340     1375
..................................................................


WIND (MPH)
  HIGHEST WIND SPEED    14   HIGHEST WIND DIRECTION     N (340)
  HIGHEST GUST SPEED    22   HIGHEST GUST DIRECTION     N (340)
  AVERAGE WIND SPEED     4.7


SKY COVER
  POSSIBLE SUNSHINE  MM
  AVERAGE SKY COVER 0.2


WEATHER CONDITIONS
 THE FOLLOWING WEATHER WAS RECORDED YESTERDAY.
  RAIN
  LIGHT RAIN
  FOG


RELATIVE HUMIDITY (PERCENT)
 HIGHEST   100           500 AM
 LOWEST     57           400 PM
 AVERAGE    79

..........................................................


THE NORFOLK VA CLIMATE NORMALS FOR TODAY
                         NORMAL    RECORD    YEAR
 MAXIMUM TEMPERATURE (F)   85       100      1983
 MINIMUM TEMPERATURE (F)   71        61      1953


SUNRISE AND SUNSET
AUGUST 20 2017........SUNRISE   626 AM EDT   SUNSET   749 PM EDT
AUGUST 21 2017........SUNRISE   627 AM EDT   SUNSET   748 PM EDT


-  INDICATES NEGATIVE NUMBERS.
R  INDICATES RECORD WAS SET OR TIED.
MM INDICATES DATA IS MISSING.
T  INDICATES TRACE AMOUNT.




$$
