000
CDUS41 KAKQ 281242
CLIORF

CLIMATE REPORT
NATIONAL WEATHER SERVICE WAKEFIELD, VA
741 AM EST SAT FEB 28 2015


...................................

...THE NORFOLK VA CLIMATE SUMMARY FOR FEBRUARY 27 2015...

CLIMATE NORMAL PERIOD 1981 TO 2010
CLIMATE RECORD PERIOD 1871 TO 2015


WEATHER ITEM   OBSERVED TIME   RECORD YEAR NORMAL DEPARTURE LAST
                VALUE   (LST)  VALUE       VALUE  FROM      YEAR
                                                  NORMAL
..................................................................
TEMPERATURE (F)
 YESTERDAY
  MAXIMUM         36   1244 PM  82    1997  53    -17       51
  MINIMUM         23    654 AM  14    1934  36    -13       27
  AVERAGE         30                        45    -15       39

PRECIPITATION (IN)
  YESTERDAY        0.00          1.23 1982   0.12  -0.12     0.00
  MONTH TO DATE    2.54                      3.01  -0.47     3.06
  SINCE DEC 1      9.88                      9.67   0.21    11.04
  SINCE JAN 1      6.18                      6.41  -0.23     6.29

SNOWFALL (IN)
  YESTERDAY        0.0           3.0  1924   0.0    0.0
  MONTH TO DATE   11.5                       1.9    9.6
  SINCE NOV 1     12.5                       5.5    7.0
  SINCE JUL 1     12.5                       5.5    7.0
  SNOW DEPTH       4

DEGREE DAYS
 HEATING
  YESTERDAY       35                        20     15       26
  MONTH TO DATE  865                       606    259      616
  SINCE DEC 1   2236                      2018    218     2044
  SINCE JUL 1   2799                      2548    251     2575

 COOLING
  YESTERDAY        0                         0      0        0
  MONTH TO DATE    0                         0      0        0
  SINCE DEC 1      0                         1     -1        5
  SINCE JAN 1      0                         0      0        0
..................................................................


WIND (MPH)
  HIGHEST WIND SPEED    18   HIGHEST WIND DIRECTION     N (10)
  HIGHEST GUST SPEED    23   HIGHEST GUST DIRECTION     N (10)
  AVERAGE WIND SPEED     8.1


SKY COVER
  POSSIBLE SUNSHINE  MM
  AVERAGE SKY COVER 0.2


WEATHER CONDITIONS
 THE FOLLOWING WEATHER WAS RECORDED YESTERDAY.
  FOG
  HAZE


RELATIVE HUMIDITY (PERCENT)
 HIGHEST   100           800 AM
 LOWEST     56          1200 PM
 AVERAGE    78

..........................................................


THE NORFOLK VA CLIMATE NORMALS FOR TODAY
                         NORMAL    RECORD    YEAR
 MAXIMUM TEMPERATURE (F)   54        79      2011
                                             1948
 MINIMUM TEMPERATURE (F)   37        17      1934
                                             1888


SUNRISE AND SUNSET
FEBRUARY 28 2015......SUNRISE   637 AM EST   SUNSET   558 PM EST
MARCH  1 2015.........SUNRISE   636 AM EST   SUNSET   559 PM EST


-  INDICATES NEGATIVE NUMBERS.
R  INDICATES RECORD WAS SET OR TIED.
MM INDICATES DATA IS MISSING.
T  INDICATES TRACE AMOUNT.




$$
