000
CDUS41 KAKQ 210845
CLIORF


CLIMATE REPORT
NATIONAL WEATHER SERVICE WAKEFIELD, VA
345 AM EST SUN DEC 21 2014


...................................

...THE NORFOLK VA CLIMATE SUMMARY FOR DECEMBER 20 2014...

CLIMATE NORMAL PERIOD 1981 TO 2010
CLIMATE RECORD PERIOD 1871 TO 2014


WEATHER ITEM   OBSERVED TIME   RECORD YEAR NORMAL DEPARTURE LAST
                VALUE   (LST)  VALUE       VALUE  FROM      YEAR
                                                  NORMAL
..................................................................
TEMPERATURE (F)
 YESTERDAY
  MAXIMUM         40    320 PM  73    1931  51    -11       69
  MINIMUM         31   1148 PM  15    2004  35     -4       43
  AVERAGE         36                        43     -7       56

PRECIPITATION (IN)
  YESTERDAY        0.00          2.36 1874   0.11  -0.11     0.00
  MONTH TO DATE    0.74                      2.12  -1.38     2.85
  SINCE DEC 1      0.74                      2.12  -1.38     2.85
  SINCE JAN 1     47.33                     45.39   1.94    43.75

SNOWFALL (IN)
  YESTERDAY        0.0           4.0  1942   0.1   -0.1
  MONTH TO DATE    0.0                       0.5   -0.5
  SINCE NOV 1      0.0                       0.5   -0.5
  SINCE JUL 1      0.0                       0.5   -0.5
  SNOW DEPTH       0

DEGREE DAYS
 HEATING
  YESTERDAY       29                        22      7        9
  MONTH TO DATE  387                       394     -7      379
  SINCE DEC 1    387                       394     -7      379
  SINCE JUL 1    950                       924     26      910

 COOLING
  YESTERDAY        0                         0      0        0
  MONTH TO DATE    0                         0      0        0
  SINCE DEC 1      0                         0      0        0
  SINCE JAN 1   1724                      1628     96     1754
..................................................................


WIND (MPH)
  HIGHEST WIND SPEED    12   HIGHEST WIND DIRECTION    NE (30)
  HIGHEST GUST SPEED    15   HIGHEST GUST DIRECTION     N (340)
  AVERAGE WIND SPEED     4.6


SKY COVER
  POSSIBLE SUNSHINE  MM
  AVERAGE SKY COVER 0.5


WEATHER CONDITIONS
 THE FOLLOWING WEATHER WAS RECORDED YESTERDAY.
  NO SIGNIFICANT WEATHER WAS OBSERVED.


RELATIVE HUMIDITY (PERCENT)
 HIGHEST    89           900 PM
 LOWEST     59          1200 PM
 AVERAGE    74

..........................................................


THE NORFOLK VA CLIMATE NORMALS FOR TODAY
                         NORMAL    RECORD    YEAR
 MAXIMUM TEMPERATURE (F)   51        73      2013
 MINIMUM TEMPERATURE (F)   35        11      1942


SUNRISE AND SUNSET
DECEMBER 21 2014......SUNRISE   714 AM EST   SUNSET   452 PM EST
DECEMBER 22 2014......SUNRISE   714 AM EST   SUNSET   452 PM EST


-  INDICATES NEGATIVE NUMBERS.
R  INDICATES RECORD WAS SET OR TIED.
MM INDICATES DATA IS MISSING.
T  INDICATES TRACE AMOUNT.




$$
