000
CDUS41 KBOX 020530
CLIORH


CLIMATE REPORT
NATIONAL WEATHER SERVICE TAUNTON MA
129 AM EDT SAT AUG 2 2014


...................................

...THE WORCESTER MA CLIMATE SUMMARY FOR AUGUST 1 2014...

CLIMATE NORMAL PERIOD 1981 TO 2010
CLIMATE RECORD PERIOD 1892 TO 2014


WEATHER ITEM   OBSERVED TIME   RECORD YEAR NORMAL DEPARTURE LAST
                VALUE   (LST)  VALUE       VALUE  FROM      YEAR
                                                  NORMAL
..................................................................
TEMPERATURE (F)
 YESTERDAY
  MAXIMUM         80    211 PM  96    1933  79      1       75
                                      1917
  MINIMUM         63    121 AM  50    1936  62      1       60
  AVERAGE         72                        70      2       68

PRECIPITATION (IN)
  YESTERDAY        0.21          1.22 1976   0.13   0.08     0.17
  MONTH TO DATE    0.21                      0.13   0.08     0.17
  SINCE JUN 1      8.05                      8.55  -0.50    13.20
  SINCE JAN 1     29.24                     27.78   1.46    30.01

SNOWFALL (IN)
  YESTERDAY        0.0           0.0  2002   0.0    0.0      0.0
                                      2001
                                      2000
  MONTH TO DATE    0.0                       0.0    0.0      0.0
  SINCE JUN 1      0.0                       0.0    0.0      0.0
  SINCE JUL 1      0.0                       0.0    0.0      0.0
  SNOW DEPTH      MM

DEGREE DAYS
 HEATING
  YESTERDAY        0                         0      0        0
  MONTH TO DATE    0                         0      0        0
  SINCE JUN 1     45                        97    -52       74
  SINCE JUL 1      0                        14    -14        7

 COOLING
  YESTERDAY        7                         6      1        3
  MONTH TO DATE    7                         6      1        3
  SINCE JUN 1    265                       265      0      404
  SINCE JAN 1    273                       287    -14      428
..................................................................


WIND (MPH)
  RESULTANT WIND SPEED   7   RESULTANT WIND DIRECTION  SW (220)
  HIGHEST WIND SPEED    18   HIGHEST WIND DIRECTION     S (200)
  HIGHEST GUST SPEED    27   HIGHEST GUST DIRECTION    SW (210)
  AVERAGE WIND SPEED     8.3


SKY COVER
  POSSIBLE SUNSHINE  MM
  AVERAGE SKY COVER 0.4


WEATHER CONDITIONS
 THE FOLLOWING WEATHER WAS RECORDED YESTERDAY.
  HEAVY RAIN
  RAIN
  FOG


RELATIVE HUMIDITY (PERCENT)
 HIGHEST    93           100 AM
 LOWEST     54           200 PM
 AVERAGE    74

..........................................................


THE WORCESTER MA CLIMATE NORMALS FOR TODAY
                         NORMAL    RECORD    YEAR
 MAXIMUM TEMPERATURE (F)   79        96      1975
 MINIMUM TEMPERATURE (F)   62        45      1931
                                             1929


SUNRISE AND SUNSET
AUGUST  2 2014........SUNRISE   541 AM EDT   SUNSET   806 PM EDT
AUGUST  3 2014........SUNRISE   542 AM EDT   SUNSET   804 PM EDT


-  INDICATES NEGATIVE NUMBERS.
R  INDICATES RECORD WAS SET OR TIED.
MM INDICATES DATA IS MISSING.
T  INDICATES TRACE AMOUNT.




$$
