000
CDUS41 KBOX 210542
CLIORH


CLIMATE REPORT
NATIONAL WEATHER SERVICE TAUNTON MA
1241 AM EST TUE NOV 21 2017


...................................

...THE WORCESTER MA CLIMATE SUMMARY FOR NOVEMBER 20 2017...

CLIMATE NORMAL PERIOD 1981 TO 2010
CLIMATE RECORD PERIOD 1892 TO 2017


WEATHER ITEM   OBSERVED TIME   RECORD YEAR NORMAL DEPARTURE LAST
                VALUE   (LST)  VALUE       VALUE  FROM      YEAR
                                                  NORMAL
..................................................................
TEMPERATURE (F)
 YESTERDAY
  MAXIMUM         37    330 PM  70    1991  46     -9       43
                                      1985
                                      1953
  MINIMUM         29    717 AM  14    1986  32     -3       27
  AVERAGE         33                        39     -6       35

PRECIPITATION (IN)
  YESTERDAY        T             2.33 1988   0.14  -0.14     0.37
  MONTH TO DATE    1.33                      2.84  -1.51     1.74
  SINCE SEP 1     12.67                     11.45   1.22    11.58
  SINCE JAN 1     41.96                     42.81  -0.85    34.98

SNOWFALL (IN)
  YESTERDAY        T             8.3  1961   0.1   -0.1       T
  MONTH TO DATE    T                         1.1   -1.1       T
  SINCE SEP 1      T                         1.3   -1.3       T
  SINCE JUL 1      T                         1.3   -1.3       T
  SNOW DEPTH      MM

DEGREE DAYS
 HEATING
  YESTERDAY       32                        26      6       30
  MONTH TO DATE  494                       459     35      390
  SINCE SEP 1    815                      1081   -266      895
  SINCE JUL 1    863                      1120   -257      904

 COOLING
  YESTERDAY        0                         0      0        0
  MONTH TO DATE    0                         0      0        0
  SINCE SEP 1    102                        45     57       75
  SINCE JAN 1    533                       471     62      663
..................................................................


WIND (MPH)
  RESULTANT WIND SPEED  16   RESULTANT WIND DIRECTION   W (270)
  HIGHEST WIND SPEED    31   HIGHEST WIND DIRECTION     W (290)
  HIGHEST GUST SPEED    42   HIGHEST GUST DIRECTION    NW (300)
  AVERAGE WIND SPEED    15.7


SKY COVER
  POSSIBLE SUNSHINE  MM
  AVERAGE SKY COVER 0.5


WEATHER CONDITIONS
 THE FOLLOWING WEATHER WAS RECORDED YESTERDAY.
  LIGHT SNOW


RELATIVE HUMIDITY (PERCENT)
 HIGHEST    70          1000 PM
 LOWEST     41          1000 AM
 AVERAGE    56

..........................................................


THE WORCESTER MA CLIMATE NORMALS FOR TODAY
                         NORMAL    RECORD    YEAR
 MAXIMUM TEMPERATURE (F)   46        71      1931
 MINIMUM TEMPERATURE (F)   32        10      1987


SUNRISE AND SUNSET
NOVEMBER 21 2017......SUNRISE   646 AM EST   SUNSET   421 PM EST
NOVEMBER 22 2017......SUNRISE   647 AM EST   SUNSET   420 PM EST


-  INDICATES NEGATIVE NUMBERS.
R  INDICATES RECORD WAS SET OR TIED.
MM INDICATES DATA IS MISSING.
T  INDICATES TRACE AMOUNT.




$$
