000
CDUS41 KBOX 030615
CLIORH


CLIMATE REPORT
NATIONAL WEATHER SERVICE TAUNTON MA
214 AM EDT FRI JUL 3 2015


...................................

...THE WORCESTER MA CLIMATE SUMMARY FOR JULY 2 2015...

CLIMATE NORMAL PERIOD 1981 TO 2010
CLIMATE RECORD PERIOD 1892 TO 2015


WEATHER ITEM   OBSERVED TIME   RECORD YEAR NORMAL DEPARTURE LAST
                VALUE   (LST)  VALUE       VALUE  FROM      YEAR
                                                  NORMAL
..................................................................
TEMPERATURE (F)
 YESTERDAY
  MAXIMUM         75    232 PM  97    1901  78     -3       88
  MINIMUM         61    552 AM  46    2001  60      1       68
  AVERAGE         68                        69     -1       78

PRECIPITATION (IN)
  YESTERDAY        0.00          1.79 1986   0.12  -0.12     0.16
  MONTH TO DATE    0.00                      0.24  -0.24     0.16
  SINCE JUN 1      6.35                      4.43   1.92     1.72
  SINCE JAN 1     20.65                     23.66  -3.01    22.91

SNOWFALL (IN)
  YESTERDAY        0.0           0.0  2002   0.0    0.0      0.0
                                      2001
                                      2000
  MONTH TO DATE    0.0                       0.0    0.0      0.0
  SINCE JUN 1      0.0                       0.0    0.0      0.0
  SINCE JUL 1      0.0                       0.0    0.0      0.0
  SNOW DEPTH      MM

DEGREE DAYS
 HEATING
  YESTERDAY        0                         1     -1        0
  MONTH TO DATE    0                         2     -2        0
  SINCE JUN 1     94                        85      9       45
  SINCE JUL 1      0                         2     -2        0

 COOLING
  YESTERDAY        3                         5     -2       13
  MONTH TO DATE    3                        10     -7       23
  SINCE JUN 1     87                        94     -7      107
  SINCE JAN 1    153                       116     37      115
..................................................................


WIND (MPH)
  RESULTANT WIND SPEED   8   RESULTANT WIND DIRECTION   W (270)
  HIGHEST WIND SPEED    15   HIGHEST WIND DIRECTION     W (290)
  HIGHEST GUST SPEED    20   HIGHEST GUST DIRECTION    NW (300)
  AVERAGE WIND SPEED     8.3


SKY COVER
  POSSIBLE SUNSHINE  MM
  AVERAGE SKY COVER 0.1


WEATHER CONDITIONS
 THE FOLLOWING WEATHER WAS RECORDED YESTERDAY.
  NO SIGNIFICANT WEATHER WAS OBSERVED.


RELATIVE HUMIDITY (PERCENT)
 HIGHEST    84           400 AM
 LOWEST     46           200 PM
 AVERAGE    65

..........................................................


THE WORCESTER MA CLIMATE NORMALS FOR TODAY
                         NORMAL    RECORD    YEAR
 MAXIMUM TEMPERATURE (F)   78        96      1911
 MINIMUM TEMPERATURE (F)   60        45      1940


SUNRISE AND SUNSET
JULY  3 2015..........SUNRISE   516 AM EDT   SUNSET   827 PM EDT
JULY  4 2015..........SUNRISE   516 AM EDT   SUNSET   827 PM EDT


-  INDICATES NEGATIVE NUMBERS.
R  INDICATES RECORD WAS SET OR TIED.
MM INDICATES DATA IS MISSING.
T  INDICATES TRACE AMOUNT.




$$
