000
CDUS41 KBOX 020549
CLIORH


CLIMATE REPORT
NATIONAL WEATHER SERVICE TAUNTON MA
1244 AM EST MON MAR 2 2015


...................................

...THE WORCESTER MA CLIMATE SUMMARY FOR MARCH 1 2015...

CLIMATE NORMAL PERIOD 1981 TO 2010
CLIMATE RECORD PERIOD 1892 TO 2015


WEATHER ITEM   OBSERVED TIME   RECORD YEAR NORMAL DEPARTURE LAST
                VALUE   (LST)  VALUE       VALUE  FROM      YEAR
                                                  NORMAL
..................................................................
TEMPERATURE (F)
 YESTERDAY
  MAXIMUM         24   1159 PM  63    1972  38    -14       30
  MINIMUM         14    625 AM  -1    1980  22     -8        4
  AVERAGE         19                        30    -11       17

PRECIPITATION (IN)
  YESTERDAY        0.30          2.98 1900   0.13   0.17     0.00
  MONTH TO DATE    0.30                      0.13   0.17     0.00
  SINCE MAR 1      0.30                      0.13   0.17     0.00
  SINCE JAN 1      8.61                      6.85   1.76     7.18

SNOWFALL (IN)
  YESTERDAY        3.6           6.9  1904   0.5    3.1      0.0
  MONTH TO DATE    3.6                       0.5    3.1      0.0
  SINCE MAR 1      3.6                       0.5    3.1      0.0
  SINCE JUL 1    112.2                      50.4   61.8     80.9
  SNOW DEPTH      MM

DEGREE DAYS
 HEATING
  YESTERDAY       46                        35     11       48
  MONTH TO DATE   46                        35     11       48
  SINCE MAR 1     46                        35     11       48
  SINCE JUL 1   5160                      4872    288     5102

 COOLING
  YESTERDAY        0                         0      0        0
  MONTH TO DATE    0                         0      0        0
  SINCE MAR 1      0                         0      0        0
  SINCE JAN 1      0                         0      0        0
..................................................................


WIND (MPH)
  RESULTANT WIND SPEED   8   RESULTANT WIND DIRECTION   W (250)
  HIGHEST WIND SPEED    17   HIGHEST WIND DIRECTION    SW (220)
  HIGHEST GUST SPEED    23   HIGHEST GUST DIRECTION    SW (240)
  AVERAGE WIND SPEED     9.3


SKY COVER
  POSSIBLE SUNSHINE  MM
  AVERAGE SKY COVER 0.7


WEATHER CONDITIONS
 THE FOLLOWING WEATHER WAS RECORDED YESTERDAY.
  LIGHT SNOW
  FOG
  HAZE


RELATIVE HUMIDITY (PERCENT)
 HIGHEST    92           700 PM
 LOWEST     43           400 AM
 AVERAGE    68

..........................................................


THE WORCESTER MA CLIMATE NORMALS FOR TODAY
                         NORMAL    RECORD    YEAR
 MAXIMUM TEMPERATURE (F)   38        60      1991
 MINIMUM TEMPERATURE (F)   23         0      1962


SUNRISE AND SUNSET
MARCH  2 2015.........SUNRISE   622 AM EST   SUNSET   538 PM EST
MARCH  3 2015.........SUNRISE   620 AM EST   SUNSET   539 PM EST


-  INDICATES NEGATIVE NUMBERS.
R  INDICATES RECORD WAS SET OR TIED.
MM INDICATES DATA IS MISSING.
T  INDICATES TRACE AMOUNT.




$$
