000
CDUS41 KBOX 240629
CLIORH


CLIMATE REPORT
NATIONAL WEATHER SERVICE TAUNTON MA
128 AM EST SAT FEB 24 2018


...................................

...THE WORCESTER MA CLIMATE SUMMARY FOR FEBRUARY 23 2018...

CLIMATE NORMAL PERIOD 1981 TO 2010
CLIMATE RECORD PERIOD 1892 TO 2018


WEATHER ITEM   OBSERVED TIME   RECORD YEAR NORMAL DEPARTURE LAST
                VALUE   (LST)  VALUE       VALUE  FROM      YEAR
                                                  NORMAL
..................................................................
TEMPERATURE (F)
 YESTERDAY
  MAXIMUM         34   1159 PM  64    2017  36     -2       64
  MINIMUM         25    721 AM  -9    1972  21      4       40
  AVERAGE         30                        29      1       52

PRECIPITATION (IN)
  YESTERDAY        0.27          0.81 1897   0.12   0.15     0.00
  MONTH TO DATE    4.27                      2.61   1.66     2.12
  SINCE DEC 1     10.74                      9.92   0.82     9.83
  SINCE JAN 1      7.89                      6.10   1.79     6.03

SNOWFALL (IN)
  YESTERDAY        0.0           8.1  1967   0.5   -0.5      0.0
  MONTH TO DATE   10.8                      13.1   -2.3     25.4
  SINCE DEC 1     46.3                      44.6    1.7     57.8
  SINCE JUL 1     46.3                      47.4   -1.1     57.8
  SNOW DEPTH      MM

DEGREE DAYS
 HEATING
  YESTERDAY       35                        36     -1       13
  MONTH TO DATE  750                       885   -135      817
  SINCE DEC 1   3242                      3256    -14     2991
  SINCE JUL 1   4378                      4658   -280     4178

 COOLING
  YESTERDAY        0                         0      0        0
  MONTH TO DATE    0                         0      0        0
  SINCE DEC 1      0                         0      0        0
  SINCE JAN 1      0                         0      0        0
..................................................................


WIND (MPH)
  RESULTANT WIND SPEED   2   RESULTANT WIND DIRECTION   S (170)
  HIGHEST WIND SPEED    25   HIGHEST WIND DIRECTION    SW (230)
  HIGHEST GUST SPEED    30   HIGHEST GUST DIRECTION    SW (230)
  AVERAGE WIND SPEED     8.1


SKY COVER
  POSSIBLE SUNSHINE  MM
  AVERAGE SKY COVER 0.8


WEATHER CONDITIONS
 THE FOLLOWING WEATHER WAS RECORDED YESTERDAY.
  LIGHT RAIN
  FOG


RELATIVE HUMIDITY (PERCENT)
 HIGHEST   100           200 AM
 LOWEST     78          1100 AM
 AVERAGE    89

..........................................................


THE WORCESTER MA CLIMATE NORMALS FOR TODAY
                         NORMAL    RECORD    YEAR
 MAXIMUM TEMPERATURE (F)   37        69      2017
 MINIMUM TEMPERATURE (F)   21       -11      1894


SUNRISE AND SUNSET
FEBRUARY 24 2018......SUNRISE   631 AM EST   SUNSET   531 PM EST
FEBRUARY 25 2018......SUNRISE   629 AM EST   SUNSET   532 PM EST


-  INDICATES NEGATIVE NUMBERS.
R  INDICATES RECORD WAS SET OR TIED.
MM INDICATES DATA IS MISSING.
T  INDICATES TRACE AMOUNT.




$$
