000
CDUS41 KBOX 220544
CLIORH


CLIMATE REPORT
NATIONAL WEATHER SERVICE TAUNTON MA
1239 AM EST SUN JAN 22 2017


...................................

...THE WORCESTER MA CLIMATE SUMMARY FOR JANUARY 21 2017...

CLIMATE NORMAL PERIOD 1981 TO 2010
CLIMATE RECORD PERIOD 1892 TO 2017


WEATHER ITEM   OBSERVED TIME   RECORD YEAR NORMAL DEPARTURE LAST
                VALUE   (LST)  VALUE       VALUE  FROM      YEAR
                                                  NORMAL
..................................................................
TEMPERATURE (F)
 YESTERDAY
  MAXIMUM         50    426 PM  65    1906  31     19       29
  MINIMUM         32   1214 AM  -6    1970  16     16       13
  AVERAGE         41                        24     17       21

PRECIPITATION (IN)
  YESTERDAY        0.00          2.34 1979   0.12  -0.12     0.00
  MONTH TO DATE    2.83                      2.35   0.48     1.99
  SINCE DEC 1      6.63                      6.17   0.46     6.64
  SINCE JAN 1      2.83                      2.35   0.48     1.99

SNOWFALL (IN)
  YESTERDAY        0.0           8.7  1946   0.5   -0.5      0.0
  MONTH TO DATE    9.7                      11.6   -1.9      6.9
  SINCE DEC 1     27.2                      26.0    1.2      8.3
  SINCE JUL 1     27.2                      28.8   -1.6      8.3
  SNOW DEPTH       0

DEGREE DAYS
 HEATING
  YESTERDAY       24                        41    -17       44
  MONTH TO DATE  752                       857   -105      813
  SINCE DEC 1   1842                      1959   -117     1537
  SINCE JUL 1   3029                      3361   -332     2686

 COOLING
  YESTERDAY        0                         0      0        0
  MONTH TO DATE    0                         0      0        0
  SINCE DEC 1      0                         0      0        0
  SINCE JAN 1      0                         0      0        0
..................................................................


WIND (MPH)
  RESULTANT WIND SPEED   9   RESULTANT WIND DIRECTION   W (250)
  HIGHEST WIND SPEED    17   HIGHEST WIND DIRECTION     W (260)
  HIGHEST GUST SPEED    23   HIGHEST GUST DIRECTION     W (270)
  AVERAGE WIND SPEED     9.7


SKY COVER
  POSSIBLE SUNSHINE  MM
  AVERAGE SKY COVER 0.6


WEATHER CONDITIONS
 THE FOLLOWING WEATHER WAS RECORDED YESTERDAY.
  FOG
  FOG W/VISIBILITY <= 1/4 MILE


RELATIVE HUMIDITY (PERCENT)
 HIGHEST   100           500 AM
 LOWEST     66           300 PM
 AVERAGE    83

..........................................................


THE WORCESTER MA CLIMATE NORMALS FOR TODAY
                         NORMAL    RECORD    YEAR
 MAXIMUM TEMPERATURE (F)   31        59      1959
 MINIMUM TEMPERATURE (F)   17       -10      1976


SUNRISE AND SUNSET
JANUARY 22 2017.......SUNRISE   709 AM EST   SUNSET   449 PM EST
JANUARY 23 2017.......SUNRISE   709 AM EST   SUNSET   451 PM EST


-  INDICATES NEGATIVE NUMBERS.
R  INDICATES RECORD WAS SET OR TIED.
MM INDICATES DATA IS MISSING.
T  INDICATES TRACE AMOUNT.




$$
