000
CDUS41 KBOX 290542
CLIORH


CLIMATE REPORT
NATIONAL WEATHER SERVICE TAUNTON MA
141 AM EDT FRI MAY 29 2015


...................................

...THE WORCESTER MA CLIMATE SUMMARY FOR MAY 28 2015...

CLIMATE NORMAL PERIOD 1981 TO 2010
CLIMATE RECORD PERIOD 1892 TO 2015


WEATHER ITEM   OBSERVED TIME   RECORD YEAR NORMAL DEPARTURE LAST
                VALUE   (LST)  VALUE       VALUE  FROM      YEAR
                                                  NORMAL
..................................................................
TEMPERATURE (F)
 YESTERDAY
  MAXIMUM         83    309 PM  88    1929  69     14       47
                                      1911
  MINIMUM         58   1144 PM  34    1926  50      8       41
  AVERAGE         71                        60     11       44

PRECIPITATION (IN)
  YESTERDAY        0.01          2.76 1906   0.15  -0.14     0.13
  MONTH TO DATE    0.15                      3.74  -3.59     3.88
  SINCE MAR 1      5.54                     12.06  -6.52    13.74
  SINCE JAN 1     13.85                     18.78  -4.93    20.92

SNOWFALL (IN)
  YESTERDAY        0.0           0.0  2002   0.0    0.0      0.0
                                      2001
                                      2000
  MONTH TO DATE    0.0                       0.0    0.0      0.0
  SINCE MAR 1     11.1                      14.2   -3.1      4.3
  SINCE JUL 1    119.7                      64.1   55.6     85.2
  SNOW DEPTH      MM

DEGREE DAYS
 HEATING
  YESTERDAY        0                         6     -6       21
  MONTH TO DATE  129                       269   -140      231
  SINCE MAR 1   1773                      1779     -6     1942
  SINCE JUL 1   6887                      6616    271     6996

 COOLING
  YESTERDAY        6                         1      5        0
  MONTH TO DATE   56                        13     43        8
  SINCE MAR 1     56                        16     40        8
  SINCE JAN 1     56                        16     40        8
..................................................................


WIND (MPH)
  RESULTANT WIND SPEED  10   RESULTANT WIND DIRECTION  SW (230)
  HIGHEST WIND SPEED    25   HIGHEST WIND DIRECTION    SW (220)
  HIGHEST GUST SPEED    32   HIGHEST GUST DIRECTION     W (270)
  AVERAGE WIND SPEED    11.8


SKY COVER
  POSSIBLE SUNSHINE  MM
  AVERAGE SKY COVER 0.4


WEATHER CONDITIONS
 THE FOLLOWING WEATHER WAS RECORDED YESTERDAY.
  THUNDERSTORM
  LIGHT RAIN
  FOG
  HAZE


RELATIVE HUMIDITY (PERCENT)
 HIGHEST    93           300 AM
 LOWEST     51           100 PM
 AVERAGE    72

..........................................................


THE WORCESTER MA CLIMATE NORMALS FOR TODAY
                         NORMAL    RECORD    YEAR
 MAXIMUM TEMPERATURE (F)   70        91      1931
 MINIMUM TEMPERATURE (F)   51        33      1900


SUNRISE AND SUNSET
MAY 29 2015...........SUNRISE   515 AM EDT   SUNSET   815 PM EDT
MAY 30 2015...........SUNRISE   515 AM EDT   SUNSET   816 PM EDT


-  INDICATES NEGATIVE NUMBERS.
R  INDICATES RECORD WAS SET OR TIED.
MM INDICATES DATA IS MISSING.
T  INDICATES TRACE AMOUNT.




$$
