000
CDUS46 KMFR 130838
CLIOTH


CLIMATE REPORT
NATIONAL WEATHER SERVICE MEDFORD, OR
1238 AM PST SAT FEB 13 2016


...................................

...THE NORTH BEND OR CLIMATE SUMMARY FOR FEBRUARY 12 2016...

CLIMATE NORMAL PERIOD 1981 TO 2010
CLIMATE RECORD PERIOD 1902 TO 2016


WEATHER ITEM   OBSERVED TIME   RECORD YEAR NORMAL DEPARTURE LAST
                VALUE   (LST)  VALUE       VALUE  FROM      YEAR
                                                  NORMAL
..................................................................
TEMPERATURE (F)
 YESTERDAY
  MAXIMUM         57        MM  77    1996  53      4       61
  MINIMUM         46        MM  23    1903  40      6       43
  AVERAGE         52                        46      6       52

PRECIPITATION (IN)
  YESTERDAY        0.45          3.01 1984   0.27   0.18     0.00
  MONTH TO DATE    1.37                      3.30  -1.93     7.23
  SINCE OCT 1     39.20                     39.58  -0.38    32.42
  SINCE JAN 1     13.57                     13.49   0.08     9.12

SNOWFALL (IN)
  YESTERDAY       MM
  SNOW DEPTH      MM

DEGREE DAYS
 HEATING
  YESTERDAY       13                        19     -6       13
  MONTH TO DATE  139                       228    -89      128
  SINCE DEC 1   1079                      1431   -352      997
  SINCE JUL 1   2086                      2883   -797     1873

 COOLING
  YESTERDAY        0                         0      0        0
  MONTH TO DATE    2                         0      2        0
  SINCE DEC 1      2                         0      2        0
  SINCE JAN 1      2                         0      2        0
..................................................................


WIND (MPH)
  HIGHEST WIND SPEED    10   HIGHEST WIND DIRECTION     W (250)
  HIGHEST GUST SPEED    MM   HIGHEST GUST DIRECTION    MM
  AVERAGE WIND SPEED     5.4


SKY COVER
  POSSIBLE SUNSHINE   0 PERCENT
  AVERAGE SKY COVER 0.0


WEATHER CONDITIONS
 THE FOLLOWING WEATHER WAS RECORDED YESTERDAY.
  NO SIGNIFICANT WEATHER WAS OBSERVED.


RELATIVE HUMIDITY (PERCENT)
 HIGHEST     0          1200 AM
 LOWEST      0          1200 AM

..........................................................


THE NORTH BEND OR CLIMATE NORMALS FOR TODAY
                         NORMAL    RECORD    YEAR
 MAXIMUM TEMPERATURE (F)   53        78      1943
 MINIMUM TEMPERATURE (F)   40        22      1903


SUNRISE AND SUNSET
FEBRUARY 13 2016......SUNRISE   718 AM PST   SUNSET   544 PM PST
FEBRUARY 14 2016......SUNRISE   717 AM PST   SUNSET   546 PM PST


-  INDICATES NEGATIVE NUMBERS.
R  INDICATES RECORD WAS SET OR TIED.
MM INDICATES DATA IS MISSING.
T  INDICATES TRACE AMOUNT.




$$
