000
CDUS46 KMFR 180855
CLIOTH


CLIMATE REPORT
NATIONAL WEATHER SERVICE MEDFORD, OR
1254 AM PST THU DEC 18 2014


...................................

...THE NORTH BEND OR CLIMATE SUMMARY FOR DECEMBER 17 2014...

CLIMATE NORMAL PERIOD 1981 TO 2010
CLIMATE RECORD PERIOD 1902 TO 2014


WEATHER ITEM   OBSERVED TIME   RECORD YEAR NORMAL DEPARTURE LAST
                VALUE   (LST)  VALUE       VALUE  FROM      YEAR
                                                  NORMAL
..................................................................
TEMPERATURE (F)
 YESTERDAY
  MAXIMUM         55        MM  67    1979  51      4       48
  MINIMUM         46        MM  18    1924  39      7       34
  AVERAGE         51                        45      6       41

PRECIPITATION (IN)
  YESTERDAY        0.28          1.77 1941   0.36  -0.08     0.00
  MONTH TO DATE    7.08                      6.20   0.88     1.33
  SINCE SEP 1     19.47                     22.74  -3.27    10.74
  SINCE JAN 1     41.92                     59.98 -18.06    28.67

SNOWFALL (IN)
  YESTERDAY       MM
  SNOW DEPTH      MM

DEGREE DAYS
 HEATING
  YESTERDAY       14                        20     -6       24
  MONTH TO DATE  207                       333   -126      422
  SINCE DEC 1    207                       333   -126      422
  SINCE JUL 1   1083                      1785   -702     1537

 COOLING
  YESTERDAY        0                         0      0        0
  MONTH TO DATE    0                         0      0        0
  SINCE DEC 1      0                         0      0        0
  SINCE JAN 1     28                         2     26       13
..................................................................


WIND (MPH)
  HIGHEST WIND SPEED    12   HIGHEST WIND DIRECTION    SW (240)
  HIGHEST GUST SPEED    18   HIGHEST GUST DIRECTION    SW (240)
  AVERAGE WIND SPEED     6.2


SKY COVER
  POSSIBLE SUNSHINE  MM
  AVERAGE SKY COVER 1.0


WEATHER CONDITIONS
 THE FOLLOWING WEATHER WAS RECORDED YESTERDAY.
  NO SIGNIFICANT WEATHER WAS OBSERVED.


RELATIVE HUMIDITY (PERCENT)
 HIGHEST   100          1000 AM
 LOWEST     77           100 PM

..........................................................


THE NORTH BEND OR CLIMATE NORMALS FOR TODAY
                         NORMAL    RECORD    YEAR
 MAXIMUM TEMPERATURE (F)   51        66      2004
 MINIMUM TEMPERATURE (F)   39        17      1924


SUNRISE AND SUNSET
DECEMBER 18 2014......SUNRISE   745 AM PST   SUNSET   443 PM PST
DECEMBER 19 2014......SUNRISE   745 AM PST   SUNSET   443 PM PST


-  INDICATES NEGATIVE NUMBERS.
R  INDICATES RECORD WAS SET OR TIED.
MM INDICATES DATA IS MISSING.
T  INDICATES TRACE AMOUNT.




$$
