000
CDUS46 KMFR 300835
CLIOTH


CLIMATE REPORT
NATIONAL WEATHER SERVICE MEDFORD, OR
135 AM PDT SAT MAY 30 2015


...................................

...THE NORTH BEND OR CLIMATE SUMMARY FOR MAY 29 2015...

CLIMATE NORMAL PERIOD 1981 TO 2010
CLIMATE RECORD PERIOD 1902 TO 2015


WEATHER ITEM   OBSERVED TIME   RECORD YEAR NORMAL DEPARTURE LAST
                VALUE   (LST)  VALUE       VALUE  FROM      YEAR
                                                  NORMAL
..................................................................
TEMPERATURE (F)
 YESTERDAY
  MAXIMUM         61        MM  78    1931  60      1       63
  MINIMUM         52        MM  35    1927  49      3       45
                                      1979
  AVERAGE         57                        54      3       54

PRECIPITATION (IN)
  YESTERDAY        0.00          0.41 1967   0.11  -0.11     0.00
  MONTH TO DATE    0.09                      3.19  -3.10     1.94
  SINCE OCT 1     42.03                     60.06 -18.03    27.18
  SINCE JAN 1     18.73                     33.97 -15.24    21.56

SNOWFALL (IN)
  YESTERDAY       MM
  SNOW DEPTH      MM

DEGREE DAYS
 HEATING
  YESTERDAY        8                        11     -3       11
  MONTH TO DATE  275                       354    -79      231
  SINCE MAR 1   1128                      1366   -238     1067
  SINCE JUL 1   3232                      4540  -1308     3864

 COOLING
  YESTERDAY        0                         0      0        0
  MONTH TO DATE    0                         0      0        4
  SINCE MAR 1      0                         0      0       12
  SINCE JAN 1      0                         0      0       12
..................................................................


WIND (MPH)
  HIGHEST WIND SPEED    16   HIGHEST WIND DIRECTION     N (350)
  HIGHEST GUST SPEED    22   HIGHEST GUST DIRECTION     N (350)
  AVERAGE WIND SPEED     8.8


SKY COVER
  POSSIBLE SUNSHINE  MM
  AVERAGE SKY COVER 1.0


WEATHER CONDITIONS
 THE FOLLOWING WEATHER WAS RECORDED YESTERDAY.
  NO SIGNIFICANT WEATHER WAS OBSERVED.


RELATIVE HUMIDITY (PERCENT)
 HIGHEST   100           400 AM
 LOWEST     72           200 PM

..........................................................


THE NORTH BEND OR CLIMATE NORMALS FOR TODAY
                         NORMAL    RECORD    YEAR
 MAXIMUM TEMPERATURE (F)   60        81      1924
 MINIMUM TEMPERATURE (F)   49        26      1912


SUNRISE AND SUNSET
MAY 30 2015...........SUNRISE   540 AM PDT   SUNSET   849 PM PDT
MAY 31 2015...........SUNRISE   540 AM PDT   SUNSET   850 PM PDT


-  INDICATES NEGATIVE NUMBERS.
R  INDICATES RECORD WAS SET OR TIED.
MM INDICATES DATA IS MISSING.
T  INDICATES TRACE AMOUNT.




$$
