000
CDUS46 KMFR 290036
CLIOTH


CLIMATE REPORT
NATIONAL WEATHER SERVICE MEDFORD, OR
435 PM PST FRI NOV 28 2014


...................................

...THE NORTH BEND OR CLIMATE SUMMARY FOR NOVEMBER 28 2014...
VALID TODAY AS OF 0400 PM LOCAL TIME.

CLIMATE NORMAL PERIOD 1981 TO 2010
CLIMATE RECORD PERIOD 1902 TO 2014


WEATHER ITEM   OBSERVED TIME   RECORD YEAR NORMAL DEPARTURE LAST
                VALUE   (LST)  VALUE       VALUE  FROM      YEAR
                                                  NORMAL
..................................................................
TEMPERATURE (F)
 TODAY
  MAXIMUM         61        MM  71    2002  52      9       57
  MINIMUM         54        MM  26    1919  41     13       39
  AVERAGE         58                        47     11       48

PRECIPITATION (IN)
  TODAY            0.80          2.35 2003   0.38   0.42     0.00
  MONTH TO DATE    4.13                      9.43  -5.30     2.69
  SINCE SEP 1     11.92                     15.74  -3.82     9.40
  SINCE JAN 1     34.37                     52.98 -18.61    27.33

SNOWFALL (IN)
  TODAY           MM                         0.0   MM       MM
  MONTH TO DATE   MM                         0.0   MM       MM
  SINCE JUL 1     MM                         0.0   MM        0.0
  SNOW DEPTH      MM

DEGREE DAYS
 HEATING
  TODAY            7                        18    -11       17
  MONTH TO DATE  300                       449   -149      415
  SINCE SEP 1    566                      1036   -470      909
  SINCE JUL 1    831                      1415   -584     1076

 COOLING
  TODAY            0                         0      0        0
  MONTH TO DATE    0                         0      0        0
  SINCE SEP 1     16                         1     15        1
  SINCE JAN 1     28                         2     26       13
..................................................................


WIND (MPH)
  HIGHEST WIND SPEED    18   HIGHEST WIND DIRECTION     S (180)
  HIGHEST GUST SPEED    31   HIGHEST GUST DIRECTION    SW (210)
  AVERAGE WIND SPEED     9.7


SKY COVER
  POSSIBLE SUNSHINE  MM
  AVERAGE SKY COVER 1.0


WEATHER CONDITIONS
 THE FOLLOWING WEATHER WAS RECORDED TODAY.
  NO SIGNIFICANT WEATHER WAS OBSERVED.


RELATIVE HUMIDITY (PERCENT)
 HIGHEST   100           100 AM
 LOWEST     93          1200 AM

..........................................................


THE NORTH BEND OR CLIMATE NORMALS FOR TOMORROW
                         NORMAL    RECORD    YEAR
 MAXIMUM TEMPERATURE (F)   52        69      1929
 MINIMUM TEMPERATURE (F)   41        28      2004
                                             1985


SUNRISE AND SUNSET
NOVEMBER 28 2014......SUNRISE   727 AM PST   SUNSET   443 PM PST
NOVEMBER 29 2014......SUNRISE   728 AM PST   SUNSET   443 PM PST


-  INDICATES NEGATIVE NUMBERS.
R  INDICATES RECORD WAS SET OR TIED.
MM INDICATES DATA IS MISSING.
T  INDICATES TRACE AMOUNT.




$$
