000
CDUS46 KMFR 200835
CLIOTH


CLIMATE REPORT
NATIONAL WEATHER SERVICE MEDFORD, OR
135 AM PDT THU JUL 20 2017


...................................

...THE NORTH BEND OR CLIMATE SUMMARY FOR JULY 19 2017...

CLIMATE NORMAL PERIOD 1981 TO 2010
CLIMATE RECORD PERIOD 1902 TO 2017


WEATHER ITEM   OBSERVED TIME   RECORD YEAR NORMAL DEPARTURE LAST
                VALUE   (LST)  VALUE       VALUE  FROM      YEAR
                                                  NORMAL
..................................................................
TEMPERATURE (F)
 YESTERDAY
  MAXIMUM         68        MM  81    1988  65      3       66
  MINIMUM         55        MM  39    2006  53      2       55
                                      1930
  AVERAGE         62                        59      3       61

PRECIPITATION (IN)
  YESTERDAY        0.00          0.23 2012   0.01  -0.01     0.00
  MONTH TO DATE    0.04                      0.36  -0.32     0.90
  SINCE OCT 1     81.19                     62.57  18.62    57.85
  SINCE JAN 1     47.04                     36.48  10.56    32.22

SNOWFALL (IN)
  YESTERDAY       MM
  SNOW DEPTH      MM

DEGREE DAYS
 HEATING
  YESTERDAY        3                         6     -3        4
  MONTH TO DATE  110                       125    -15       77
  SINCE JUN 1    306                       392    -86      267
  SINCE JUL 1    110                       125    -15       77

 COOLING
  YESTERDAY        0                         0      0        0
  MONTH TO DATE    0                         0      0        0
  SINCE JUN 1      0                         0      0        0
  SINCE JAN 1      0                         0      0        8
..................................................................


WIND (MPH)
  HIGHEST WIND SPEED    12   HIGHEST WIND DIRECTION    NW (300)
  HIGHEST GUST SPEED    MM   HIGHEST GUST DIRECTION    MM
  AVERAGE WIND SPEED     6.3


SKY COVER
  POSSIBLE SUNSHINE  MM
  AVERAGE SKY COVER 0.6


WEATHER CONDITIONS
 THE FOLLOWING WEATHER WAS RECORDED YESTERDAY.
  HAZE


RELATIVE HUMIDITY (PERCENT)
 HIGHEST    93           400 AM
 LOWEST     58           400 PM

..........................................................


THE NORTH BEND OR CLIMATE NORMALS FOR TODAY
                         NORMAL    RECORD    YEAR
 MAXIMUM TEMPERATURE (F)   65        81      1972
 MINIMUM TEMPERATURE (F)   53        40      1919


SUNRISE AND SUNSET
JULY 20 2017..........SUNRISE   555 AM PDT   SUNSET   851 PM PDT
JULY 21 2017..........SUNRISE   556 AM PDT   SUNSET   850 PM PDT


-  INDICATES NEGATIVE NUMBERS.
R  INDICATES RECORD WAS SET OR TIED.
MM INDICATES DATA IS MISSING.
T  INDICATES TRACE AMOUNT.




$$
