000
CDUS46 KMFR 180855
CLIOTH


CLIMATE REPORT
NATIONAL WEATHER SERVICE MEDFORD, OR
1255 AM PST SAT NOV 18 2017


...................................

...THE NORTH BEND OR CLIMATE SUMMARY FOR NOVEMBER 17 2017...

CLIMATE NORMAL PERIOD 1981 TO 2010
CLIMATE RECORD PERIOD 1902 TO 2017


WEATHER ITEM   OBSERVED TIME   RECORD YEAR NORMAL DEPARTURE LAST
                VALUE   (LST)  VALUE       VALUE  FROM      YEAR
                                                  NORMAL
..................................................................
TEMPERATURE (F)
 YESTERDAY
  MAXIMUM         54        MM  71    1965  55     -1       55
  MINIMUM         40        MM  26    1916  43     -3       43
  AVERAGE         47                        48     -1       49

PRECIPITATION (IN)
  YESTERDAY        0.03          2.21 1950   0.35  -0.32     0.00
  MONTH TO DATE    7.03                      5.33   1.70     4.34
  SINCE OCT 1     12.67                     10.06   2.61    18.32
  SINCE JAN 1     61.02                     48.88  12.14    50.90

SNOWFALL (IN)
  YESTERDAY       MM
  SNOW DEPTH      MM

DEGREE DAYS
 HEATING
  YESTERDAY       18                        16      2       16
  MONTH TO DATE  218                       256    -38      146
  SINCE SEP 1    669                       843   -174      532
  SINCE JUL 1    976                      1222   -246      820

 COOLING
  YESTERDAY        0                         0      0        0
  MONTH TO DATE    0                         0      0        0
  SINCE SEP 1      7                         1      6        0
  SINCE JAN 1     10                         2      8       15
..................................................................


WIND (MPH)
  HIGHEST WIND SPEED    10   HIGHEST WIND DIRECTION    SE (130)
  HIGHEST GUST SPEED    MM   HIGHEST GUST DIRECTION    MM
  AVERAGE WIND SPEED     7.3


SKY COVER
  POSSIBLE SUNSHINE  MM
  AVERAGE SKY COVER 0.4


WEATHER CONDITIONS
 THE FOLLOWING WEATHER WAS RECORDED YESTERDAY.
  LIGHT RAIN
  FOG


RELATIVE HUMIDITY (PERCENT)
 HIGHEST   100           100 AM
 LOWEST     66           300 PM

..........................................................


THE NORTH BEND OR CLIMATE NORMALS FOR TODAY
                         NORMAL    RECORD    YEAR
 MAXIMUM TEMPERATURE (F)   54        70      1951
 MINIMUM TEMPERATURE (F)   42        29      1994


SUNRISE AND SUNSET
NOVEMBER 18 2017......SUNRISE   715 AM PST   SUNSET   449 PM PST
NOVEMBER 19 2017......SUNRISE   716 AM PST   SUNSET   449 PM PST


-  INDICATES NEGATIVE NUMBERS.
R  INDICATES RECORD WAS SET OR TIED.
MM INDICATES DATA IS MISSING.
T  INDICATES TRACE AMOUNT.




$$
