000
CDUS43 KDMX 260640
CLIOTM

CLIMATE REPORT
NATIONAL WEATHER SERVICE DES MOINES IA
137 AM CDT MON SEP 26 2016

...................................

...THE OTTUMWA IA CLIMATE SUMMARY FOR SEPTEMBER 25 2016...

CLIMATE NORMAL PERIOD 1981 TO 2010
CLIMATE RECORD PERIOD 1920 TO 2016


WEATHER ITEM   OBSERVED TIME   RECORD YEAR NORMAL DEPARTURE LAST
                VALUE   (LST)  VALUE       VALUE  FROM      YEAR
                                                  NORMAL
..................................................................
TEMPERATURE (F)
 YESTERDAY
  MAXIMUM         77    916 AM  89    1920  72      5       79
  MINIMUM         56   1159 PM  30    1928  49      7       58
  AVERAGE         67                        60      7       69

PRECIPITATION (IN)
  YESTERDAY        T             1.92 1930   0.12  -0.12     0.00
  MONTH TO DATE    1.01                      3.24  -2.23     4.26
  SINCE SEP 1      1.01                      3.24  -2.23     4.26
  SINCE JAN 1     22.20                     29.94  -7.74    29.97

DEGREE DAYS
 HEATING
  YESTERDAY        0                         6     -6        0
  MONTH TO DATE    4                        74    -70       36
  SINCE SEP 1      4                        74    -70       36
  SINCE JUL 1     11                        85    -74       58

 COOLING
  YESTERDAY        2                         1      1        4
  MONTH TO DATE  173                        87     86      186
  SINCE SEP 1    173                        87     86      186
  SINCE JAN 1   1072                       921    151      914
..................................................................


WIND (MPH)
  HIGHEST WIND SPEED    23   HIGHEST WIND DIRECTION     W (290)
  HIGHEST GUST SPEED    30   HIGHEST GUST DIRECTION     W (290)
  AVERAGE WIND SPEED     9.9


SKY COVER
  POSSIBLE SUNSHINE  MM
  AVERAGE SKY COVER 0.4


WEATHER CONDITIONS
 THE FOLLOWING WEATHER WAS RECORDED YESTERDAY.
  LIGHT RAIN
  FOG
  HAZE


RELATIVE HUMIDITY (PERCENT)
 HIGHEST    93           500 AM
 LOWEST     56           700 PM
 AVERAGE    75

..........................................................


THE OTTUMWA IA CLIMATE NORMALS FOR TODAY
                         NORMAL    RECORD    YEAR
 MAXIMUM TEMPERATURE (F)   72        94      1938
 MINIMUM TEMPERATURE (F)   48        29      1984


SUNRISE AND SUNSET
SEPTEMBER 26 2016.....SUNRISE   702 AM CDT   SUNSET   659 PM CDT
SEPTEMBER 27 2016.....SUNRISE   703 AM CDT   SUNSET   658 PM CDT


-  INDICATES NEGATIVE NUMBERS.
R  INDICATES RECORD WAS SET OR TIED.
MM INDICATES DATA IS MISSING.
T  INDICATES TRACE AMOUNT.




$$
