000
CDUS43 KDMX 180639 RRA
CLIOTM

CLIMATE REPORT
NATIONAL WEATHER SERVICE DES MOINES IA
139 AM CDT WED OCT 18 2017

...................................

...THE OTTUMWA IA CLIMATE SUMMARY FOR OCTOBER 17 2017...

CLIMATE NORMAL PERIOD 1981 TO 2010
CLIMATE RECORD PERIOD 1920 TO 2017


WEATHER ITEM   OBSERVED TIME   RECORD YEAR NORMAL DEPARTURE LAST
                VALUE   (LST)  VALUE       VALUE  FROM      YEAR
                                                  NORMAL
..................................................................
TEMPERATURE (F)
 YESTERDAY
  MAXIMUM         72    310 PM  89    2016  63      9       89
  MINIMUM         46    552 AM  23    1943  41      5       70
  AVERAGE         59                        52      7       80

PRECIPITATION (IN)
  YESTERDAY        0.00          2.26 1998   0.08  -0.08     0.00
  MONTH TO DATE    2.08                      1.56   0.52     0.89
  SINCE SEP 1      5.75                      5.35   0.40     1.90
  SINCE JAN 1     21.59                     32.05 -10.46    23.09

DEGREE DAYS
 HEATING
  YESTERDAY        6                        13     -7        0
  MONTH TO DATE   89                       181    -92       92
  SINCE SEP 1    126                       291   -165      125
  SINCE JUL 1    126                       302   -176      132

 COOLING
  YESTERDAY        0                         0      0       15
  MONTH TO DATE   23                         9     14       42
  SINCE SEP 1    192                       102     90      215
  SINCE JAN 1   1117                       936    181     1114
..................................................................


WIND (MPH)
  HIGHEST WIND SPEED    22   HIGHEST WIND DIRECTION     S (190)
  HIGHEST GUST SPEED    26   HIGHEST GUST DIRECTION    SW (210)
  AVERAGE WIND SPEED    11.5


SKY COVER
  POSSIBLE SUNSHINE  MM
  AVERAGE SKY COVER 0.0


WEATHER CONDITIONS
 THE FOLLOWING WEATHER WAS RECORDED YESTERDAY.
  NO SIGNIFICANT WEATHER WAS OBSERVED.


RELATIVE HUMIDITY (PERCENT)
 HIGHEST    77           500 AM
 LOWEST     35           200 PM
 AVERAGE    56

..........................................................


THE OTTUMWA IA CLIMATE NORMALS FOR TODAY
                         NORMAL    RECORD    YEAR
 MAXIMUM TEMPERATURE (F)   63        87      1950
 MINIMUM TEMPERATURE (F)   41        21      1948


SUNRISE AND SUNSET
OCTOBER 18 2017.......SUNRISE   725 AM CDT   SUNSET   624 PM CDT
OCTOBER 19 2017.......SUNRISE   726 AM CDT   SUNSET   623 PM CDT


-  INDICATES NEGATIVE NUMBERS.
R  INDICATES RECORD WAS SET OR TIED.
MM INDICATES DATA IS MISSING.
T  INDICATES TRACE AMOUNT.

$$

SMALL
