000
CDUS43 KDMX 150635 RRB
CLIOTM

CLIMATE REPORT
NATIONAL WEATHER SERVICE DES MOINES IA
1234 AM CST FRI DEC 15 2017


...................................

...THE OTTUMWA IA CLIMATE SUMMARY FOR DECEMBER 14 2017...

CLIMATE NORMAL PERIOD 1981 TO 2010
CLIMATE RECORD PERIOD 1920 TO 2017


WEATHER ITEM   OBSERVED TIME   RECORD YEAR NORMAL DEPARTURE LAST
                VALUE   (LST)  VALUE       VALUE  FROM      YEAR
                                                  NORMAL
..................................................................
TEMPERATURE (F)
 YESTERDAY
  MAXIMUM         29    354 PM  61    2008  35     -6       25
  MINIMUM         24    926 AM -10    1989  17      7        8
  AVERAGE         27                        26      1       17

PRECIPITATION (IN)
  YESTERDAY        0.00          1.08 1971   0.04  -0.04     0.00
  MONTH TO DATE    0.36                      0.73  -0.37     0.60
  SINCE DEC 1      0.36                      0.73  -0.37     0.60
  SINCE JAN 1     23.40                     36.43 -13.03    24.52

DEGREE DAYS
 HEATING
  YESTERDAY       38                        39     -1       48
  MONTH TO DATE  433                       513    -80      524
  SINCE DEC 1    433                       513    -80      524
  SINCE JUL 1   1557                      1811   -254     1317

 COOLING
  YESTERDAY        0                         0      0        0
  MONTH TO DATE    0                         0      0        0
  SINCE DEC 1      0                         0      0        0
  SINCE JAN 1   1120                       938    182     1122
..................................................................


WIND (MPH)
  HIGHEST WIND SPEED    17   HIGHEST WIND DIRECTION     N (360)
  HIGHEST GUST SPEED    21   HIGHEST GUST DIRECTION     N (10)
  AVERAGE WIND SPEED     5.8


SKY COVER
  POSSIBLE SUNSHINE  MM
  AVERAGE SKY COVER 1.0


WEATHER CONDITIONS
 THE FOLLOWING WEATHER WAS RECORDED YESTERDAY.
  HAZE


RELATIVE HUMIDITY (PERCENT)
 HIGHEST    75           900 PM
 LOWEST     58           200 PM
 AVERAGE    67

..........................................................


THE OTTUMWA IA CLIMATE NORMALS FOR TODAY
                         NORMAL    RECORD    YEAR
 MAXIMUM TEMPERATURE (F)   34        59      2002
                                             1939
 MINIMUM TEMPERATURE (F)   17       -13      1989


SUNRISE AND SUNSET
DECEMBER 15 2017......SUNRISE   728 AM CST   SUNSET   442 PM CST
DECEMBER 16 2017......SUNRISE   729 AM CST   SUNSET   442 PM CST


-  INDICATES NEGATIVE NUMBERS.
R  INDICATES RECORD WAS SET OR TIED.
MM INDICATES DATA IS MISSING.
T  INDICATES TRACE AMOUNT.




$$
