937
CDUS43 KDMX 250641
CLIOTM

CLIMATE REPORT
NATIONAL WEATHER SERVICE DES MOINES IA
138 AM CDT THU AUG 25 2016


...................................

...THE OTTUMWA IA CLIMATE SUMMARY FOR AUGUST 24 2016...

CLIMATE NORMAL PERIOD 1981 TO 2010
CLIMATE RECORD PERIOD 1920 TO 2016


WEATHER ITEM   OBSERVED TIME   RECORD YEAR NORMAL DEPARTURE LAST
                VALUE   (LST)  VALUE       VALUE  FROM      YEAR
                                                  NORMAL
..................................................................
TEMPERATURE (F)
 YESTERDAY
  MAXIMUM         85    204 PM 107    1936  83      2       74
  MINIMUM         66    812 PM  43    1942  61      5       50
  AVERAGE         76                        72      4       62

PRECIPITATION (IN)
  YESTERDAY        0.36          1.62 1962   0.15   0.21     0.00
  MONTH TO DATE    3.31                      3.59  -0.28     1.19
  SINCE JUN 1      9.78                     13.15  -3.37    15.73
  SINCE JAN 1     17.82                     25.68  -7.86    25.60

DEGREE DAYS
 HEATING
  YESTERDAY        0                         0      0        3
  MONTH TO DATE    0                         0      0       10
  SINCE JUN 1      8                        23    -15       26
  SINCE JUL 1      7                         2      5       16

 COOLING
  YESTERDAY       11                         7      4        0
  MONTH TO DATE  221                       208     13      165
  SINCE JUN 1    769                       723     46      645
  SINCE JAN 1    840                       787     53      706
..................................................................


WIND (MPH)
  HIGHEST WIND SPEED    28   HIGHEST WIND DIRECTION    NW (320)
  HIGHEST GUST SPEED    36   HIGHEST GUST DIRECTION    NW (330)
  AVERAGE WIND SPEED     8.1


SKY COVER
  POSSIBLE SUNSHINE  MM
  AVERAGE SKY COVER 0.5


WEATHER CONDITIONS
 THE FOLLOWING WEATHER WAS RECORDED YESTERDAY.
  THUNDERSTORM
  HEAVY RAIN
  LIGHT RAIN
  FOG


RELATIVE HUMIDITY (PERCENT)
 HIGHEST   100           900 PM
 LOWEST     58          1200 PM
 AVERAGE    79

..........................................................


THE OTTUMWA IA CLIMATE NORMALS FOR TODAY
                         NORMAL    RECORD    YEAR
 MAXIMUM TEMPERATURE (F)   83       106      1936
 MINIMUM TEMPERATURE (F)   61        42      1934


SUNRISE AND SUNSET
AUGUST 25 2016........SUNRISE   630 AM CDT   SUNSET   753 PM CDT
AUGUST 26 2016........SUNRISE   631 AM CDT   SUNSET   751 PM CDT


-  INDICATES NEGATIVE NUMBERS.
R  INDICATES RECORD WAS SET OR TIED.
MM INDICATES DATA IS MISSING.
T  INDICATES TRACE AMOUNT.




$$
