000
CDUS46 KOTX 020829
CLIOTX


CLIMATE REPORT
NATIONAL WEATHER SERVICE SPOKANE, WA
1229 AM PST MON MAR 2 2015


...................................

...THE SPOKANE  WA WFO CLIMATE SUMMARY FOR MARCH 1 2015...

CLIMATE NORMAL PERIOD 1981 TO 2010
CLIMATE RECORD PERIOD 1881 TO 2015


WEATHER ITEM   OBSERVED TIME   RECORD YEAR NORMAL DEPARTURE LAST
                VALUE   (LST)  VALUE       VALUE  FROM      YEAR
                                                  NORMAL
..................................................................
TEMPERATURE (F)
 YESTERDAY
  MAXIMUM         43        MM  MM      MM  43      0       20
  MINIMUM         19        MM  MM      MM  25     -6       11
  AVERAGE         31                        34     -3       16

PRECIPITATION (IN)
  YESTERDAY        0.00         MM      MM   0.05  -0.05     0.04
  MONTH TO DATE    0.00                      0.05  -0.05     0.04
  SINCE OCT 1      7.88                      9.41  -1.53     5.17
  SINCE JAN 1      3.17                      3.38  -0.21     2.66

SNOWFALL (IN)
  YESTERDAY        0.0          MM      MM   0.2   -0.2      0.8
  MONTH TO DATE    0.0                       0.2   -0.2      0.8
  SINCE MAR 1      0.0                       0.2   -0.2      0.8
  SINCE JUL 1     14.9                      46.6  -31.7     27.0
  SNOW DEPTH       0

DEGREE DAYS
 HEATING
  YESTERDAY       34                        31      3       49
  MONTH TO DATE   34                        31      3       49
  SINCE MAR 1     34                        31      3       49
  SINCE JUL 1   4468                      5230   -762     5380

 COOLING
  YESTERDAY        0                         0      0        0
  MONTH TO DATE    0                         0      0        0
  SINCE MAR 1      0                         0      0        0
  SINCE JAN 1      0                         0      0        0
..................................................................


WIND (MPH)
  HIGHEST WIND SPEED    MM   HIGHEST WIND DIRECTION    MM
  HIGHEST GUST SPEED    MM   HIGHEST GUST DIRECTION    MM
  AVERAGE WIND SPEED    MM


SKY COVER
  POSSIBLE SUNSHINE  MM
  AVERAGE SKY COVER  MM


WEATHER CONDITIONS
 THE FOLLOWING WEATHER WAS RECORDED YESTERDAY.
  NO SIGNIFICANT WEATHER WAS OBSERVED.


RELATIVE HUMIDITY (PERCENT)
 HIGHEST     0
 LOWEST      0
 AVERAGE     0

..........................................................


THE SPOKANE  WA WFO CLIMATE NORMALS FOR TODAY
                         NORMAL    RECORD    YEAR
 MAXIMUM TEMPERATURE (F)   44        MM        MM
 MINIMUM TEMPERATURE (F)   26        MM        MM


SUNRISE AND SUNSET
MARCH  2 2015.........SUNRISE   629 AM PST   SUNSET   537 PM PST
MARCH  3 2015.........SUNRISE   628 AM PST   SUNSET   538 PM PST


-  INDICATES NEGATIVE NUMBERS.
R  INDICATES RECORD WAS SET OR TIED.
MM INDICATES DATA IS MISSING.
T  INDICATES TRACE AMOUNT.




$$
