000
CDUS46 KOTX 200834
CLIOTX


CLIMATE REPORT
NATIONAL WEATHER SERVICE SPOKANE, WA
130 AM PDT SUN APR 20 2014


...................................

...THE SPOKANE  WA WFO CLIMATE SUMMARY FOR APRIL 19 2014...

CLIMATE NORMAL PERIOD 1981 TO 2010
CLIMATE RECORD PERIOD 1881 TO 2014


WEATHER ITEM   OBSERVED TIME   RECORD YEAR NORMAL DEPARTURE LAST
                VALUE   (LST)  VALUE       VALUE  FROM      YEAR
                                                  NORMAL
..................................................................
TEMPERATURE (F)
 YESTERDAY
  MAXIMUM         63     MM     MM     MM   58      5       57
  MINIMUM         30     MM     MM     MM   35     -5       42
  AVERAGE         47                        46      1       50

PRECIPITATION (IN)
  YESTERDAY        T            MM     MM   0.04  -0.04     0.17
  MONTH TO DATE    0.62                     0.83  -0.21     0.81
  SINCE OCT 1      8.35                    11.90  -3.55    11.61
  SINCE JAN 1      5.84                     5.87  -0.03     3.57

SNOWFALL (IN)
  YESTERDAY        0.0          MM     MM   0.1   -0.1      0.0
  MONTH TO DATE    T                        1.7   -1.7       T
  SINCE MAR 1      4.8                      7.0   -2.2      1.0
  SINCE JUL 1     31.0                     53.4  -22.4     48.2
  SNOW DEPTH       0

DEGREE DAYS
 HEATING
  YESTERDAY       18                        18      0       15
  MONTH TO DATE  372                       383    -11      406
  SINCE MAR 1   1183                      1192     -9     1196
  SINCE JUL 1   6514                      6391    123     6104

 COOLING
  YESTERDAY        0                         0      0        0
  MONTH TO DATE    0                         0      0        0
  SINCE MAR 1      0                         0      0        0
  SINCE JAN 1      0                         0      0        0
..................................................................


WIND (MPH)
  HIGHEST WIND SPEED    MM   HIGHEST WIND DIRECTION    MM
  HIGHEST GUST SPEED    MM   HIGHEST GUST DIRECTION    MM
  AVERAGE WIND SPEED    MM


SKY COVER
  POSSIBLE SUNSHINE  81 PERCENT
  AVERAGE SKY COVER  MM


WEATHER CONDITIONS
 THE FOLLOWING WEATHER WAS RECORDED YESTERDAY.
  NO SIGNIFICANT WEATHER WAS OBSERVED.


RELATIVE HUMIDITY (PERCENT)
 HIGHEST    MM
 LOWEST     MM
 AVERAGE    MM

..........................................................


THE SPOKANE  WA WFO CLIMATE NORMALS FOR TODAY
                         NORMAL    RECORD    YEAR
 MAXIMUM TEMPERATURE (F)   59        MM        MM
 MINIMUM TEMPERATURE (F)   35        MM        MM


SUNRISE AND SUNSET
APRIL 20 2014.........SUNRISE   552 AM PDT   SUNSET   747 PM PDT
APRIL 21 2014.........SUNRISE   550 AM PDT   SUNSET   749 PM PDT


-  INDICATES NEGATIVE NUMBERS.
R  INDICATES RECORD WAS SET OR TIED.
MM INDICATES DATA IS MISSING.
T  INDICATES TRACE AMOUNT.

$$
