154
CDUS46 KOTX 050822
CLIOTX


CLIMATE REPORT
NATIONAL WEATHER SERVICE SPOKANE, WA
122 AM PDT THU MAY 5 2016


...................................

...THE SPOKANE  WA WFO CLIMATE SUMMARY FOR MAY 4 2016...

CLIMATE NORMAL PERIOD 1981 TO 2010
CLIMATE RECORD PERIOD 1881 TO 2016


WEATHER ITEM   OBSERVED TIME   RECORD YEAR NORMAL DEPARTURE LAST
                VALUE   (LST)  VALUE       VALUE  FROM      YEAR
                                                  NORMAL
..................................................................
TEMPERATURE (F)
 YESTERDAY
  MAXIMUM         76        MM  MM      MM  62     14       74
  MINIMUM         49        MM  MM      MM  38     11       32
  AVERAGE         63                        50     13       53

PRECIPITATION (IN)
  YESTERDAY        0.18         MM      MM   0.04   0.14     0.00
  MONTH TO DATE    0.18                      0.15   0.03     0.00
  SINCE OCT 1     14.36                     12.45   1.91    11.13
  SINCE JAN 1      7.61                      6.42   1.19     6.42

SNOWFALL (IN)
  YESTERDAY        0.0          MM      MM   0.0    0.0      0.0
  MONTH TO DATE    0.0                       0.1   -0.1      0.0
  SINCE MAR 1      T                         7.3   -7.3      1.7
  SINCE JUL 1     32.6                      53.7  -21.1     16.8
  SNOW DEPTH      MM

DEGREE DAYS
 HEATING
  YESTERDAY        2                        15    -13       12
  MONTH TO DATE   21                        61    -40       46
  SINCE MAR 1   1119                      1441   -322     1268
  SINCE JUL 1   5775                      6640   -865     5702

 COOLING
  YESTERDAY        0                         0      0        0
  MONTH TO DATE    0                         0      0        0
  SINCE MAR 1      0                         0      0        0
  SINCE JAN 1      0                         0      0        0
..................................................................


WIND (MPH)
  HIGHEST WIND SPEED    MM   HIGHEST WIND DIRECTION    MM
  HIGHEST GUST SPEED    MM   HIGHEST GUST DIRECTION    MM
  AVERAGE WIND SPEED    MM


SKY COVER
  POSSIBLE SUNSHINE  MM
  AVERAGE SKY COVER  MM


WEATHER CONDITIONS
 THE FOLLOWING WEATHER WAS RECORDED YESTERDAY.
  THUNDERSTORM
  RAIN


RELATIVE HUMIDITY (PERCENT)
 HIGHEST    MM
 LOWEST     MM
 AVERAGE    MM

..........................................................


THE SPOKANE  WA WFO CLIMATE NORMALS FOR TODAY
                         NORMAL    RECORD    YEAR
 MAXIMUM TEMPERATURE (F)   63        MM        MM
 MINIMUM TEMPERATURE (F)   38        MM        MM


SUNRISE AND SUNSET
MAY  5 2016...........SUNRISE   526 AM PDT   SUNSET   809 PM PDT
MAY  6 2016...........SUNRISE   524 AM PDT   SUNSET   811 PM PDT


-  INDICATES NEGATIVE NUMBERS.
R  INDICATES RECORD WAS SET OR TIED.
MM INDICATES DATA IS MISSING.
T  INDICATES TRACE AMOUNT.




$$
