000
CDUS46 KOTX 230819
CLIOTX


CLIMATE REPORT
NATIONAL WEATHER SERVICE SPOKANE, WA
118 AM PDT SAT MAY 23 2015


...................................

...THE SPOKANE  WA WFO CLIMATE SUMMARY FOR MAY 22 2015...

CLIMATE NORMAL PERIOD 1981 TO 2010
CLIMATE RECORD PERIOD 1881 TO 2015


WEATHER ITEM   OBSERVED TIME   RECORD YEAR NORMAL DEPARTURE LAST
                VALUE   (LST)  VALUE       VALUE  FROM      YEAR
                                                  NORMAL
..................................................................
TEMPERATURE (F)
 YESTERDAY
  MAXIMUM         81        MM  MM      MM  67     14       78
  MINIMUM         56        MM  MM      MM  43     13       43
  AVERAGE         69                        55     14       61

PRECIPITATION (IN)
  YESTERDAY        0.01         MM      MM   0.07  -0.06     0.00
  MONTH TO DATE    0.40                      1.14  -0.74     0.40
  SINCE OCT 1     11.53                     13.44  -1.91     9.48
  SINCE JAN 1      6.82                      7.41  -0.59     6.97

SNOWFALL (IN)
  YESTERDAY        0.0          MM      MM   0.0    0.0      0.0
  MONTH TO DATE    0.0                       0.5   -0.5      0.0
  SINCE MAR 1      1.7                       7.7   -6.0      4.8
  SINCE JUL 1     16.8                      54.1  -37.3     31.0
  SNOW DEPTH      MM

DEGREE DAYS
 HEATING
  YESTERDAY        0                        11    -11        4
  MONTH TO DATE  188                       287    -99      242
  SINCE MAR 1   1410                      1667   -257     1639
  SINCE JUL 1   5844                      6866  -1022     6970

 COOLING
  YESTERDAY        4                         0      4        0
  MONTH TO DATE    4                         0      4        0
  SINCE MAR 1      4                         0      4        0
  SINCE JAN 1      4                         0      4        0
..................................................................


WIND (MPH)
  HIGHEST WIND SPEED    MM   HIGHEST WIND DIRECTION    MM
  HIGHEST GUST SPEED     0   HIGHEST GUST DIRECTION     N (0)
  AVERAGE WIND SPEED    MM


SKY COVER
  POSSIBLE SUNSHINE   0 PERCENT
  AVERAGE SKY COVER 0.0


WEATHER CONDITIONS
 THE FOLLOWING WEATHER WAS RECORDED YESTERDAY.
  THUNDERSTORM
  LIGHT RAIN


RELATIVE HUMIDITY (PERCENT)
 HIGHEST     0          1200 AM
 LOWEST      0          1200 AM
 AVERAGE     0

..........................................................


THE SPOKANE  WA WFO CLIMATE NORMALS FOR TODAY
                         NORMAL    RECORD    YEAR
 MAXIMUM TEMPERATURE (F)   67        MM        MM
 MINIMUM TEMPERATURE (F)   43        MM        MM


SUNRISE AND SUNSET
MAY 23 2015...........SUNRISE   504 AM PDT   SUNSET   831 PM PDT
MAY 24 2015...........SUNRISE   503 AM PDT   SUNSET   832 PM PDT


-  INDICATES NEGATIVE NUMBERS.
R  INDICATES RECORD WAS SET OR TIED.
MM INDICATES DATA IS MISSING.
T  INDICATES TRACE AMOUNT.




$$
