000
CDAK49 PAOT 211210
CLIOTZ

CLIMATE REPORT
NATIONAL WEATHER SERVICE KOTZEBUE, AK
410 AM AKDT TUE OCT 21 2014

...................................
...THE KOTZEBUE WSO AP CLIMATE SUMMARY FOR OCTOBER 20 2014...

CLIMATE NORMAL PERIOD  1981 TO  2010
CLIMATE RECORD PERIOD  1897 TO  2014

WEATHER ITEM   OBSERVED TIME    RECORD YEAR NORMAL DEPARTURE LAST
               VALUE    (LST)   VALUE       VALUE  FROM      YEAR
                                                   NORMAL
...................................................................
TEMPERATURE
YESTERDAY
 MAXIMUM            32  0629 PM    44  1938     26       6     40
 MINIMUM            26  0526 AM    -7  1970     17       9     35
 AVERAGE            29                          22       7     38

PRECIPITATION
(INCHES)
 YESTERDAY        0.00           0.58  1941   0.03   -0.03   0.03
 MONTH TO DATE    0.02                        0.75   -0.73   1.36
 SINCE SEP 1      1.83                        2.33   -0.50   3.38
 SINCE JAN 1      8.57                        9.21   -0.64   9.84

SNOWFALL
(INCHES)
 YESTERDAY         0.0            6.0  1941    0.2    -0.2    0.0
 MONTH TO DATE       T                         3.4    -3.4    0.3
 SINCE SEP 1       0.0                         4.2    -4.2    0.7
 SINCE JUL 1         T                         4.2    -4.2    0.7
 SNOW DEPTH (IN)     T                                          0

DEGREE DAYS
 HEATING
  YESTERDAY         36                          43      -7     27
  MONTH TO DATE    720                         746     -26    576
  SINCE SEP 1     1291                        1426    -135   1338
  SINCE JUL 1     1851                        2164    -313   1932

 COOLING
  YESTERDAY          0                           0       0      0
  MONTH TO DATE      0                           0       0      0
  SINCE SEP 1        0                           0       0      0
  SINCE JAN 1       19                           0      19     13
...................................................................

WIND (MPH)
 HIGHEST WIND SPEED    16     HIGHEST WIND DIRECTION     70
 HIGHEST GUST SPEED    19     HIGHEST GUST DIRECTION     70
 AVERAGE WIND SPEED   5.3

SKY COVER
  POSSIBLE SUNSHINE    MM          AVERAGE SKY COVER     MM

WEATHER CONDITIONS
 THE FOLLOWING WEATHER WAS RECORDED YESTERDAY.
  NO SIGNIFICANT WEATHER WAS OBSERVED.

RELATIVE HUMIDITY
 HIGHEST RH     MM PERCENT       MM
 LOWEST  RH     MM PERCENT       MM
 AVERAGE RH     MM PERCENT       MM
...................................................................

THE KOTZEBUE CLIMATE NORMALS FOR TODAY
                           NORMAL    RECORD   YEAR
 MAXIMUM TEMPERATURE (F)     25        43     1938
 MINIMUM TEMPERATURE (F)     17       -10     1970

SUNRISE AND SUNSET
 OCT 21 2014..........SUNRISE 10:13 AM      SUNSET  6:57 PM
 OCT 22 2014..........SUNRISE 10:16 AM      SUNSET  6:53 PM

-  INDICATES NEGATIVE NUMBERS.
R  INDICATES RECORD HAS BEEN SET OR TIED.
MM INDICATES DATA IS MISSING.
T  INDICATES TRACE OF PRECIPITATION.

&&
-------------------------------------------------------------------

AMOUNT OF DAYLIGHT TODAY  (HOUR:MIN)........8 HOURS 44 MINUTES
GAIN/LOSS SINCE YESTERDAY (HOUR:MIN:SEC)....-0:07:31

$$
EWH OCT 14
