703
CDAK49 PAFG 260951
CLIOTZ

CLIMATE REPORT
NATIONAL WEATHER SERVICE FAIRBANKS AK
151 AM AKDT WED JUL 26 2017


...................................

...THE KOTZEBUE AK CLIMATE SUMMARY FOR JULY 25 2017...

CLIMATE NORMAL PERIOD 1981 TO 2010
CLIMATE RECORD PERIOD 1920 TO 2017


WEATHER ITEM   OBSERVED TIME   RECORD YEAR NORMAL DEPARTURE LAST
                VALUE   (LST)  VALUE       VALUE  FROM      YEAR
                                                  NORMAL
..................................................................
TEMPERATURE (F)
 YESTERDAY
  MAXIMUM         59    919 PM  79    1955  60     -1       63
  MINIMUM         54    752 AM  34    1931  51      3       57
  AVERAGE         57                        55      2       60

PRECIPITATION (IN)
  YESTERDAY        0.96R         0.67 1996   0.05   0.91     0.00
  MONTH TO DATE    2.39                      1.07   1.32     1.23
  SINCE JUN 1      2.59                      1.65   0.94     1.48
  SINCE JAN 1      4.67                      4.32   0.35     3.61

SNOWFALL (IN)
  YESTERDAY        0.0           0.0    MM   0.0    0.0      0.0
  MONTH TO DATE    0.0                       0.0    0.0      0.0
  SINCE JUN 1      0.0                       0.0    0.0      0.0
  SINCE JUL 1      0.0                       0.0    0.0      0.0
  SNOW DEPTH       0

DEGREE DAYS
 HEATING
  YESTERDAY        8                        10     -2        5
  MONTH TO DATE  183                       265    -82      182
  SINCE JUN 1    594                       845   -251      586
  SINCE JUL 1    183                       265    -82      182

 COOLING
  YESTERDAY        0                         0      0        0
  MONTH TO DATE    1                         0      1        5
  SINCE JUN 1      1                         1      0        5
  SINCE JAN 1      1                         1      0        5
..................................................................


WIND (MPH)
  HIGHEST GUST SPEED    18   HIGHEST GUST DIRECTION     E (90)


SKY COVER
  AVERAGE SKY COVER 1.0


WEATHER CONDITIONS
 THE FOLLOWING WEATHER WAS RECORDED YESTERDAY.
  RAIN
  LIGHT RAIN
  FOG


RELATIVE HUMIDITY (PERCENT)
 HIGHEST   100
 LOWEST     83
 AVERAGE    92

..........................................................


THE KOTZEBUE AK CLIMATE NORMALS FOR TODAY
                         NORMAL    RECORD    YEAR
 MAXIMUM TEMPERATURE (F)   59        79      1970
 MINIMUM TEMPERATURE (F)   51        33      1931


SUNRISE AND SUNSET
JULY 26 2017..........SUNRISE   500 AM AKDT  SUNSET  1251 AM AKDT
JULY 27 2017..........SUNRISE   505 AM AKDT  SUNSET  1246 AM AKDT

-  INDICATES NEGATIVE NUMBERS.
R  INDICATES RECORD WAS SET OR TIED.
MM INDICATES DATA IS MISSING.
T  INDICATES TRACE AMOUNT.

&&

SNOW DEPTH IS MEASURED AT 3AM AKST/4AM AKDT.

----------------------------
AVAILABLE DAYLIGHT

AMOUNT OF DAYLIGHT TODAY  (HOUR:MIN)........19:55
GAIN/LOSS SINCE YESTERDAY (HOUR:MIN:SEC)....-0:09:20

$$
JUL 17
