142
CDAK49 PAOT 241119
CLIOTZ

CLIMATE REPORT
NATIONAL WEATHER SERVICE KOTZEBUE, AK
319 AM AKDT SUN JUL 24 2016

...................................
...THE KOTZEBUE WSO AP CLIMATE SUMMARY FOR JULY 23 2016...

CLIMATE NORMAL PERIOD  1981 TO  2010
CLIMATE RECORD PERIOD  1897 TO  2016

WEATHER ITEM   OBSERVED TIME    RECORD YEAR NORMAL DEPARTURE LAST
               VALUE    (LST)   VALUE       VALUE  FROM      YEAR
                                                   NORMAL
...................................................................
TEMPERATURE
YESTERDAY
 MAXIMUM            68  1255 PM    79  1950     60       8     68
 MINIMUM            54  0549 AM    34  1931     51       3     60
 AVERAGE            61                          55       6     64

PRECIPITATION
(INCHES)
 YESTERDAY        0.00           0.74  1962   0.05   -0.05   0.00
 MONTH TO DATE    1.23                        0.96    0.27   0.28
 SINCE JUN 1      1.48                        1.54   -0.06   0.49
 SINCE JAN 1      3.59                        4.21   -0.62   3.00

SNOWFALL
(INCHES)
 YESTERDAY         0.0            0.0  2016    0.0     0.0    0.0
 MONTH TO DATE     0.0                         0.0     0.0    0.0
 SINCE JUN 1       0.0                         0.0     0.0    0.0
 SINCE JUL 1       0.0                         0.0     0.0    0.0
 SNOW DEPTH (IN)     0              T  2001                     0

DEGREE DAYS
 HEATING
  YESTERDAY          4                          10      -6      1
  MONTH TO DATE    172                         245     -73    111
  SINCE JUN 1      576                         826    -250    520
  SINCE JUL 1      172                         245     -73    111

 COOLING
  YESTERDAY          0                           0       0      0
  MONTH TO DATE      5                           0       5     10
  SINCE JUN 1        5                           0       5     14
  SINCE JAN 1        5                           0       5     14
...................................................................

WIND (MPH)
 HIGHEST WIND SPEED    22     HIGHEST WIND DIRECTION    290
 HIGHEST GUST SPEED    25     HIGHEST GUST DIRECTION    290
 AVERAGE WIND SPEED  13.4

SKY COVER
  POSSIBLE SUNSHINE    MM          AVERAGE SKY COVER     MM

WEATHER CONDITIONS
 THE FOLLOWING WEATHER WAS RECORDED YESTERDAY.
  NO SIGNIFICANT WEATHER WAS OBSERVED.

RELATIVE HUMIDITY
 HIGHEST RH     MM PERCENT       MM
 LOWEST  RH     MM PERCENT       MM
 AVERAGE RH     MM PERCENT       MM
...................................................................

THE KOTZEBUE CLIMATE NORMALS FOR TODAY
                           NORMAL    RECORD   YEAR
 MAXIMUM TEMPERATURE (F)     60        76     2005
 MINIMUM TEMPERATURE (F)     51        36     1931

SUNRISE AND SUNSET
 JUL 24 2016..........SUNRISE  4:52 AM      SUNSET 12:59 AM
 JUL 25 2016..........SUNRISE  4:57 AM      SUNSET 12:54 AM

-  INDICATES NEGATIVE NUMBERS.
R  INDICATES RECORD HAS BEEN SET OR TIED.
MM INDICATES DATA IS MISSING.
T  INDICATES TRACE OF PRECIPITATION.

&&
-------------------------------------------------------------------

AMOUNT OF DAYLIGHT TODAY  (HOUR:MIN)........20 HOURS 7 MINUTES
GAIN/LOSS SINCE YESTERDAY (HOUR:MIN:SEC)....-0:09:35

$$
LEHL JUL 16
