000
CDAK49 PAOT 190003
CLIOTZ

CLIMATE REPORT
NATIONAL WEATHER SERVICE KOTZEBUE, AK
403 PM AKDT THU SEP 18 2014

...................................
...THE KOTZEBUE WSO AP CLIMATE SUMMARY FOR SEPTEMBER 18 2014...
VALID TODAY AS OF 2:00 PM LOCAL TIME

CLIMATE NORMAL PERIOD  1981 TO  2010
CLIMATE RECORD PERIOD  1897 TO  2014

WEATHER ITEM   OBSERVED TIME    RECORD YEAR NORMAL DEPARTURE LAST
               VALUE    (LST)   VALUE       VALUE  FROM      YEAR
                                                   NORMAL
...................................................................
TEMPERATURE
TODAY
 MAXIMUM            51  0301 PM    64  1995     46       5     41
 MINIMUM            44  1007 AM    24  1982     37       7     28
 AVERAGE            48                          42       6     35

PRECIPITATION
(INCHES)
 TODAY            0.00           0.28  1997   0.05   -0.05   0.00
 MONTH TO DATE    0.88                        0.98   -0.10   1.88
 SINCE SEP 1      0.88                        0.98   -0.10   1.88
 SINCE JAN 1      7.62                        7.86   -0.24   8.34

SNOWFALL
(INCHES)
 TODAY             0.0            1.5  1957    0.0     0.0    0.0
 MONTH TO DATE     0.0                         0.2    -0.2    0.0
 SINCE SEP 1       0.0                         0.2    -0.2    0.0
 SINCE JUL 1       0.0                         0.2    -0.2    0.0
 SNOW DEPTH (IN)     0                                          0

DEGREE DAYS
 HEATING
  TODAY             17                          23      -6     30
  MONTH TO DATE    290                         356     -66    379
  SINCE SEP 1      290                         356     -66    379
  SINCE JUL 1      850                        1094    -244    973

 COOLING
  TODAY              0                           0       0      0
  MONTH TO DATE      0                           0       0      0
  SINCE SEP 1        0                           0       0      0
  SINCE JAN 1       19                           0      19     13
...................................................................

WIND (MPH)
 HIGHEST WIND SPEED    13     HIGHEST WIND DIRECTION    350
 HIGHEST GUST SPEED    14     HIGHEST GUST DIRECTION    360
 AVERAGE WIND SPEED   0.0

SKY COVER
  POSSIBLE SUNSHINE  MM            AVERAGE SKY COVER MM

WEATHER CONDITIONS
 THE FOLLOWING WEATHER WAS RECORDED TODAY.
 NONE

RELATIVE HUMIDITY
 HIGHEST RH     MM PERCENT       MM
 LOWEST  RH     MM PERCENT       MM
 AVERAGE RH     MM PERCENT       MM
...................................................................

THE KOTZEBUE CLIMATE NORMALS FOR TOMORROW
                        NORMAL    RECORD   YEAR
 MAXIMUM TEMPERATURE      45        60     2010
 MINIMUM TEMPERATURE      37        21     1992

SUNRISE AND SUNSET
 SEP 18 2014..........SUNRISE  8:20 AM      SUNSET  9:07 PM
 SEP 19 2014..........SUNRISE  8:24 AM      SUNSET  9:03 PM

-  INDICATES NEGATIVE NUMBERS.
R  INDICATES RECORD HAS BEEN SET OR TIED.
MM INDICATES DATA IS MISSING.
T  INDICATES TRACE OF PRECIPITATION.

&&
-------------------------------------------------------------------

AMOUNT OF DAYLIGHT TODAY  (HOUR:MIN)........12 HOURS 47 MINUTES
LOSS SINCE YESTERDAY (HOUR:MIN:SEC).........-0:07:18

$$
TGH SEP 14
