000
CDAK49 PAOT 141215
CLIOTZ

CLIMATE REPORT
NATIONAL WEATHER SERVICE KOTZEBUE, AK
316 AM AKST SUN FEB 14 2016

...................................
...THE KOTZEBUE WSO AP CLIMATE SUMMARY FOR FEBRUARY 13 2016...

CLIMATE NORMAL PERIOD  1981 TO  2010
CLIMATE RECORD PERIOD  1897 TO  2016

WEATHER ITEM   OBSERVED TIME    RECORD YEAR NORMAL DEPARTURE LAST
               VALUE    (LST)   VALUE       VALUE  FROM      YEAR
                                                   NORMAL
...................................................................
TEMPERATURE
YESTERDAY
 MAXIMUM             6  0122 PM    37  1980      6       0      9
 MINIMUM             0  1245 AM   -49  1964     -8       8      0
 AVERAGE             3                          -1       4      5

PRECIPITATION
(INCHES)
 YESTERDAY           T           0.46  2009   0.02   -0.02   0.03
 MONTH TO DATE    0.07                        0.28   -0.21   0.03
 SINCE DEC 1      0.91                        1.66   -0.75   0.74
 SINCE JAN 1      0.45                        0.90   -0.45   0.39

SNOWFALL
(INCHES)
 YESTERDAY         0.4            5.2  2009    0.3     0.1    0.3
 MONTH TO DATE     2.4                         4.1    -1.7    0.3
 SINCE DEC 1      18.8                        24.7    -5.9    6.7
 SINCE JUL 1      40.3                        42.1    -1.8   11.4
 SNOW DEPTH (IN)    28                                          4

DEGREE DAYS
 HEATING
  YESTERDAY         62                          66      -4     60
  MONTH TO DATE    714                         867    -153    885
  SINCE DEC 1     4242                        4907    -665   4530
  SINCE JUL 1     8144                        9266   -1122   8219

 COOLING
  YESTERDAY          0                           0       0      0
  MONTH TO DATE      0                           0       0      0
  SINCE DEC 1        0                           0       0      0
  SINCE JAN 1        0                           0       0      0
...................................................................

WIND (MPH)
 HIGHEST WIND SPEED    12     HIGHEST WIND DIRECTION    110
 HIGHEST GUST SPEED    13     HIGHEST GUST DIRECTION    170
 AVERAGE WIND SPEED   6.1

SKY COVER
  POSSIBLE SUNSHINE    MM          AVERAGE SKY COVER     MM

WEATHER CONDITIONS
 THE FOLLOWING WEATHER WAS RECORDED YESTERDAY.
  FOG
  SNOW


RELATIVE HUMIDITY
 HIGHEST RH     MM PERCENT       MM
 LOWEST  RH     MM PERCENT       MM
 AVERAGE RH     MM PERCENT       MM
...................................................................

THE KOTZEBUE CLIMATE NORMALS FOR TODAY
                           NORMAL    RECORD   YEAR
 MAXIMUM TEMPERATURE (F)      6        37     2006
 MINIMUM TEMPERATURE (F)     -8       -51     1964

SUNRISE AND SUNSET
 FEB 14 2016..........SUNRISE 10:06 AM      SUNSET  6:05 PM
 FEB 15 2016..........SUNRISE 10:02 AM      SUNSET  6:09 PM

-  INDICATES NEGATIVE NUMBERS.
R  INDICATES RECORD HAS BEEN SET OR TIED.
MM INDICATES DATA IS MISSING.
T  INDICATES TRACE OF PRECIPITATION.

&&
-------------------------------------------------------------------

AMOUNT OF DAYLIGHT TODAY  (HOUR:MIN)........7 HOURS 59 MINUTES
GAIN SINCE YESTERDAY (HOUR:MIN:SEC).........+0:07:44

$$
SV FEB 16
