472
CDAK49 PAOT 021232
CLIOTZ

CLIMATE REPORT
NATIONAL WEATHER SERVICE KOTZEBUE, AK
432 AM AKDT MON MAY 2 2016

...................................
...THE KOTZEBUE WSO AP CLIMATE SUMMARY FOR MAY 1 2016...

CLIMATE NORMAL PERIOD  1981 TO  2010
CLIMATE RECORD PERIOD  1897 TO  2016

WEATHER ITEM   OBSERVED TIME    RECORD YEAR NORMAL DEPARTURE LAST
               VALUE    (LST)   VALUE       VALUE  FROM      YEAR
                                                   NORMAL
...................................................................
TEMPERATURE
YESTERDAY
 MAXIMUM            34  0615 PM    50  1960     31       3     23
 MINIMUM            25  1159 PM   -18  1945     17       8     11
 AVERAGE            30                          24       6     17

PRECIPITATION
(INCHES)
 YESTERDAY        0.00           0.08  1946   0.02   -0.02   0.00
 MONTH TO DATE    0.00                        0.02   -0.02   0.00
 SINCE MAR 1      0.74                        1.00   -0.26   1.08
 SINCE JAN 1      1.46                        2.28   -0.82   1.93

SNOWFALL
(INCHES)
 YESTERDAY         0.0            1.5  1937    0.1    -0.1    0.0
 MONTH TO DATE     0.0                         0.1    -0.1    0.0
 SINCE MAR 1      14.3                        11.1     3.2    9.4
 SINCE JUL 1      59.7                        58.7     1.0   24.7
 SNOW DEPTH (IN)     0                                          3

DEGREE DAYS
 HEATING
  YESTERDAY         35                          41      -6     48
  MONTH TO DATE     35                          41      -6     48
  SINCE MAR 1     3114                        3579    -465   3575
  SINCE JUL 1    12112                       13821   -1709  12453

 COOLING
  YESTERDAY          0                           0       0      0
  MONTH TO DATE      0                           0       0      0
  SINCE MAR 1        0                           0       0      0
  SINCE JAN 1        0                           0       0      0
...................................................................

WIND (MPH)
 HIGHEST WIND SPEED    21     HIGHEST WIND DIRECTION    290
 HIGHEST GUST SPEED    24     HIGHEST GUST DIRECTION    290
 AVERAGE WIND SPEED  13.6

SKY COVER
  POSSIBLE SUNSHINE    MM          AVERAGE SKY COVER     MM

WEATHER CONDITIONS
 THE FOLLOWING WEATHER WAS RECORDED YESTERDAY.
  NO SIGNIFICANT WEATHER WAS OBSERVED.

RELATIVE HUMIDITY
 HIGHEST RH     MM PERCENT       MM
 LOWEST  RH     MM PERCENT       MM
 AVERAGE RH     MM PERCENT       MM
...................................................................

THE KOTZEBUE CLIMATE NORMALS FOR TODAY
                           NORMAL    RECORD   YEAR
 MAXIMUM TEMPERATURE (F)     32        50     2004
 MINIMUM TEMPERATURE (F)     18       -10     1898

SUNRISE AND SUNSET
 MAY 2 2016..........SUNRISE  5:52 AM      SUNSET 11:46 PM
 MAY 3 2016..........SUNRISE  5:48 AM      SUNSET 11:51 PM

-  INDICATES NEGATIVE NUMBERS.
R  INDICATES RECORD HAS BEEN SET OR TIED.
MM INDICATES DATA IS MISSING.
T  INDICATES TRACE OF PRECIPITATION.

&&
-------------------------------------------------------------------

AMOUNT OF DAYLIGHT TODAY  (HOUR:MIN)........17 HOURS 54 MINUTES
GAIN SINCE YESTERDAY  (HOUR:MIN:SEC)........+0:08:18

$$
SV MAY 16
