000
CDAK49 PAOT 022229
CLIOTZ

CLIMATE REPORT
NATIONAL WEATHER SERVICE KOTZEBUE, AK
229 PM AKDT TUE JUN 2 2015

...................................
...THE KOTZEBUE WSO AP CLIMATE SUMMARY FOR JUNE 2 2015...
VALID TODAY AS OF 2:00 PM LOCAL TIME

CLIMATE NORMAL PERIOD  1981 TO  2010
CLIMATE RECORD PERIOD  1897 TO  2015

WEATHER ITEM   OBSERVED TIME    RECORD YEAR NORMAL DEPARTURE LAST
               VALUE    (LST)   VALUE       VALUE  FROM      YEAR
                                                   NORMAL
...................................................................
TEMPERATURE
TODAY
 MAXIMUM            58  1259 PM    72  1979     45      13     48
 MINIMUM            44  0446 AM    22  1903     34      10     36
 AVERAGE            51                          40      11     42

PRECIPITATION
(INCHES)
 TODAY            0.00           0.24  1955   0.02   -0.02      T
 MONTH TO DATE    0.00                        0.03   -0.03      T
 SINCE JUN 1      0.00                        0.03   -0.03   0.00
 SINCE JAN 1      2.51                        2.70   -0.19   2.26

SNOWFALL
(INCHES)
 TODAY             0.0            0.2  1971    0.0     0.0    0.0
 MONTH TO DATE     0.0                         0.0     0.0      T
 SINCE JUN 1       0.0                         0.0     0.0    0.0
 SINCE JUL 1      24.7                        59.8   -35.1   32.2
 SNOW DEPTH (IN)     0                                          0

DEGREE DAYS
 HEATING
  TODAY             14                          26     -12     23
  MONTH TO DATE     28                          52     -24     52
  SINCE JUN 1       28                          52     -24     52
  SINCE JUL 1    13164                       14858   -1694  12936

 COOLING
  TODAY              0                           0       0      0
  MONTH TO DATE      0                           0       0      0
  SINCE JUN 1        0                           0       0      0
  SINCE JAN 1        0                           0       0      0
...................................................................

WIND (MPH)
 HIGHEST WIND SPEED    17     HIGHEST WIND DIRECTION     60
 HIGHEST GUST SPEED    20     HIGHEST GUST DIRECTION     60
 AVERAGE WIND SPEED   0.0

SKY COVER
  POSSIBLE SUNSHINE  MM            AVERAGE SKY COVER MM

WEATHER CONDITIONS
 THE FOLLOWING WEATHER WAS RECORDED TODAY.
 NO SIGNIFICANT WEATHER WAS OBSERVED.

RELATIVE HUMIDITY
 HIGHEST RH     MM PERCENT       MM
 LOWEST  RH     MM PERCENT       MM
 AVERAGE RH     MM PERCENT       MM
...................................................................

THE KOTZEBUE CLIMATE NORMALS FOR TOMORROW
                        NORMAL    RECORD   YEAR
 MAXIMUM TEMPERATURE      46        67     1979
 MINIMUM TEMPERATURE      34        22     1948

SUNRISE AND SUNSET
 JUN 2 2015..........SUNRISE  3:12 AM      SUNSET **.**
 JUN 3 2015..........SUNRISE  **.**      SUNSET **.**

-  INDICATES NEGATIVE NUMBERS.
R  INDICATES RECORD HAS BEEN SET OR TIED.
MM INDICATES DATA IS MISSING.
T  INDICATES TRACE OF PRECIPITATION.

&&
-------------------------------------------------------------------

AMOUNT OF DAYLIGHT TODAY  (HOUR:MIN)........20 HOURS 48 MINUTES
GAIN/LOSS SINCE YESTERDAY (HOUR:MIN:SEC)....+0:22:53

$$


JUN 15
