000
CDAK49 PAFG 240943
CLIOTZ

CLIMATE REPORT
NATIONAL WEATHER SERVICE FAIRBANKS AK
1243 AM AKST FRI NOV 24 2017


...................................

...THE KOTZEBUE AK CLIMATE SUMMARY FOR NOVEMBER 23 2017...

CLIMATE NORMAL PERIOD 1981 TO 2010
CLIMATE RECORD PERIOD 1920 TO 2017


WEATHER ITEM   OBSERVED TIME   RECORD YEAR NORMAL DEPARTURE LAST
                VALUE   (LST)  VALUE       VALUE  FROM      YEAR
                                                  NORMAL
..................................................................
TEMPERATURE (F)
 YESTERDAY
  MAXIMUM         26   1031 AM  35    2002  12     14       17
                                      1952
  MINIMUM          9    745 AM -31    1948   1      8        7
  AVERAGE         18                         7     11       12

PRECIPITATION (IN)
  YESTERDAY        0.60R         0.48 2003   0.03   0.57      T
  MONTH TO DATE    1.36                      0.59   0.77     0.09
  SINCE SEP 1      4.83                      3.18   1.65     2.41
  SINCE JAN 1     11.29                     10.06   1.23     8.15

SNOWFALL (IN)
  YESTERDAY        5.8          11.3  2003   0.4    5.4       T
  MONTH TO DATE    8.9                       7.7    1.2      2.0
  SINCE SEP 1     17.5                      14.6    2.9      4.8
  SINCE JUL 1     17.5                      14.6    2.9      4.8
  SNOW DEPTH      34

DEGREE DAYS
 HEATING
  YESTERDAY       47                        58    -11       53
  MONTH TO DATE  986                      1262   -276     1102
  SINCE SEP 1   2712                      3205   -493     2632
  SINCE JUL 1   3399                      3943   -544     3124

 COOLING
  YESTERDAY        0                         0      0        0
  MONTH TO DATE    0                         0      0        0
  SINCE SEP 1      0                         0      0        0
  SINCE JAN 1      1                         5     -4        5
..................................................................


WIND (MPH)
  HIGHEST GUST SPEED    31   HIGHEST GUST DIRECTION    NW (310)


SKY COVER
  AVERAGE SKY COVER 0.9


WEATHER CONDITIONS
 THE FOLLOWING WEATHER WAS RECORDED YESTERDAY.
  SNOW
  LIGHT SNOW
  FOG
  HAZE
  BLOWING SNOW


RELATIVE HUMIDITY (PERCENT)
 HIGHEST    92
 LOWEST     68
 AVERAGE    80

..........................................................


THE KOTZEBUE AK CLIMATE NORMALS FOR TODAY
                         NORMAL    RECORD    YEAR
 MAXIMUM TEMPERATURE (F)   12        35      2002
 MINIMUM TEMPERATURE (F)    1       -37      1935


SUNRISE AND SUNSET
NOVEMBER 24 2017......SUNRISE  1129 AM AKST  SUNSET   346 PM AKST
NOVEMBER 25 2017......SUNRISE  1133 AM AKST  SUNSET   342 PM AKST

-  INDICATES NEGATIVE NUMBERS.
R  INDICATES RECORD WAS SET OR TIED.
MM INDICATES DATA IS MISSING.
T  INDICATES TRACE AMOUNT.

&&

SNOW DEPTH IS MEASURED AT 3AM AKST/4AM AKDT.

----------------------------
AVAILABLE DAYLIGHT

AMOUNT OF DAYLIGHT TODAY  (HOUR:MIN)........4:17
GAIN/LOSS SINCE YESTERDAY (HOUR:MIN:SEC)....-0:07:52

$$
SDB NOV 17
