000
CDAK49 PAOT 312315
CLIOTZ

CLIMATE REPORT
NATIONAL WEATHER SERVICE KOTZEBUE, AK
315 PM AKDT TUE MAY 31 2016

...................................
...THE KOTZEBUE WSO AP CLIMATE SUMMARY FOR MAY 31 2016...
VALID TODAY AS OF 2:00 PM LOCAL TIME

CLIMATE NORMAL PERIOD  1981 TO  2010
CLIMATE RECORD PERIOD  1897 TO  2016

WEATHER ITEM   OBSERVED TIME    RECORD YEAR NORMAL DEPARTURE LAST
               VALUE    (LST)   VALUE       VALUE  FROM      YEAR
                                                   NORMAL
...................................................................
TEMPERATURE
TODAY
 MAXIMUM            61  1240 AM    66  2015     44      17     66
 MINIMUM            49  1000 AM    17  1984     33      16     46
 AVERAGE            55                          39      16     56

PRECIPITATION
(INCHES)
 TODAY            0.00           0.21  1942   0.01   -0.01   0.00
 MONTH TO DATE    0.65                        0.41    0.24   0.58
 SINCE MAR 1      1.39                        1.39   -0.00   1.66
 SINCE JAN 1      2.11                        2.67   -0.56   2.51

SNOWFALL
(INCHES)
 TODAY             0.0            0.4  1985    0.0     0.0    0.0
 MONTH TO DATE       T                         1.2    -1.2      T
 SINCE MAR 1      14.3                        12.2     2.1    9.4
 SINCE JUL 1      59.7                        59.8    -0.1   24.7
 SNOW DEPTH (IN)     0                                          0

DEGREE DAYS
 HEATING
  TODAY             10                          26     -16      9
  MONTH TO DATE    754                        1026    -272    758
  SINCE MAR 1     3833                        4564    -731   4285
  SINCE JUL 1    12831                       14806   -1975  13163

 COOLING
  TODAY              0                           0       0      0
  MONTH TO DATE      0                           0       0      0
  SINCE MAR 1        0                           0       0      0
  SINCE JAN 1        0                           0       0      0
...................................................................

WIND (MPH)
 HIGHEST WIND SPEED    20     HIGHEST WIND DIRECTION    280
 HIGHEST GUST SPEED    24     HIGHEST GUST DIRECTION    280
 AVERAGE WIND SPEED    MM

WEATHER CONDITIONS
 THE FOLLOWING WEATHER WAS RECORDED TODAY.
 NO SIGNIFICANT WEATHER WAS OBSERVED.
...................................................................

THE KOTZEBUE CLIMATE NORMALS FOR TOMORROW
                        NORMAL    RECORD   YEAR
 MAXIMUM TEMPERATURE      45        66     1981
 MINIMUM TEMPERATURE      34        22     1903

SUNRISE AND SUNSET
 MAY 31 2016..........SUNRISE  3:26 AM      SUNSET  2:22 AM
 JUN  1 2016..........SUNRISE  3:15 AM      SUNSET  2:40 AM

-  INDICATES NEGATIVE NUMBERS.
R  INDICATES RECORD HAS BEEN SET OR TIED.
MM INDICATES DATA IS MISSING.
T  INDICATES TRACE OF PRECIPITATION.

&&
-------------------------------------------------------------------

AMOUNT OF DAYLIGHT TODAY  (HOUR:MIN)........22 HOURS 56 MINUTES
GAIN SINCE YESTERDAY (HOUR:MIN:SEC).........+0:17:06

$$
CRG MAY 16
