000
CDAK49 PAOT 231234
CLIOTZ

CLIMATE REPORT
NATIONAL WEATHER SERVICE KOTZEBUE, AK
434 AM AKDT SAT AUG 23 2014

...................................
...THE KOTZEBUE WSO AP CLIMATE SUMMARY FOR AUGUST 22 2014...

CLIMATE NORMAL PERIOD  1981 TO  2010
CLIMATE RECORD PERIOD  1897 TO  2014

WEATHER ITEM   OBSERVED TIME    RECORD YEAR NORMAL DEPARTURE LAST
               VALUE    (LST)   VALUE       VALUE  FROM      YEAR
                                                   NORMAL
...................................................................
TEMPERATURE
YESTERDAY
 MAXIMUM            58  0603 PM    74  2004     55       3     58
 MINIMUM            51  0326 AM    29  1902     46       5     51
 AVERAGE            55                          51       4     55

PRECIPITATION
(INCHES)
 YESTERDAY        0.40           0.70  1959   0.07    0.33   0.00
 MONTH TO DATE    0.85                        1.59   -0.74   0.51
 SINCE JUN 1      3.82                        3.62    0.20   2.70
 SINCE JAN 1      6.08                        6.29   -0.21   6.30

SNOWFALL
(INCHES)
 YESTERDAY         0.0            0.0  2014    0.0     0.0    0.0
 MONTH TO DATE     0.0                         0.0     0.0    0.0
 SINCE JUN 1       0.0                         0.0     0.0    0.0
 SINCE JUL 1       0.0                         0.0     0.0    0.0
 SNOW DEPTH (IN)     0                                          0

DEGREE DAYS
 HEATING
  YESTERDAY         10                          14      -4     10
  MONTH TO DATE     79                         273    -194    171
  SINCE JUN 1     1050                        1180    -130    858
  SINCE JUL 1      433                         599    -166    433

 COOLING
  YESTERDAY          0                           0       0      0
  MONTH TO DATE     11                           0      11      0
  SINCE JUN 1       19                           0      19     13
  SINCE JAN 1       19                           0      19     13
...................................................................

WIND (MPH)
 HIGHEST WIND SPEED    10     HIGHEST WIND DIRECTION    250
 HIGHEST GUST SPEED    13     HIGHEST GUST DIRECTION    260
 AVERAGE WIND SPEED   5.8

SKY COVER
  POSSIBLE SUNSHINE    MM          AVERAGE SKY COVER     MM

WEATHER CONDITIONS
 THE FOLLOWING WEATHER WAS RECORDED YESTERDAY.
 FOG
 THUNDER
 RAIN


RELATIVE HUMIDITY
 HIGHEST RH     MM PERCENT       MM
 LOWEST  RH     MM PERCENT       MM
 AVERAGE RH     MM PERCENT       MM
...................................................................

THE KOTZEBUE CLIMATE NORMALS FOR TODAY
                           NORMAL    RECORD   YEAR
 MAXIMUM TEMPERATURE (F)     55        74     2004
 MINIMUM TEMPERATURE (F)     46        28     1902

SUNRISE AND SUNSET
 AUG 23 2014..........SUNRISE  6:52 AM      SUNSET 10:53 PM
 AUG 24 2014..........SUNRISE  6:55 AM      SUNSET 10:49 PM

-  INDICATES NEGATIVE NUMBERS.
R  INDICATES RECORD HAS BEEN SET OR TIED.
MM INDICATES DATA IS MISSING.
T  INDICATES TRACE OF PRECIPITATION.

&&
-------------------------------------------------------------------

AMOUNT OF DAYLIGHT TODAY  (HOUR:MIN)........16 HOURS 1 MINUTES
LOSS SINCE YESTERDAY (HOUR:MIN:SEC).........-0:07:43

$$
TGH AUG 14
