000
CDUS43 KDDC 211007
CLIP28


CLIMATE REPORT
NATIONAL WEATHER SERVICE DODGE CITY KS
506 AM CDT TUE OCT 21 2014


...................................

...THE MEDICINE LODGE KS CLIMATE SUMMARY FOR OCTOBER 20 2014...

CLIMATE NORMAL PERIOD 1981 TO 2010
CLIMATE RECORD PERIOD 1893 TO 2014


WEATHER ITEM   OBSERVED TIME   RECORD YEAR NORMAL DEPARTURE LAST
                VALUE   (LST)  VALUE       VALUE  FROM      YEAR
                                                  NORMAL
..................................................................
TEMPERATURE (F)
 YESTERDAY
  MAXIMUM         82    306 PM  94    1927  70     12       71
  MINIMUM         50    730 AM  16    1976  45      5       37
  AVERAGE         66                        57      9       54

PRECIPITATION (IN)
  YESTERDAY        0.00          1.95 1920   0.10  -0.10     0.00
  MONTH TO DATE    0.64                      1.96  -1.32     0.79
  SINCE SEP 1      1.49                      4.06  -2.57     1.88
  SINCE JAN 1     19.00                     24.41  -5.41    23.52

SNOWFALL (IN)
  YESTERDAY        0.0          MM      MM   0.0             0.0
  MONTH TO DATE    0.0                       0.0             0.0
  SINCE SEP 1      0.0                       0.0             0.0
  SINCE JUL 1      0.0                       0.0             0.0
  SNOW DEPTH       0

DEGREE DAYS
 HEATING
  YESTERDAY        0                         9     -9
  MONTH TO DATE  101                       119    -18
  SINCE SEP 1    120                       153    -33
  SINCE JUL 1    125                       153    -28

 COOLING
  YESTERDAY        1                         1      0        0
  MONTH TO DATE   37                        36      1       45
  SINCE SEP 1    290                       256     34      337
  SINCE JAN 1   1774                      1767      7     1786
..................................................................


WIND (MPH)
  HIGHEST WIND SPEED    16   HIGHEST WIND DIRECTION     E (90)
  HIGHEST GUST SPEED    20   HIGHEST GUST DIRECTION     E (80)
  AVERAGE WIND SPEED     4.9




RELATIVE HUMIDITY (PERCENT)
 HIGHEST   100           500 AM
 LOWEST     28           200 PM
 AVERAGE    64

..........................................................


THE MEDICINE LODGE KS CLIMATE NORMALS FOR TODAY
                         NORMAL    RECORD    YEAR
 MAXIMUM TEMPERATURE (F)   69        93      2012
                                             1975
 MINIMUM TEMPERATURE (F)   44        19      1910


SUNRISE AND SUNSET
OCTOBER 21 2014.......SUNRISE   748 AM CDT   SUNSET   649 PM CDT
OCTOBER 22 2014.......SUNRISE   749 AM CDT   SUNSET   648 PM CDT


-  INDICATES NEGATIVE NUMBERS.
R  INDICATES RECORD WAS SET OR TIED.
MM INDICATES DATA IS MISSING.
T  INDICATES TRACE AMOUNT.




$$
