000
CDUS43 KDDC 011006
CLIP28


CLIMATE REPORT
NATIONAL WEATHER SERVICE DODGE CITY KS
506 AM CDT TUE SEP 1 2015


...................................

...THE MEDICINE LODGE KS CLIMATE SUMMARY FOR AUGUST 31 2015...

CLIMATE NORMAL PERIOD 1981 TO 2010
CLIMATE RECORD PERIOD 1893 TO 2015


WEATHER ITEM   OBSERVED TIME   RECORD YEAR NORMAL DEPARTURE LAST
                VALUE   (LST)  VALUE       VALUE  FROM      YEAR
                                                  NORMAL
..................................................................
TEMPERATURE (F)
 YESTERDAY
  MAXIMUM         97    355 PM 109    2011  90      7       99
  MINIMUM         67    702 AM  45    1915  65      2       71
  AVERAGE         82                        77      5       85

PRECIPITATION (IN)
  YESTERDAY        0.00          1.72 1981   0.11  -0.11     0.00
  MONTH TO DATE    1.30                      3.12  -1.82     2.01
  SINCE JUN 1     14.21                     10.61   3.60    14.62
  SINCE JAN 1     26.17                     20.35   5.82    17.51

SNOWFALL (IN)
  YESTERDAY        0.0          MM      MM   0.0             0.0
  MONTH TO DATE    0.0                       0.0             0.0
  SINCE JUN 1      0.0                       0.0             0.0
  SINCE JUL 1      0.0                       0.0             0.0
  SNOW DEPTH       0

DEGREE DAYS
 HEATING
  YESTERDAY        0                         0      0        0
  MONTH TO DATE    0                         0      0        0
  SINCE JUN 1      0                         3     -3        5
  SINCE JUL 1      0                         0      0        5

 COOLING
  YESTERDAY       17                        12      5       20
  MONTH TO DATE  411                       474    -63      504
  SINCE JUN 1   1372                      1355     17     1215
  SINCE JAN 1   1479                      1511    -32     1484
..................................................................


WIND (MPH)
  HIGHEST WIND SPEED    18   HIGHEST WIND DIRECTION     S (190)
  HIGHEST GUST SPEED    26   HIGHEST GUST DIRECTION     S (190)
  AVERAGE WIND SPEED     8.1




RELATIVE HUMIDITY (PERCENT)
 HIGHEST   100           500 AM
 LOWEST     22           400 PM
 AVERAGE    61

..........................................................


THE MEDICINE LODGE KS CLIMATE NORMALS FOR TODAY
                         NORMAL    RECORD    YEAR
 MAXIMUM TEMPERATURE (F)   89       110      1939
 MINIMUM TEMPERATURE (F)   64        47      1949


SUNRISE AND SUNSET
SEPTEMBER  1 2015.....SUNRISE   705 AM CDT   SUNSET   803 PM CDT
SEPTEMBER  2 2015.....SUNRISE   705 AM CDT   SUNSET   802 PM CDT


-  INDICATES NEGATIVE NUMBERS.
R  INDICATES RECORD WAS SET OR TIED.
MM INDICATES DATA IS MISSING.
T  INDICATES TRACE AMOUNT.




$$
