000
CDUS43 KDDC 012327
CLIP28


CLIMATE REPORT
NATIONAL WEATHER SERVICE DODGE CITY KS
626 PM CDT SUN MAY 1 2016


...................................

...THE MEDICINE LODGE KS CLIMATE SUMMARY FOR MAY 1 2016...
VALID TODAY AS OF 0500 PM LOCAL TIME.

CLIMATE NORMAL PERIOD 1981 TO 2010
CLIMATE RECORD PERIOD 1893 TO 2016


WEATHER ITEM   OBSERVED TIME   RECORD YEAR NORMAL DEPARTURE LAST
                VALUE   (LST)  VALUE       VALUE  FROM      YEAR
                                                  NORMAL
..................................................................
TEMPERATURE (F)
 TODAY
  MAXIMUM         53    309 PM  94    1959  74    -21       79
  MINIMUM         41    411 AM  20    1907  50     -9       53
  AVERAGE         47                        62    -15       66

PRECIPITATION (IN)
  TODAY            0.00          1.95 1904   0.10  -0.10     0.00
  MONTH TO DATE    0.00                      0.10  -0.10     0.00
  SINCE MAR 1      5.61                      4.79   0.82     3.86
  SINCE JAN 1      6.50                      6.54  -0.04     5.17

DEGREE DAYS
 HEATING
  TODAY           18                         5     13        0
  MONTH TO DATE   18                         5     13        0
  SINCE MAR 1    621                       861   -240      643
  SINCE JUL 1   3510                      4390   -880     4217

 COOLING
  TODAY            0                         1     -1        1
  MONTH TO DATE    0                         1     -1        1
  SINCE MAR 1     36                        25     11       33
  SINCE JAN 1     36                        25     11       33
..................................................................


WIND (MPH)
  HIGHEST WIND SPEED    23   HIGHEST WIND DIRECTION     N (340)
  HIGHEST GUST SPEED    30   HIGHEST GUST DIRECTION    NW (330)
  AVERAGE WIND SPEED    12.1




RELATIVE HUMIDITY (PERCENT)
 HIGHEST    86           200 AM
 LOWEST     63          1100 AM
 AVERAGE    75

..........................................................


THE MEDICINE LODGE KS CLIMATE NORMALS FOR TOMORROW
                         NORMAL    RECORD    YEAR
 MAXIMUM TEMPERATURE (F)   74        96      1968
 MINIMUM TEMPERATURE (F)   50        32      2014


SUNRISE AND SUNSET
MAY  1 2016...........SUNRISE   639 AM CDT   SUNSET   824 PM CDT
MAY  2 2016...........SUNRISE   638 AM CDT   SUNSET   825 PM CDT


-  INDICATES NEGATIVE NUMBERS.
R  INDICATES RECORD WAS SET OR TIED.
MM INDICATES DATA IS MISSING.
T  INDICATES TRACE AMOUNT.




$$
