000
CDUS43 KDDC 172330
CLIP28


CLIMATE REPORT
NATIONAL WEATHER SERVICE DODGE CITY KS
630 PM CDT THU AUG 17 2017


...................................

...THE MEDICINE LODGE KS CLIMATE SUMMARY FOR AUGUST 17 2017...
VALID TODAY AS OF 0500 PM LOCAL TIME.

CLIMATE NORMAL PERIOD 1981 TO 2010
CLIMATE RECORD PERIOD 1893 TO 2017


WEATHER ITEM   OBSERVED TIME   RECORD YEAR NORMAL DEPARTURE LAST
                VALUE   (LST)  VALUE       VALUE  FROM      YEAR
                                                  NORMAL
..................................................................
TEMPERATURE (F)
 TODAY
  MAXIMUM         88    259 PM 113    1909  93     -5       93
  MINIMUM         61    615 AM  53    1962  68     -7       66
  AVERAGE         75                        80     -5       80

PRECIPITATION (IN)
  TODAY            0.00          2.00 2010   0.11  -0.11     0.00
  MONTH TO DATE    3.39                      1.62   1.77     4.63
  SINCE JUN 1      6.36                      9.11  -2.75     9.12
  SINCE JAN 1     21.91                     18.85   3.06    17.90

DEGREE DAYS
 HEATING
  TODAY            0                         0      0        0
  MONTH TO DATE    0                         0      0        0
  SINCE JUN 1      0                         3     -3        0
  SINCE JUL 1      0                         0      0        0

 COOLING
  TODAY           10                        15     -5       15
  MONTH TO DATE  183                       281    -98      271
  SINCE JUN 1   1111                      1162    -51     1306
  SINCE JAN 1   1209                      1318   -109     1443
..................................................................


WIND (MPH)
  HIGHEST WIND SPEED    10   HIGHEST WIND DIRECTION     S (180)
  HIGHEST GUST SPEED    13   HIGHEST GUST DIRECTION     S (200)
  AVERAGE WIND SPEED     4.1




RELATIVE HUMIDITY (PERCENT)
 HIGHEST    97           600 AM
 LOWEST     31           400 PM
 AVERAGE    64

..........................................................


THE MEDICINE LODGE KS CLIMATE NORMALS FOR TOMORROW
                         NORMAL    RECORD    YEAR
 MAXIMUM TEMPERATURE (F)   93       110      1934
 MINIMUM TEMPERATURE (F)   68        48      1943


SUNRISE AND SUNSET
AUGUST 17 2017........SUNRISE   653 AM CDT   SUNSET   823 PM CDT
AUGUST 18 2017........SUNRISE   653 AM CDT   SUNSET   822 PM CDT


-  INDICATES NEGATIVE NUMBERS.
R  INDICATES RECORD WAS SET OR TIED.
MM INDICATES DATA IS MISSING.
T  INDICATES TRACE AMOUNT.




$$
