000
CDUS43 KDDC 201011
CLIP28


CLIMATE REPORT
NATIONAL WEATHER SERVICE DODGE CITY KS
410 AM CST SAT DEC 20 2014


...................................

...THE MEDICINE LODGE KS CLIMATE SUMMARY FOR DECEMBER 19 2014...

CLIMATE NORMAL PERIOD 1981 TO 2010
CLIMATE RECORD PERIOD 1893 TO 2014


WEATHER ITEM   OBSERVED TIME   RECORD YEAR NORMAL DEPARTURE LAST
                VALUE   (LST)  VALUE       VALUE  FROM      YEAR
                                                  NORMAL
..................................................................
TEMPERATURE (F)
 YESTERDAY
  MAXIMUM         39    540 PM  72    1941  45     -6       60
  MINIMUM         33   1008 AM  -5    1924  22     11       30
  AVERAGE         36                        34      2       45

PRECIPITATION (IN)
  YESTERDAY        0.00          1.66 2011   0.03  -0.03     0.00
  MONTH TO DATE    0.79                      0.59   0.20     0.01
  SINCE DEC 1      0.79                      0.59   0.20     0.01
  SINCE JAN 1     20.15                     26.81  -6.66    25.24

SNOWFALL (IN)
  YESTERDAY        0.0          MM      MM   0.0             0.0
  MONTH TO DATE    0.0                       1.8             0.0
  SINCE DEC 1      0.0                       1.8             0.0
  SINCE JUL 1      2.5                       2.0             1.5
  SNOW DEPTH       0

DEGREE DAYS
 HEATING
  YESTERDAY       29                        31     -2       20
  MONTH TO DATE  477                       557    -80      619
  SINCE DEC 1    477                       557    -80      619
  SINCE JUL 1   1382                      1415    -33     1557

 COOLING
  YESTERDAY        0                         0      0        0
  MONTH TO DATE    0                         0      0        0
  SINCE DEC 1      0                         0      0        0
  SINCE JAN 1   1802                      1770     32     1786
..................................................................


WIND (MPH)
  HIGHEST WIND SPEED     9   HIGHEST WIND DIRECTION     S (170)
  HIGHEST GUST SPEED    13   HIGHEST GUST DIRECTION     S (170)
  AVERAGE WIND SPEED     4.6




RELATIVE HUMIDITY (PERCENT)
 HIGHEST   100          1100 AM
 LOWEST     79           400 PM
 AVERAGE    90

..........................................................


THE MEDICINE LODGE KS CLIMATE NORMALS FOR TODAY
                         NORMAL    RECORD    YEAR
 MAXIMUM TEMPERATURE (F)   45        73      1954
 MINIMUM TEMPERATURE (F)   22        -7      1924


SUNRISE AND SUNSET
DECEMBER 20 2014......SUNRISE   744 AM CST   SUNSET   520 PM CST
DECEMBER 21 2014......SUNRISE   745 AM CST   SUNSET   520 PM CST


-  INDICATES NEGATIVE NUMBERS.
R  INDICATES RECORD WAS SET OR TIED.
MM INDICATES DATA IS MISSING.
T  INDICATES TRACE AMOUNT.




$$
