000
CDUS43 KDDC 281008
CLIP28


CLIMATE REPORT
NATIONAL WEATHER SERVICE DODGE CITY KS
408 AM CST FRI NOV 28 2014


...................................

...THE MEDICINE LODGE KS CLIMATE SUMMARY FOR NOVEMBER 27 2014...

CLIMATE NORMAL PERIOD 1981 TO 2010
CLIMATE RECORD PERIOD 1893 TO 2014


WEATHER ITEM   OBSERVED TIME   RECORD YEAR NORMAL DEPARTURE LAST
                VALUE   (LST)  VALUE       VALUE  FROM      YEAR
                                                  NORMAL
..................................................................
TEMPERATURE (F)
 YESTERDAY
  MAXIMUM         48    434 PM  75    1933  52     -4       39
  MINIMUM         19    756 AM   5    1975  28     -9       12
  AVERAGE         34                        40     -6       26

PRECIPITATION (IN)
  YESTERDAY        0.00          1.20 1909   0.02  -0.02     0.00
  MONTH TO DATE    0.30                      0.87  -0.57     0.67
  SINCE SEP 1      1.85                      5.81  -3.96     3.59
  SINCE JAN 1     19.36                     26.16  -6.80    25.23

SNOWFALL (IN)
  YESTERDAY        0.0          MM      MM   0.0             0.0
  MONTH TO DATE    2.5                       0.1             1.5
  SINCE SEP 1      2.5                       0.1             1.5
  SINCE JUL 1      2.5                       0.1             1.5
  SNOW DEPTH       0

DEGREE DAYS
 HEATING
  YESTERDAY       31                        25      6
  MONTH TO DATE  665                       510    155
  SINCE SEP 1    839                       779     60
  SINCE JUL 1    844                       779     65

 COOLING
  YESTERDAY        0                         0      0        0
  MONTH TO DATE    0                         0      0        0
  SINCE SEP 1    318                       258     60      337
  SINCE JAN 1   1802                      1769     33     1786
..................................................................


WIND (MPH)
  HIGHEST WIND SPEED    20   HIGHEST WIND DIRECTION     S (180)
  HIGHEST GUST SPEED    26   HIGHEST GUST DIRECTION     S (170)
  AVERAGE WIND SPEED     7.9




RELATIVE HUMIDITY (PERCENT)
 HIGHEST    91           600 AM
 LOWEST     31           400 PM
 AVERAGE    61

..........................................................


THE MEDICINE LODGE KS CLIMATE NORMALS FOR TODAY
                         NORMAL    RECORD    YEAR
 MAXIMUM TEMPERATURE (F)   52        76      1949
 MINIMUM TEMPERATURE (F)   27         4      1976


SUNRISE AND SUNSET
NOVEMBER 28 2014......SUNRISE   727 AM CST   SUNSET   518 PM CST
NOVEMBER 29 2014......SUNRISE   728 AM CST   SUNSET   517 PM CST


-  INDICATES NEGATIVE NUMBERS.
R  INDICATES RECORD WAS SET OR TIED.
MM INDICATES DATA IS MISSING.
T  INDICATES TRACE AMOUNT.




$$
