000
CDUS43 KDDC 280718
CLIP28


CLIMATE REPORT
NATIONAL WEATHER SERVICE DODGE CITY KS
217 AM CDT FRI APR 28 2017


...................................

...THE MEDICINE LODGE KS CLIMATE SUMMARY FOR APRIL 27 2017...

CLIMATE NORMAL PERIOD 1981 TO 2010
CLIMATE RECORD PERIOD 1893 TO 2017


WEATHER ITEM   OBSERVED TIME   RECORD YEAR NORMAL DEPARTURE LAST
                VALUE   (LST)  VALUE       VALUE  FROM      YEAR
                                                  NORMAL
..................................................................
TEMPERATURE (F)
 YESTERDAY
  MAXIMUM         61   1208 PM  99    1956  72    -11       69
  MINIMUM         32    603 AM  30    1967  48    -16       47
  AVERAGE         47                        60    -13       58

PRECIPITATION (IN)
  YESTERDAY        0.01          2.25 1976   0.11  -0.10     0.00
  MONTH TO DATE    2.37                      2.14   0.23     3.78
  SINCE MAR 1      4.60                      4.40   0.20     4.45
  SINCE JAN 1      8.52                      6.15   2.37     5.34

SNOWFALL (IN)
  YESTERDAY       MM            MM      MM   0.0             0.0
  MONTH TO DATE    0.0                       0.0             0.0
  SINCE MAR 1      0.0                       0.1             1.0
  SINCE JUL 1      1.4                       8.5             2.0
  SNOW DEPTH      MM

DEGREE DAYS
 HEATING
  YESTERDAY       18                         6     12        7
  MONTH TO DATE  208                       272    -64      157
  SINCE MAR 1    652                       840   -188      568
  SINCE JUL 1   3653                      4369   -716     3457

 COOLING
  YESTERDAY        0                         1     -1        0
  MONTH TO DATE   28                        19      9       26
  SINCE MAR 1     40                        21     19       36
  SINCE JAN 1     40                        21     19       36
..................................................................


WIND (MPH)
  HIGHEST WIND SPEED    20   HIGHEST WIND DIRECTION    SE (130)
  HIGHEST GUST SPEED    32   HIGHEST GUST DIRECTION    SE (130)
  AVERAGE WIND SPEED     9.0




RELATIVE HUMIDITY (PERCENT)
 HIGHEST   100           200 AM
 LOWEST     44           100 PM
 AVERAGE    72

..........................................................


THE MEDICINE LODGE KS CLIMATE NORMALS FOR TODAY
                         NORMAL    RECORD    YEAR
 MAXIMUM TEMPERATURE (F)   73        96      1910
 MINIMUM TEMPERATURE (F)   48        31      1979


SUNRISE AND SUNSET
APRIL 28 2017.........SUNRISE   643 AM CDT   SUNSET   821 PM CDT
APRIL 29 2017.........SUNRISE   641 AM CDT   SUNSET   822 PM CDT


-  INDICATES NEGATIVE NUMBERS.
R  INDICATES RECORD WAS SET OR TIED.
MM INDICATES DATA IS MISSING.
T  INDICATES TRACE AMOUNT.




$$
