686
CDUS43 KDDC 281427
CLIP28


CLIMATE REPORT
NATIONAL WEATHER SERVICE DODGE CITY KS
927 AM CDT WED SEP 28 2016


...................................

...THE MEDICINE LODGE KS CLIMATE SUMMARY FOR SEPTEMBER 28 2016...
VALID AS OF 0800 AM LOCAL TIME.

CLIMATE NORMAL PERIOD 1981 TO 2010
CLIMATE RECORD PERIOD 1893 TO 2016


WEATHER ITEM   OBSERVED TIME   RECORD YEAR NORMAL DEPARTURE LAST
                VALUE   (LST)  VALUE       VALUE  FROM      YEAR
                                                  NORMAL
..................................................................
TEMPERATURE (F)
 TODAY
  MAXIMUM         63    759 AM 109    1984  79    -16       88
  MINIMUM         52    657 AM  31    1909  53     -1       57
  AVERAGE         58                        66     -8       73

PRECIPITATION (IN)
  TODAY            0.00          3.80 1945   0.07  -0.07     0.00
  MONTH TO DATE    7.18                      1.98   5.20     1.48
  SINCE SEP 1      7.18                      1.98   5.20     1.48
  SINCE JAN 1     27.61                     22.33   5.28    27.65

..................................................................


WIND (MPH)
  HIGHEST WIND SPEED    12   HIGHEST WIND DIRECTION     N (10)
  HIGHEST GUST SPEED    14   HIGHEST GUST DIRECTION     N (10)



WEATHER CONDITIONS
 THE FOLLOWING WEATHER WAS RECORDED TODAY.
  NO SIGNIFICANT WEATHER WAS OBSERVED.


RELATIVE HUMIDITY (PERCENT)
 HIGHEST    93           100 AM
 LOWEST     67           800 AM

..........................................................


THE MEDICINE LODGE KS CLIMATE NORMALS FOR TOMORROW
                         NORMAL    RECORD    YEAR
 MAXIMUM TEMPERATURE (F)   78       113      1984
 MINIMUM TEMPERATURE (F)   53        32      1985


SUNRISE AND SUNSET
SEPTEMBER 28 2016.....SUNRISE   728 AM CDT   SUNSET   721 PM CDT
SEPTEMBER 29 2016.....SUNRISE   728 AM CDT   SUNSET   720 PM CDT


-  INDICATES NEGATIVE NUMBERS.
R  INDICATES RECORD WAS SET OR TIED.
MM INDICATES DATA IS MISSING.
T  INDICATES TRACE AMOUNT.




$$
