000
CDUS45 KRIW 260052
CLIP60


CLIMATE REPORT
NATIONAL WEATHER SERVICE RIVERTON WY
645 PM MDT SAT MAR 25 2017


...................................

...THE LAKE YELLOWSTONE WY CLIMATE SUMMARY FOR MARCH 25 2017...
VALID TODAY AS OF 0500 PM LOCAL TIME.

CLIMATE NORMAL PERIOD 1981 TO 2010
CLIMATE RECORD PERIOD 1998 TO 2017


WEATHER ITEM   OBSERVED TIME   RECORD YEAR NORMAL DEPARTURE LAST
                VALUE   (LST)  VALUE       VALUE  FROM      YEAR
                                                  NORMAL
..................................................................
TEMPERATURE (F)
 TODAY
  MAXIMUM         38        MM  51    1999  39     -1       29
  MINIMUM         30        MM -21    2013  12     18        8
  AVERAGE         34

PRECIPITATION (IN)
  TODAY            0.06          0.24 2001   0.05   0.01     0.03
  MONTH TO DATE    1.91                      0.92   0.99     1.88
  SINCE MAR 1      1.91                      0.92   0.99     1.88
  SINCE JAN 1     12.15                      4.44   7.71     4.53

DEGREE DAYS
 HEATING
  TODAY           31                        39     -8       46
  MONTH TO DATE  894                      1071   -177     1075
  SINCE MAR 1    894                      1071   -177     1075
  SINCE JUL 1   8952                      9008    -56     8859

 COOLING
  TODAY            0                         0      0        0
  MONTH TO DATE    0                         0      0        0
  SINCE MAR 1      0                         0      0        0
  SINCE JAN 1      0                         0      0        0
..................................................................


WIND (MPH)
  HIGHEST WIND SPEED     7   HIGHEST WIND DIRECTION     E (99)
  HIGHEST GUST SPEED    MM   HIGHEST GUST DIRECTION    MM
  AVERAGE WIND SPEED     2.1


SKY COVER
  POSSIBLE SUNSHINE  MM
  AVERAGE SKY COVER 0.0


WEATHER CONDITIONS
 THE FOLLOWING WEATHER WAS RECORDED TODAY.
  NO SIGNIFICANT WEATHER WAS OBSERVED.


RELATIVE HUMIDITY (PERCENT)
 HIGHEST   100           300 AM
 LOWEST     59          1200 PM
 AVERAGE    80

..........................................................


THE LAKE YELLOWSTONE WY CLIMATE NORMALS FOR TOMORROW
                         NORMAL    RECORD    YEAR
 MAXIMUM TEMPERATURE (F)   40        48      2007
 MINIMUM TEMPERATURE (F)   12        -6      2013


SUNRISE AND SUNSET
MARCH 25 2017.........SUNRISE   715 AM MDT   SUNSET   741 PM MDT
MARCH 26 2017.........SUNRISE   713 AM MDT   SUNSET   742 PM MDT


-  INDICATES NEGATIVE NUMBERS.
R  INDICATES RECORD WAS SET OR TIED.
MM INDICATES DATA IS MISSING.
T  INDICATES TRACE AMOUNT.




$$
