000
CDUS45 KRIW 280732
CLIP60


CLIMATE REPORT
NATIONAL WEATHER SERVICE RIVERTON WY
131 AM MDT TUE JUL 28 2015


...................................

...THE LAKE YELLOWSTONE WY CLIMATE SUMMARY FOR JULY 27 2015...

CLIMATE NORMAL PERIOD 1981 TO 2010
CLIMATE RECORD PERIOD 1998 TO 2015


WEATHER ITEM   OBSERVED TIME   RECORD YEAR NORMAL DEPARTURE LAST
                VALUE   (LST)  VALUE       VALUE  FROM      YEAR
                                                  NORMAL
..................................................................
TEMPERATURE (F)
 YESTERDAY
  MAXIMUM         66   1041 AM  82    2006  74     -8       77
  MINIMUM         34   1159 PM  32    2005  41     -7       33
  AVERAGE         50                        57     -7       55

PRECIPITATION (IN)
  YESTERDAY        0.12          0.36 2002   0.05   0.07     0.00
  MONTH TO DATE    1.13                      1.28  -0.15     1.24
  SINCE JUN 1      2.04                      3.28  -1.24     3.58
  SINCE JAN 1      9.78                     12.36  -2.58    18.72

DEGREE DAYS
 HEATING
  YESTERDAY       15                         8      7       10
  MONTH TO DATE  274                       251     23      229
  SINCE JUN 1    600                       744   -144      815
  SINCE JUL 1    274                       251     23      229

 COOLING
  YESTERDAY        0                         0      0        0
  MONTH TO DATE    0                         0      0        0
  SINCE JUN 1      1                         0      1        0
  SINCE JAN 1      1                         0      1        0
..................................................................


WIND (MPH)
  HIGHEST WIND SPEED    22   HIGHEST WIND DIRECTION     W (290)
  HIGHEST GUST SPEED    39   HIGHEST GUST DIRECTION     W (270)
  AVERAGE WIND SPEED     5.7


SKY COVER
  POSSIBLE SUNSHINE  MM
  AVERAGE SKY COVER 0.0


WEATHER CONDITIONS
 THE FOLLOWING WEATHER WAS RECORDED YESTERDAY.
  NO SIGNIFICANT WEATHER WAS OBSERVED.


RELATIVE HUMIDITY (PERCENT)
 HIGHEST    92           600 PM
 LOWEST     37          1000 AM
 AVERAGE    65

..........................................................


THE LAKE YELLOWSTONE WY CLIMATE NORMALS FOR TODAY
                         NORMAL    RECORD    YEAR
 MAXIMUM TEMPERATURE (F)   74        84      2006
 MINIMUM TEMPERATURE (F)   41        32      2002


SUNRISE AND SUNSET
JULY 28 2015..........SUNRISE   604 AM MDT   SUNSET   852 PM MDT
JULY 29 2015..........SUNRISE   605 AM MDT   SUNSET   851 PM MDT


-  INDICATES NEGATIVE NUMBERS.
R  INDICATES RECORD WAS SET OR TIED.
MM INDICATES DATA IS MISSING.
T  INDICATES TRACE AMOUNT.




$$
