000
CDUS45 KRIW 010735
CLIP60


CLIMATE REPORT
NATIONAL WEATHER SERVICE RIVERTON WY
135 AM MDT TUE SEP 1 2015


...................................

...THE LAKE YELLOWSTONE WY CLIMATE SUMMARY FOR AUGUST 31 2015...

CLIMATE NORMAL PERIOD 1981 TO 2010
CLIMATE RECORD PERIOD 1998 TO 2015


WEATHER ITEM   OBSERVED TIME   RECORD YEAR NORMAL DEPARTURE LAST
                VALUE   (LST)  VALUE       VALUE  FROM      YEAR
                                                  NORMAL
..................................................................
TEMPERATURE (F)
 YESTERDAY
  MAXIMUM         65    229 PM  76    2013  69     -4       50
  MINIMUM         31    620 AM  25    2005  36     -5       38
  AVERAGE         48                        52     -4       44

PRECIPITATION (IN)
  YESTERDAY        0.00          0.26 2014   0.06  -0.06     0.26
  MONTH TO DATE    1.85                      1.52   0.33     4.29
  SINCE JUN 1      3.89                      4.99  -1.10     7.98
  SINCE JAN 1     11.63                     14.07  -2.44    23.12

DEGREE DAYS
 HEATING
  YESTERDAY       17                        13      4       21
  MONTH TO DATE  353                       304     49      397
  SINCE JUN 1   1011                      1080    -69     1248
  SINCE JUL 1    685                       587     98      662

 COOLING
  YESTERDAY        0                         0      0        0
  MONTH TO DATE    0                         0      0        0
  SINCE JUN 1      1                         0      1        0
  SINCE JAN 1      1                         0      1        0
..................................................................


WIND (MPH)
  HIGHEST WIND SPEED    13   HIGHEST WIND DIRECTION    SW (220)
  HIGHEST GUST SPEED    23   HIGHEST GUST DIRECTION    SW (210)
  AVERAGE WIND SPEED     4.1


SKY COVER
  POSSIBLE SUNSHINE  MM
  AVERAGE SKY COVER 0.0


WEATHER CONDITIONS
 THE FOLLOWING WEATHER WAS RECORDED YESTERDAY.
  NO SIGNIFICANT WEATHER WAS OBSERVED.


RELATIVE HUMIDITY (PERCENT)
 HIGHEST    78           500 AM
 LOWEST     23           300 PM
 AVERAGE    51

..........................................................


THE LAKE YELLOWSTONE WY CLIMATE NORMALS FOR TODAY
                         NORMAL    RECORD    YEAR
 MAXIMUM TEMPERATURE (F)   68        76      2013
 MINIMUM TEMPERATURE (F)   35        25      2006


SUNRISE AND SUNSET
SEPTEMBER  1 2015.....SUNRISE   644 AM MDT   SUNSET   758 PM MDT
SEPTEMBER  2 2015.....SUNRISE   645 AM MDT   SUNSET   757 PM MDT


-  INDICATES NEGATIVE NUMBERS.
R  INDICATES RECORD WAS SET OR TIED.
MM INDICATES DATA IS MISSING.
T  INDICATES TRACE AMOUNT.




$$
