000
CDUS45 KRIW 050748
CLIP60


CLIMATE REPORT
NATIONAL WEATHER SERVICE RIVERTON WY
1235 AM MST THU MAR 5 2015


...................................

...THE LAKE YELLOWSTONE WY CLIMATE SUMMARY FOR MARCH 4 2015...

CLIMATE NORMAL PERIOD 1981 TO 2010
CLIMATE RECORD PERIOD 1998 TO 2015


WEATHER ITEM   OBSERVED TIME   RECORD YEAR NORMAL DEPARTURE LAST
                VALUE   (LST)  VALUE       VALUE  FROM      YEAR
                                                  NORMAL
..................................................................
TEMPERATURE (F)
 YESTERDAY
  MAXIMUM         21    435 PM  40    2010  33    -12       37
  MINIMUM        -23R   714 AM -11    2013   6    -29        6
  AVERAGE         -1                        19    -20       22

PRECIPITATION (IN)
  YESTERDAY        0.00          0.49 2009   0.03  -0.03     0.07
  MONTH TO DATE    0.11                      0.12  -0.01     0.60
  SINCE MAR 1      0.11                      0.12  -0.01     0.60
  SINCE JAN 1      3.00                      3.64  -0.64     5.68

DEGREE DAYS
 HEATING
  YESTERDAY       66                        46     20       43
  MONTH TO DATE  248                       185     63      176
  SINCE MAR 1    248                       185     63      176
  SINCE JUL 1   7812                      8122   -310     8229

 COOLING
  YESTERDAY        0                         0      0        0
  MONTH TO DATE    0                         0      0        0
  SINCE MAR 1      0                         0      0        0
  SINCE JAN 1      0                         0      0        0
..................................................................


WIND (MPH)
  HIGHEST WIND SPEED    13   HIGHEST WIND DIRECTION     W (270)
  HIGHEST GUST SPEED    18   HIGHEST GUST DIRECTION     W (290)
  AVERAGE WIND SPEED     2.7


SKY COVER
  POSSIBLE SUNSHINE  MM
  AVERAGE SKY COVER 0.0


WEATHER CONDITIONS
 THE FOLLOWING WEATHER WAS RECORDED YESTERDAY.
  NO SIGNIFICANT WEATHER WAS OBSERVED.


RELATIVE HUMIDITY (PERCENT)
 HIGHEST    81           200 AM
 LOWEST     31           400 PM
 AVERAGE    56

..........................................................


THE LAKE YELLOWSTONE WY CLIMATE NORMALS FOR TODAY
                         NORMAL    RECORD    YEAR
 MAXIMUM TEMPERATURE (F)   33        40      2007
 MINIMUM TEMPERATURE (F)    6       -16      2013


SUNRISE AND SUNSET
MARCH  5 2015.........SUNRISE   652 AM MST   SUNSET   615 PM MST
MARCH  6 2015.........SUNRISE   651 AM MST   SUNSET   616 PM MST


-  INDICATES NEGATIVE NUMBERS.
R  INDICATES RECORD WAS SET OR TIED.
MM INDICATES DATA IS MISSING.
T  INDICATES TRACE AMOUNT.




$$
