000
CDUS45 KRIW 230049
CLIP60


CLIMATE REPORT
NATIONAL WEATHER SERVICE RIVERTON WY
546 PM MST MON DEC 22 2014


...................................

...THE LAKE YELLOWSTONE WY CLIMATE SUMMARY FOR DECEMBER 22 2014...
VALID TODAY AS OF 0500 PM LOCAL TIME.

CLIMATE NORMAL PERIOD 1981 TO 2010
CLIMATE RECORD PERIOD 1998 TO 2014


WEATHER ITEM   OBSERVED TIME   RECORD YEAR NORMAL DEPARTURE LAST
                VALUE   (LST)  VALUE       VALUE  FROM      YEAR
                                                  NORMAL
..................................................................
TEMPERATURE (F)
 TODAY
  MAXIMUM         23    100 AM  36    2005  24     -1       21
  MINIMUM         17        MM -30    1998   2     15       10
  AVERAGE         20

PRECIPITATION (IN)
  TODAY            0.21          0.26 2008   0.05   0.16     0.06
  MONTH TO DATE    1.46                      1.01   0.45     1.16
  SINCE DEC 1      1.46                      1.01   0.45     1.16
  SINCE JAN 1     30.26                     19.81  10.45    20.05

DEGREE DAYS
 HEATING
  TODAY           45                        52     -7       49
  MONTH TO DATE  898                      1121   -223     1267
  SINCE DEC 1    898                      1121   -223     1267
  SINCE JUL 1   4225                      4441   -216     4495

 COOLING
  TODAY            0                         0      0        0
  MONTH TO DATE    0                         0      0        0
  SINCE DEC 1      0                         0      0        0
  SINCE JAN 1      0                         0      0        0
..................................................................


WIND (MPH)
  HIGHEST WIND SPEED    12   HIGHEST WIND DIRECTION     W (270)
  HIGHEST GUST SPEED    24   HIGHEST GUST DIRECTION     W (270)
  AVERAGE WIND SPEED     5.8


SKY COVER
  POSSIBLE SUNSHINE  MM
  AVERAGE SKY COVER 0.0


WEATHER CONDITIONS
 THE FOLLOWING WEATHER WAS RECORDED TODAY.
  NO SIGNIFICANT WEATHER WAS OBSERVED.


RELATIVE HUMIDITY (PERCENT)
 HIGHEST    92           900 AM
 LOWEST     68           300 PM
 AVERAGE    80

..........................................................


THE LAKE YELLOWSTONE WY CLIMATE NORMALS FOR TOMORROW
                         NORMAL    RECORD    YEAR
 MAXIMUM TEMPERATURE (F)   24        34      2005
 MINIMUM TEMPERATURE (F)    2       -27      1998


SUNRISE AND SUNSET
DECEMBER 22 2014......SUNRISE   756 AM MST   SUNSET   445 PM MST
DECEMBER 23 2014......SUNRISE   756 AM MST   SUNSET   446 PM MST


-  INDICATES NEGATIVE NUMBERS.
R  INDICATES RECORD WAS SET OR TIED.
MM INDICATES DATA IS MISSING.
T  INDICATES TRACE AMOUNT.




$$
