799
CDUS45 KRIW 230729
CLIP60


CLIMATE REPORT
NATIONAL WEATHER SERVICE RIVERTON WY
128 AM MDT SUN APR 23 2017


...................................

...THE LAKE YELLOWSTONE WY CLIMATE SUMMARY FOR APRIL 22 2017...

CLIMATE NORMAL PERIOD 1981 TO 2010
CLIMATE RECORD PERIOD 1998 TO 2017


WEATHER ITEM   OBSERVED TIME   RECORD YEAR NORMAL DEPARTURE LAST
                VALUE   (LST)  VALUE       VALUE  FROM      YEAR
                                                  NORMAL
..................................................................
TEMPERATURE (F)
 YESTERDAY
  MAXIMUM         45    439 PM  61    2016  45      0       61
  MINIMUM         17    300 AM   5    2008  21     -4       28
  AVERAGE         31                        33     -2       45

PRECIPITATION (IN)
  YESTERDAY        0.00          0.30 2014   0.07  -0.07     0.00
  MONTH TO DATE    1.81                      1.48   0.33     0.80
  SINCE MAR 1      4.30                      2.69   1.61     3.05
  SINCE JAN 1     14.54                      6.21   8.33     5.70

DEGREE DAYS
 HEATING
  YESTERDAY       34                        32      2       20
  MONTH TO DATE  781                       768     13      661
  SINCE MAR 1   1883                      2070   -187     1970
  SINCE JUL 1   9941                     10007    -66     9754

 COOLING
  YESTERDAY        0                         0      0        0
  MONTH TO DATE    0                         0      0        0
  SINCE MAR 1      0                         0      0        0
  SINCE JAN 1      0                         0      0        0
..................................................................


WIND (MPH)
  HIGHEST WIND SPEED    10   HIGHEST WIND DIRECTION     W (270)
  HIGHEST GUST SPEED    19   HIGHEST GUST DIRECTION    SW (220)
  AVERAGE WIND SPEED     2.9


SKY COVER
  POSSIBLE SUNSHINE  MM
  AVERAGE SKY COVER 0.0


WEATHER CONDITIONS
 THE FOLLOWING WEATHER WAS RECORDED YESTERDAY.
  NO SIGNIFICANT WEATHER WAS OBSERVED.


RELATIVE HUMIDITY (PERCENT)
 HIGHEST   100           500 AM
 LOWEST     36           100 PM
 AVERAGE    68

..........................................................


THE LAKE YELLOWSTONE WY CLIMATE NORMALS FOR TODAY
                         NORMAL    RECORD    YEAR
 MAXIMUM TEMPERATURE (F)   45        51      2009
 MINIMUM TEMPERATURE (F)   22       -11      2013


SUNRISE AND SUNSET
APRIL 23 2017.........SUNRISE   624 AM MDT   SUNSET   817 PM MDT
APRIL 24 2017.........SUNRISE   622 AM MDT   SUNSET   818 PM MDT


-  INDICATES NEGATIVE NUMBERS.
R  INDICATES RECORD WAS SET OR TIED.
MM INDICATES DATA IS MISSING.
T  INDICATES TRACE AMOUNT.




$$
