000
CDUS45 KRIW 230735
CLIP60


CLIMATE REPORT
NATIONAL WEATHER SERVICE RIVERTON WY
127 AM MDT SAT AUG 23 2014


...................................

...THE LAKE YELLOWSTONE WY CLIMATE SUMMARY FOR AUGUST 22 2014...

CLIMATE NORMAL PERIOD 1981 TO 2010
CLIMATE RECORD PERIOD 1998 TO 2014


WEATHER ITEM   OBSERVED TIME   RECORD YEAR NORMAL DEPARTURE LAST
                VALUE   (LST)  VALUE       VALUE  FROM      YEAR
                                                  NORMAL
..................................................................
TEMPERATURE (F)
 YESTERDAY
  MAXIMUM         52    258 PM  83    2009  71    -19       71
  MINIMUM         43    615 AM  27    2008  38      5       44
  AVERAGE         48                        54     -6       58

PRECIPITATION (IN)
  YESTERDAY        0.09          0.34 2004   0.05   0.04     0.00
  MONTH TO DATE    2.48                      1.02   1.46     0.68
  SINCE JUN 1      6.17                      4.49   1.68     3.04
  SINCE JAN 1     21.31                     13.57   7.74    12.03

DEGREE DAYS
 HEATING
  YESTERDAY       17                        11      6        7
  MONTH TO DATE  239                       197     42      162
  SINCE JUN 1   1090                       973    117      793
  SINCE JUL 1    504                       480     24      360

 COOLING
  YESTERDAY        0                         0      0        0
  MONTH TO DATE    0                         0      0        0
  SINCE JUN 1      0                         0      0        0
  SINCE JAN 1      0                         0      0        0
..................................................................


WIND (MPH)
  HIGHEST WIND SPEED     6   HIGHEST WIND DIRECTION     W (250)
  HIGHEST GUST SPEED    11   HIGHEST GUST DIRECTION    SW (230)
  AVERAGE WIND SPEED     1.5


SKY COVER
  POSSIBLE SUNSHINE  MM
  AVERAGE SKY COVER 0.0


WEATHER CONDITIONS
 THE FOLLOWING WEATHER WAS RECORDED YESTERDAY.
  NO SIGNIFICANT WEATHER WAS OBSERVED.


RELATIVE HUMIDITY (PERCENT)
 HIGHEST   100           100 AM
 LOWEST     66           500 PM
 AVERAGE    83

..........................................................


THE LAKE YELLOWSTONE WY CLIMATE NORMALS FOR TODAY
                         NORMAL    RECORD    YEAR
 MAXIMUM TEMPERATURE (F)   71        79      2006
 MINIMUM TEMPERATURE (F)   37        28      2008


SUNRISE AND SUNSET
AUGUST 23 2014........SUNRISE   634 AM MDT   SUNSET   814 PM MDT
AUGUST 24 2014........SUNRISE   635 AM MDT   SUNSET   812 PM MDT


-  INDICATES NEGATIVE NUMBERS.
R  INDICATES RECORD WAS SET OR TIED.
MM INDICATES DATA IS MISSING.
T  INDICATES TRACE AMOUNT.




$$
