000
CDUS45 KLKN 160929
CLIP68


CLIMATE REPORT
NATIONAL WEATHER SERVICE ELKO NV
129 AM PST SAT DEC 16 2017


...................................

...THE EUREKA AIRPORT NV CLIMATE SUMMARY FOR DECEMBER 15 2017...

CLIMATE NORMAL PERIOD 1981 TO 2010
CLIMATE RECORD PERIOD 1963 TO 2017


WEATHER ITEM   OBSERVED TIME   RECORD YEAR NORMAL DEPARTURE LAST
                VALUE   (LST)  VALUE       VALUE  FROM      YEAR
                                                  NORMAL
..................................................................
TEMPERATURE (F)
 YESTERDAY
  MAXIMUM         51    147 PM  54    2016  38     13       54
                                      1981
  MINIMUM         13    638 AM -12    1967  11      2       31
  AVERAGE         32                        24      8       43

PRECIPITATION (IN)
  YESTERDAY        0.00          0.06 2010   0.02  -0.02     0.00
  MONTH TO DATE    0.03                      0.28  -0.25     0.55
  SINCE OCT 1      1.09                      1.80  -0.71     1.66
  SINCE JAN 1     10.13                      8.67   1.46    10.57

DEGREE DAYS
 HEATING
  YESTERDAY       33                        41     -8       22
  MONTH TO DATE  555                       582    -27      539
  SINCE DEC 1    555                       582    -27      539
  SINCE JUL 1   2139                      2341   -202     1952

 COOLING
  YESTERDAY        0                         0      0        0
  MONTH TO DATE    0                         0      0        0
  SINCE DEC 1      0                         0      0        0
  SINCE JAN 1    570                       288    282      424
..................................................................


WIND (MPH)
  HIGHEST WIND SPEED    15   HIGHEST WIND DIRECTION     S (200)
  HIGHEST GUST SPEED    18   HIGHEST GUST DIRECTION    SW (210)
  AVERAGE WIND SPEED     6.5




RELATIVE HUMIDITY (PERCENT)
 HIGHEST    80          1200 AM
 LOWEST     19           100 PM
 AVERAGE    50

..........................................................


THE EUREKA AIRPORT NV CLIMATE NORMALS FOR TODAY
                         NORMAL    RECORD    YEAR
 MAXIMUM TEMPERATURE (F)   38        57      1979
 MINIMUM TEMPERATURE (F)   11        -7      1985


SUNRISE AND SUNSET
DECEMBER 16 2017......SUNRISE   658 AM PST   SUNSET   421 PM PST
DECEMBER 17 2017......SUNRISE   659 AM PST   SUNSET   422 PM PST


-  INDICATES NEGATIVE NUMBERS.
R  INDICATES RECORD WAS SET OR TIED.
MM INDICATES DATA IS MISSING.
T  INDICATES TRACE AMOUNT.




$$
