000
CDUS45 KLKN 180945
CLIP68


CLIMATE REPORT
NATIONAL WEATHER SERVICE ELKO NV
135 AM PST WED JAN 18 2017


...................................

...THE EUREKA AIRPORT NV CLIMATE SUMMARY FOR JANUARY 17 2017...

CLIMATE NORMAL PERIOD 1981 TO 2010
CLIMATE RECORD PERIOD 1963 TO 2017


WEATHER ITEM   OBSERVED TIME   RECORD YEAR NORMAL DEPARTURE LAST
                VALUE   (LST)  VALUE       VALUE  FROM      YEAR
                                                  NORMAL
..................................................................
TEMPERATURE (F)
 YESTERDAY
  MAXIMUM         28    241 PM  58    2011  37     -9       41
  MINIMUM          5    720 AM -19    1987  10     -5       11
  AVERAGE         17                        24     -7       26

PRECIPITATION (IN)
  YESTERDAY        0.00          0.26 1983   0.02  -0.02     0.00
  MONTH TO DATE    1.90                      0.40   1.50     0.56
  SINCE OCT 1      3.99                      2.53   1.46     4.83
  SINCE JAN 1      1.90                      0.40   1.50     0.56

DEGREE DAYS
 HEATING
  YESTERDAY       48                        41      7       39
  MONTH TO DATE  726                       712     14      750
  SINCE DEC 1   1951                      1959     -8     1976
  SINCE JUL 1   3364                      3718   -354     3462

 COOLING
  YESTERDAY        0                         0      0        0
  MONTH TO DATE    0                         0      0        0
  SINCE DEC 1      0                         0      0        0
  SINCE JAN 1      0                         0      0        0
..................................................................


WIND (MPH)
  HIGHEST WIND SPEED    10   HIGHEST WIND DIRECTION     E (70)
  HIGHEST GUST SPEED    11   HIGHEST GUST DIRECTION     E (70)
  AVERAGE WIND SPEED     2.7




RELATIVE HUMIDITY (PERCENT)
 HIGHEST    92          1000 AM
 LOWEST     63           300 PM
 AVERAGE    78

..........................................................


THE EUREKA AIRPORT NV CLIMATE NORMALS FOR TODAY
                         NORMAL    RECORD    YEAR
 MAXIMUM TEMPERATURE (F)   37        57      2000
                                             1994
 MINIMUM TEMPERATURE (F)   10       -17      1984


SUNRISE AND SUNSET
JANUARY 18 2017.......SUNRISE   701 AM PST   SUNSET   448 PM PST
JANUARY 19 2017.......SUNRISE   700 AM PST   SUNSET   449 PM PST


-  INDICATES NEGATIVE NUMBERS.
R  INDICATES RECORD WAS SET OR TIED.
MM INDICATES DATA IS MISSING.
T  INDICATES TRACE AMOUNT.




$$
