000
CDUS45 KLKN 270926
CLIP68


CLIMATE REPORT
NATIONAL WEATHER SERVICE ELKO NV
226 AM PDT FRI MAY 27 2016


...................................

...THE EUREKA AIRPORT NV CLIMATE SUMMARY FOR MAY 26 2016...

CLIMATE NORMAL PERIOD 1981 TO 2010
CLIMATE RECORD PERIOD 1963 TO 2016


WEATHER ITEM   OBSERVED TIME   RECORD YEAR NORMAL DEPARTURE LAST
                VALUE   (LST)  VALUE       VALUE  FROM      YEAR
                                                  NORMAL
..................................................................
TEMPERATURE (F)
 YESTERDAY
  MAXIMUM         60    319 PM  88    1986  73    -13       70
  MINIMUM         40   1128 PM  22    1989  36      4       42
  AVERAGE         50                        54     -4       56

PRECIPITATION (IN)
  YESTERDAY        0.18          0.28 1987   0.02   0.16     0.03
  MONTH TO DATE    1.88                      0.62   1.26     1.85
  SINCE OCT 1     11.58                      6.25   5.33     4.22
  SINCE JAN 1      7.31                      4.12   3.19     3.10

DEGREE DAYS
 HEATING
  YESTERDAY       15                        11      4        9
  MONTH TO DATE  371                       361     10      366
  SINCE MAR 1   1675                      1880   -205     1646
  SINCE JUL 1   6778                      7165   -387     5689

 COOLING
  YESTERDAY        0                         0      0        0
  MONTH TO DATE    0                         0      0        0
  SINCE MAR 1      0                         0      0        0
  SINCE JAN 1      0                         0      0        0
..................................................................


WIND (MPH)
  HIGHEST WIND SPEED    20   HIGHEST WIND DIRECTION     W (290)
  HIGHEST GUST SPEED    24   HIGHEST GUST DIRECTION     W (290)
  AVERAGE WIND SPEED     4.6




RELATIVE HUMIDITY (PERCENT)
 HIGHEST    93           200 AM
 LOWEST     40           200 PM
 AVERAGE    67

..........................................................


THE EUREKA AIRPORT NV CLIMATE NORMALS FOR TODAY
                         NORMAL    RECORD    YEAR
 MAXIMUM TEMPERATURE (F)   73        90      2014
                                             2003
 MINIMUM TEMPERATURE (F)   36        24      1980


SUNRISE AND SUNSET
MAY 27 2016...........SUNRISE   521 AM PDT   SUNSET   802 PM PDT
MAY 28 2016...........SUNRISE   520 AM PDT   SUNSET   803 PM PDT


-  INDICATES NEGATIVE NUMBERS.
R  INDICATES RECORD WAS SET OR TIED.
MM INDICATES DATA IS MISSING.
T  INDICATES TRACE AMOUNT.




$$
