000
CDUS45 KLKN 160931
CLIP68


CLIMATE REPORT
NATIONAL WEATHER SERVICE ELKO NV
231 AM PDT TUE SEP 16 2014


...................................

...THE EUREKA AIRPORT NV CLIMATE SUMMARY FOR SEPTEMBER 15 2014...

CLIMATE NORMAL PERIOD 1981 TO 2010
CLIMATE RECORD PERIOD 1963 TO 2014


WEATHER ITEM   OBSERVED TIME   RECORD YEAR NORMAL DEPARTURE LAST
                VALUE   (LST)  VALUE       VALUE  FROM      YEAR
                                                  NORMAL
..................................................................
TEMPERATURE (F)
 YESTERDAY
  MAXIMUM         87    320 PM  90    2000  78      9       81
  MINIMUM         47    313 AM  21    1970  39      8       46
  AVERAGE         67                        58      9       64

PRECIPITATION (IN)
  YESTERDAY        0.00          0.40 1982   0.02  -0.02     0.00
  MONTH TO DATE    0.00                      0.29  -0.29     1.02
  SINCE OCT 1      9.21                      8.71   0.50     7.41
  SINCE JAN 1      6.81                      6.58   0.23     5.97

DEGREE DAYS
 HEATING
  YESTERDAY        0                         7     -7        1
  MONTH TO DATE   22                        70    -48       26
  SINCE SEP 1     22                        70    -48       26
  SINCE JUL 1     47                       117    -70       27

 COOLING
  YESTERDAY        2                         0      2        0
  MONTH TO DATE   17                         9      8       36
  SINCE SEP 1     17                         9      8       36
  SINCE JAN 1    416                       286    130      577
..................................................................


WIND (MPH)
  HIGHEST WIND SPEED    23   HIGHEST WIND DIRECTION     S (180)
  HIGHEST GUST SPEED    31   HIGHEST GUST DIRECTION     S (170)
  AVERAGE WIND SPEED     4.9




RELATIVE HUMIDITY (PERCENT)
 HIGHEST    42           100 AM
 LOWEST     13           200 PM
 AVERAGE    28

..........................................................


THE EUREKA AIRPORT NV CLIMATE NORMALS FOR TODAY
                         NORMAL    RECORD    YEAR
 MAXIMUM TEMPERATURE (F)   78        91      2000
 MINIMUM TEMPERATURE (F)   39        21      1970


SUNRISE AND SUNSET
SEPTEMBER 16 2014.....SUNRISE   626 AM PDT   SUNSET   651 PM PDT
SEPTEMBER 17 2014.....SUNRISE   627 AM PDT   SUNSET   649 PM PDT


-  INDICATES NEGATIVE NUMBERS.
R  INDICATES RECORD WAS SET OR TIED.
MM INDICATES DATA IS MISSING.
T  INDICATES TRACE AMOUNT.




$$
