000
CDUS45 KLKN 310926
CLIP68


CLIMATE REPORT
NATIONAL WEATHER SERVICE ELKO NV
226 AM PDT THU JUL 31 2014


...................................

...THE EUREKA AIRPORT NV CLIMATE SUMMARY FOR JULY 30 2014...

CLIMATE NORMAL PERIOD 1981 TO 2010
CLIMATE RECORD PERIOD 1963 TO 2014


WEATHER ITEM   OBSERVED TIME   RECORD YEAR NORMAL DEPARTURE LAST
                VALUE   (LST)  VALUE       VALUE  FROM      YEAR
                                                  NORMAL
..................................................................
TEMPERATURE (F)
 YESTERDAY
  MAXIMUM         88    217 PM 101    2000  90     -2       88
  MINIMUM         50    501 AM  36    1995  50      0       51
  AVERAGE         69                        70     -1       70

PRECIPITATION (IN)
  YESTERDAY        0.00          0.38 1984   0.03  -0.03     0.00
  MONTH TO DATE    0.30                      0.61  -0.31     1.68
  SINCE OCT 1      7.37                      7.82  -0.45     6.25
  SINCE JAN 1      4.97                      5.69  -0.72     4.81

DEGREE DAYS
 HEATING
  YESTERDAY        0                         0      0        0
  MONTH TO DATE    0                         8     -8        1
  SINCE JUN 1    103                       168    -65       81
  SINCE JUL 1      0                         8     -8        1

 COOLING
  YESTERDAY        4                         5     -1        5
  MONTH TO DATE  254                       137    117      266
  SINCE JUN 1    295                       166    129      358
  SINCE JAN 1    297                       169    128      359
..................................................................


WIND (MPH)
  HIGHEST WIND SPEED    16   HIGHEST WIND DIRECTION     N (10)
  HIGHEST GUST SPEED    20   HIGHEST GUST DIRECTION     N (10)
  AVERAGE WIND SPEED     6.8




RELATIVE HUMIDITY (PERCENT)
 HIGHEST    86          1200 AM
 LOWEST     16           400 PM
 AVERAGE    51

..........................................................


THE EUREKA AIRPORT NV CLIMATE NORMALS FOR TODAY
                         NORMAL    RECORD    YEAR
 MAXIMUM TEMPERATURE (F)   90        99      2000
 MINIMUM TEMPERATURE (F)   50        32      1985


SUNRISE AND SUNSET
JULY 31 2014..........SUNRISE   543 AM PDT   SUNSET   757 PM PDT
AUGUST  1 2014........SUNRISE   544 AM PDT   SUNSET   756 PM PDT


-  INDICATES NEGATIVE NUMBERS.
R  INDICATES RECORD WAS SET OR TIED.
MM INDICATES DATA IS MISSING.
T  INDICATES TRACE AMOUNT.




$$
