000
CDUS45 KLKN 190929
CLIP68


CLIMATE REPORT
NATIONAL WEATHER SERVICE ELKO NV
226 AM PDT SAT AUG 19 2017


...................................

...THE EUREKA AIRPORT NV CLIMATE SUMMARY FOR AUGUST 18 2017...

CLIMATE NORMAL PERIOD 1981 TO 2010
CLIMATE RECORD PERIOD 1963 TO 2017


WEATHER ITEM   OBSERVED TIME   RECORD YEAR NORMAL DEPARTURE LAST
                VALUE   (LST)  VALUE       VALUE  FROM      YEAR
                                                  NORMAL
..................................................................
TEMPERATURE (F)
 YESTERDAY
  MAXIMUM         92    250 PM  97    2001  87      5       93
  MINIMUM         48    330 AM  35    1995  47      1       49
  AVERAGE         70                        67      3       71

PRECIPITATION (IN)
  YESTERDAY        0.00          0.37 1979   0.02  -0.02     0.00
  MONTH TO DATE    0.45                      0.34   0.11     0.00
  SINCE OCT 1      9.97                      8.18   1.79    12.11
  SINCE JAN 1      7.88                      6.05   1.83     7.84

DEGREE DAYS
 HEATING
  YESTERDAY        0                         1     -1        0
  MONTH TO DATE    4                        11     -7        1
  SINCE JUN 1     78                       184   -106       68
  SINCE JUL 1      4                        24    -20       14

 COOLING
  YESTERDAY        5                         3      2        6
  MONTH TO DATE  108                        75     33       87
  SINCE JUN 1    440                       247    193      377
  SINCE JAN 1    440                       250    190      377
..................................................................


WIND (MPH)
  HIGHEST WIND SPEED    15   HIGHEST WIND DIRECTION     N (360)
  HIGHEST GUST SPEED    20   HIGHEST GUST DIRECTION     S (200)
  AVERAGE WIND SPEED     6.2




RELATIVE HUMIDITY (PERCENT)
 HIGHEST    44           200 AM
 LOWEST     12           300 PM
 AVERAGE    28

..........................................................


THE EUREKA AIRPORT NV CLIMATE NORMALS FOR TODAY
                         NORMAL    RECORD    YEAR
 MAXIMUM TEMPERATURE (F)   87        95      2011
 MINIMUM TEMPERATURE (F)   47        36      1985
                                             1980


SUNRISE AND SUNSET
AUGUST 19 2017........SUNRISE   600 AM PDT   SUNSET   734 PM PDT
AUGUST 20 2017........SUNRISE   601 AM PDT   SUNSET   732 PM PDT


-  INDICATES NEGATIVE NUMBERS.
R  INDICATES RECORD WAS SET OR TIED.
MM INDICATES DATA IS MISSING.
T  INDICATES TRACE AMOUNT.




$$
