000
CDUS45 KLKN 250036
CLIP68


CLIMATE REPORT
NATIONAL WEATHER SERVICE ELKO NV
436 PM PST WED DEC 24 2014


...................................

...THE EUREKA AIRPORT NV CLIMATE SUMMARY FOR DECEMBER 24 2014...
VALID TODAY AS OF 0400 PM LOCAL TIME.

CLIMATE NORMAL PERIOD 1981 TO 2010
CLIMATE RECORD PERIOD 1963 TO 2014


WEATHER ITEM   OBSERVED TIME   RECORD YEAR NORMAL DEPARTURE LAST
                VALUE   (LST)  VALUE       VALUE  FROM      YEAR
                                                  NORMAL
..................................................................
TEMPERATURE (F)
 TODAY
  MAXIMUM         42    347 PM  52    1980  37      5       42
  MINIMUM         26    517 AM -28    1990  10     16       14
  AVERAGE         34                        23     11       28

PRECIPITATION (IN)
  TODAY            0.00          0.34 2012   0.02  -0.02     0.00
  MONTH TO DATE    0.62                      0.47   0.15     1.07
  SINCE OCT 1      0.95                      1.99  -1.04     2.40
  SINCE JAN 1      8.89                      8.86   0.03     8.54

DEGREE DAYS
 HEATING
  TODAY           31                        42    -11       37
  MONTH TO DATE  680                       955   -275     1068
  SINCE DEC 1    680                       955   -275     1068
  SINCE JUL 1   2020                      2714   -694     2679

 COOLING
  TODAY            0                         0      0        0
  MONTH TO DATE    0                         0      0        0
  SINCE DEC 1      0                         0      0        0
  SINCE JAN 1    436                       288    148      585
..................................................................


WIND (MPH)
  HIGHEST WIND SPEED    13   HIGHEST WIND DIRECTION    SW (210)
  HIGHEST GUST SPEED    14   HIGHEST GUST DIRECTION     S (200)




RELATIVE HUMIDITY (PERCENT)
 HIGHEST    81          1200 AM
 LOWEST     59           100 PM
 AVERAGE    70

..........................................................


THE EUREKA AIRPORT NV CLIMATE NORMALS FOR TOMORROW
                         NORMAL    RECORD    YEAR
 MAXIMUM TEMPERATURE (F)   37        53      2011
                                             2005
 MINIMUM TEMPERATURE (F)   10       -16      1992


SUNRISE AND SUNSET
DECEMBER 24 2014......SUNRISE   702 AM PST   SUNSET   425 PM PST
DECEMBER 25 2014......SUNRISE   702 AM PST   SUNSET   426 PM PST


-  INDICATES NEGATIVE NUMBERS.
R  INDICATES RECORD WAS SET OR TIED.
MM INDICATES DATA IS MISSING.
T  INDICATES TRACE AMOUNT.




$$
