000
CDUS45 KLKN 270931
CLIP68


CLIMATE REPORT
NATIONAL WEATHER SERVICE ELKO NV
227 AM PDT THU APR 27 2017


...................................

...THE EUREKA AIRPORT NV CLIMATE SUMMARY FOR APRIL 26 2017...

CLIMATE NORMAL PERIOD 1981 TO 2010
CLIMATE RECORD PERIOD 1963 TO 2017


WEATHER ITEM   OBSERVED TIME   RECORD YEAR NORMAL DEPARTURE LAST
                VALUE   (LST)  VALUE       VALUE  FROM      YEAR
                                                  NORMAL
..................................................................
TEMPERATURE (F)
 YESTERDAY
  MAXIMUM         58    219 PM  79    2000  62     -4       50
  MINIMUM         38    317 AM  11    1985  30      8       32
  AVERAGE         48                        46      2       41

PRECIPITATION (IN)
  YESTERDAY        0.18          0.29 2002   0.03   0.15     0.00
  MONTH TO DATE    2.03                      0.83   1.20     1.29
  SINCE OCT 1      8.49                      5.49   3.00     8.86
  SINCE JAN 1      6.40                      3.36   3.04     4.59

DEGREE DAYS
 HEATING
  YESTERDAY       17                        19     -2       24
  MONTH TO DATE  549                       576    -27      463
  SINCE MAR 1   1234                      1447   -213     1212
  SINCE JUL 1   6094                      6732   -638     6315

 COOLING
  YESTERDAY        0                         0      0        0
  MONTH TO DATE    0                         0      0        0
  SINCE MAR 1      0                         0      0        0
  SINCE JAN 1      0                         0      0        0
..................................................................


WIND (MPH)
  HIGHEST WIND SPEED    33   HIGHEST WIND DIRECTION     W (290)
  HIGHEST GUST SPEED    43   HIGHEST GUST DIRECTION     W (290)
  AVERAGE WIND SPEED    10.7




RELATIVE HUMIDITY (PERCENT)
 HIGHEST    83           700 PM
 LOWEST     51          1200 PM
 AVERAGE    67

..........................................................


THE EUREKA AIRPORT NV CLIMATE NORMALS FOR TODAY
                         NORMAL    RECORD    YEAR
 MAXIMUM TEMPERATURE (F)   63        83      2000
 MINIMUM TEMPERATURE (F)   30         6      1966


SUNRISE AND SUNSET
APRIL 27 2017.........SUNRISE   550 AM PDT   SUNSET   734 PM PDT
APRIL 28 2017.........SUNRISE   548 AM PDT   SUNSET   735 PM PDT


-  INDICATES NEGATIVE NUMBERS.
R  INDICATES RECORD WAS SET OR TIED.
MM INDICATES DATA IS MISSING.
T  INDICATES TRACE AMOUNT.




$$
