000
CDUS45 KLKN 190930
CLIP68


CLIMATE REPORT
NATIONAL WEATHER SERVICE ELKO NV
227 AM PDT SAT APR 19 2014


...................................

...THE EUREKA AIRPORT NV CLIMATE SUMMARY FOR APRIL 18 2014...

CLIMATE NORMAL PERIOD 1981 TO 2010
CLIMATE RECORD PERIOD 1963 TO 2014


WEATHER ITEM   OBSERVED TIME   RECORD YEAR NORMAL DEPARTURE LAST
                VALUE   (LST)  VALUE       VALUE  FROM      YEAR
                                                  NORMAL
..................................................................
TEMPERATURE (F)
 YESTERDAY
  MAXIMUM         68    144 PM  79    1994  59      9       53
                                      1989
  MINIMUM         42   1130 PM   9    1968  28     14       14
  AVERAGE         55                        44     11       34

PRECIPITATION (IN)
  YESTERDAY        0.00          0.23 1964   0.03  -0.03     0.00
  MONTH TO DATE    0.13                      0.56  -0.43     0.41
  SINCE OCT 1      4.87                      5.22  -0.35     3.92
  SINCE JAN 1      2.47                      3.09  -0.62     2.48

DEGREE DAYS
 HEATING
  YESTERDAY       10                        21    -11       31
  MONTH TO DATE  351                       417    -66      399
  SINCE MAR 1   1129                      1288   -159     1118
  SINCE JUL 1   5933                      6573   -640     6206

 COOLING
  YESTERDAY        0                         0      0        0
  MONTH TO DATE    0                         0      0        0
  SINCE MAR 1      0                         0      0        0
  SINCE JAN 1      0                         0      0        0
..................................................................


WIND (MPH)
  HIGHEST WIND SPEED    23   HIGHEST WIND DIRECTION     S (160)
  HIGHEST GUST SPEED    27   HIGHEST GUST DIRECTION     S (160)
  AVERAGE WIND SPEED     6.4




RELATIVE HUMIDITY (PERCENT)
 HIGHEST    70          1100 PM
 LOWEST     28          1200 AM
 AVERAGE    49

..........................................................


THE EUREKA AIRPORT NV CLIMATE NORMALS FOR TODAY
                         NORMAL    RECORD    YEAR
 MAXIMUM TEMPERATURE (F)   60        79      1989
 MINIMUM TEMPERATURE (F)   29        12      2007
                                             1987


SUNRISE AND SUNSET
APRIL 19 2014.........SUNRISE   601 AM PDT   SUNSET   726 PM PDT
APRIL 20 2014.........SUNRISE   559 AM PDT   SUNSET   727 PM PDT


-  INDICATES NEGATIVE NUMBERS.
R  INDICATES RECORD WAS SET OR TIED.
MM INDICATES DATA IS MISSING.
T  INDICATES TRACE AMOUNT.




$$
