000
CDUS45 KLKN 290033
CLIP68


CLIMATE REPORT
NATIONAL WEATHER SERVICE ELKO NV
532 PM PDT WED JUN 28 2017


...................................

...THE EUREKA AIRPORT NV CLIMATE SUMMARY FOR JUNE 28 2017...
VALID TODAY AS OF 0500 PM LOCAL TIME.

CLIMATE NORMAL PERIOD 1981 TO 2010
CLIMATE RECORD PERIOD 1963 TO 2017


WEATHER ITEM   OBSERVED TIME   RECORD YEAR NORMAL DEPARTURE LAST
                VALUE   (LST)  VALUE       VALUE  FROM      YEAR
                                                  NORMAL
..................................................................
TEMPERATURE (F)
 TODAY
  MAXIMUM         86    230 PM 101    2015  85      1       97
  MINIMUM         48    110 AM  30    1996  45      3       53
  AVERAGE         67                        65      2       75

PRECIPITATION (IN)
  TODAY            0.00          0.15 1984   0.01  -0.01     0.00
  MONTH TO DATE    0.30                      0.82  -0.52     0.54
  SINCE OCT 1      9.26                      7.18   2.08    12.05
  SINCE JAN 1      7.17                      5.05   2.12     7.78

DEGREE DAYS
 HEATING
  TODAY            0                         2     -2        0
  MONTH TO DATE   73                       156    -83       54
  SINCE JUN 1     73                       156    -83       54
  SINCE JUL 1   6622                      7372   -750     6875

 COOLING
  TODAY            2                         2      0       10
  MONTH TO DATE   76                        25     51       75
  SINCE JUN 1     76                        25     51       75
  SINCE JAN 1     76                        28     48       75
..................................................................


WIND (MPH)
  HIGHEST WIND SPEED    22   HIGHEST WIND DIRECTION     W (290)
  HIGHEST GUST SPEED    28   HIGHEST GUST DIRECTION     W (290)




RELATIVE HUMIDITY (PERCENT)
 HIGHEST    30          1200 AM
 LOWEST     10          1200 PM
 AVERAGE    20

..........................................................


THE EUREKA AIRPORT NV CLIMATE NORMALS FOR TOMORROW
                         NORMAL    RECORD    YEAR
 MAXIMUM TEMPERATURE (F)   85       101      2013
 MINIMUM TEMPERATURE (F)   46        29      1963


SUNRISE AND SUNSET
JUNE 28 2017..........SUNRISE   519 AM PDT   SUNSET   815 PM PDT
JUNE 29 2017..........SUNRISE   520 AM PDT   SUNSET   815 PM PDT


-  INDICATES NEGATIVE NUMBERS.
R  INDICATES RECORD WAS SET OR TIED.
MM INDICATES DATA IS MISSING.
T  INDICATES TRACE AMOUNT.




$$
