000
CDUS43 KPAH 290651
CLIPAH


CLIMATE REPORT
NATIONAL WEATHER SERVICE PADUCAH KY
148 AM CDT WED MAR 29 2017


...................................

...THE PADUCAH KY CLIMATE SUMMARY FOR MARCH 28 2017...

CLIMATE NORMAL PERIOD 1981 TO 2010
CLIMATE RECORD PERIOD 1937 TO 2017


WEATHER ITEM   OBSERVED TIME   RECORD YEAR NORMAL DEPARTURE LAST
                VALUE   (LST)  VALUE       VALUE  FROM      YEAR
                                                  NORMAL
..................................................................
TEMPERATURE (F)
 YESTERDAY
  MAXIMUM         65    137 PM  82    2012  63      2       63
                                      1945
  MINIMUM         50   1141 PM  20    1947  41      9       38
  AVERAGE         58                        52      6       51

PRECIPITATION (IN)
  YESTERDAY        0.00          3.04 1975   0.14  -0.14     0.00
  MONTH TO DATE    4.23                      3.49   0.74     6.35
  SINCE MAR 1      4.23                      3.49   0.74     6.35
  SINCE JAN 1      9.06                     11.08  -2.02    11.81

SNOWFALL (IN)
  YESTERDAY        0.0           T    1970   0.0    0.0      0.0
  MONTH TO DATE    1.0                       0.6    0.4       T
  SINCE MAR 1      1.0                       0.6    0.4       T
  SINCE JUL 1      1.2                       9.1   -7.9     12.1
  SNOW DEPTH       0

DEGREE DAYS
 HEATING
  YESTERDAY        7                        13     -6       14
  MONTH TO DATE  422                       485    -63      339
  SINCE MAR 1    422                       485    -63      339
  SINCE JUL 1   2901                      3781   -880     3001

 COOLING
  YESTERDAY        0                         0      0        0
  MONTH TO DATE    1                         0      1        1
  SINCE MAR 1      1                         0      1        1
  SINCE JAN 1      1                         0      1        1
..................................................................


WIND (MPH)
  HIGHEST WIND SPEED    13   HIGHEST WIND DIRECTION     N (360)
  HIGHEST GUST SPEED    15   HIGHEST GUST DIRECTION     N (350)
  AVERAGE WIND SPEED     6.2


SKY COVER
  POSSIBLE SUNSHINE  MM
  AVERAGE SKY COVER 0.9


WEATHER CONDITIONS
 THE FOLLOWING WEATHER WAS RECORDED YESTERDAY.
  NO SIGNIFICANT WEATHER WAS OBSERVED.


RELATIVE HUMIDITY (PERCENT)
 HIGHEST    93          1200 AM
 LOWEST     67           100 PM
 AVERAGE    80

..........................................................


THE PADUCAH KY CLIMATE NORMALS FOR TODAY
                         NORMAL    RECORD    YEAR
 MAXIMUM TEMPERATURE (F)   64        83      2007
 MINIMUM TEMPERATURE (F)   41        20      1947


SUNRISE AND SUNSET
MARCH 29 2017.........SUNRISE   645 AM CDT   SUNSET   715 PM CDT
MARCH 30 2017.........SUNRISE   643 AM CDT   SUNSET   716 PM CDT


-  INDICATES NEGATIVE NUMBERS.
R  INDICATES RECORD WAS SET OR TIED.
MM INDICATES DATA IS MISSING.
T  INDICATES TRACE AMOUNT.


&&
..........................................................
***** AGRICULTURAL DATA *****

SOIL TEMPERATURES AT A DEPTH OF FOUR INCHES

UNDER GRASS...  MAX: 56    MIN: 55

$$
