000
CDUS44 KLZK 200910
CLIPBF


CLIMATE REPORT
NATIONAL WEATHER SERVICE LITTLE ROCK AR
410 AM CDT WED AUG 20 2014


...................................

...THE PINE BLUFF CLIMATE SUMMARY FOR AUGUST 19 2014...

CLIMATE NORMAL PERIOD 1981 TO 2010
CLIMATE RECORD PERIOD 1883 TO 2014


WEATHER ITEM   OBSERVED TIME   RECORD YEAR NORMAL DEPARTURE LAST
                VALUE   (LST)  VALUE       VALUE  FROM      YEAR
                                                  NORMAL
..................................................................
TEMPERATURE (F)
 YESTERDAY
  MAXIMUM         93    414 PM 107    1925  92      1       88
  MINIMUM         69    556 AM  62    1976  71     -2       66
  AVERAGE         81                        81      0       77

PRECIPITATION (IN)
  YESTERDAY        0.00          3.10 1905   0.08  -0.08     0.00
  MONTH TO DATE    1.91                      1.65   0.26     2.96
  SINCE JUN 1      7.29                      9.16  -1.87     6.19
  SINCE JAN 1     29.56                     32.36  -2.80    33.63

SNOWFALL (IN)
  YESTERDAY        0.0          MM      MM   0.0    0.0      0.0
  MONTH TO DATE    0.0                       0.0    0.0      0.0
  SINCE JUN 1      0.0                       0.0    0.0      0.0
  SINCE JUL 1      0.0                       0.0    0.0      0.0
  SNOW DEPTH       0

DEGREE DAYS
 HEATING
  YESTERDAY        0                         0      0        0
  MONTH TO DATE    0                         0      0        0
  SINCE JUN 1      1                         0      1        0
  SINCE JUL 1      1                         0      1        0

 COOLING
  YESTERDAY       16                        16      0       12
  MONTH TO DATE  258                       319    -61      294
  SINCE JUN 1   1037                      1269   -232     1184
  SINCE JAN 1   1300                      1576   -276     1451
..................................................................


WIND (MPH)
  HIGHEST WIND SPEED    15   HIGHEST WIND DIRECTION     S (200)
  HIGHEST GUST SPEED    18   HIGHEST GUST DIRECTION     S (200)
  AVERAGE WIND SPEED     5.5


SKY COVER
  POSSIBLE SUNSHINE  MM
  AVERAGE SKY COVER 0.0


WEATHER CONDITIONS
 THE FOLLOWING WEATHER WAS RECORDED YESTERDAY.
  NO SIGNIFICANT WEATHER WAS OBSERVED.


RELATIVE HUMIDITY (PERCENT)
 HIGHEST    97           100 AM
 LOWEST     60           100 PM
 AVERAGE    79

..........................................................


THE PINE BLUFF CLIMATE NORMALS FOR TODAY
                         NORMAL    RECORD    YEAR
 MAXIMUM TEMPERATURE (F)   92       108      1925
 MINIMUM TEMPERATURE (F)   70        60      1953
                                             1940
                                             1927


SUNRISE AND SUNSET
AUGUST 20 2014........SUNRISE   633 AM CDT   SUNSET   749 PM CDT
AUGUST 21 2014........SUNRISE   633 AM CDT   SUNSET   748 PM CDT


-  INDICATES NEGATIVE NUMBERS.
R  INDICATES RECORD WAS SET OR TIED.
MM INDICATES DATA IS MISSING.
T  INDICATES TRACE AMOUNT.




$$
