000
CDUS44 KLZK 300908
CLIPBF


CLIMATE REPORT
NATIONAL WEATHER SERVICE LITTLE ROCK AR
407 AM CDT SAT MAY 30 2015


...................................

...THE PINE BLUFF CLIMATE SUMMARY FOR MAY 29 2015...

CLIMATE NORMAL PERIOD 1981 TO 2010
CLIMATE RECORD PERIOD 1883 TO 2015


WEATHER ITEM   OBSERVED TIME   RECORD YEAR NORMAL DEPARTURE LAST
                VALUE   (LST)  VALUE       VALUE  FROM      YEAR
                                                  NORMAL
..................................................................
TEMPERATURE (F)
 YESTERDAY
  MAXIMUM         88    338 PM 100    1926  85      3       79
  MINIMUM         66    530 AM  45    1984  65      1       68
  AVERAGE         77                        75      2       74

PRECIPITATION (IN)
  YESTERDAY        0.15          3.05 1899   0.16  -0.01     0.50
  MONTH TO DATE    3.88                      4.73  -0.85     4.35
  SINCE MAR 1     19.59                     15.06   4.53    14.04
  SINCE JAN 1     26.52                     22.88   3.64    19.47

SNOWFALL (IN)
  YESTERDAY        0.0          MM      MM   0.0    0.0      0.0
  MONTH TO DATE    0.0                       0.0    0.0      0.0
  SINCE MAR 1      2.0                       0.0    2.0       T
  SINCE JUL 1      9.2                       3.1    6.1      3.7
  SNOW DEPTH       0

DEGREE DAYS
 HEATING
  YESTERDAY        0                         0      0        0
  MONTH TO DATE   13                        15     -2       46
  SINCE MAR 1    515                       491     24      684
  SINCE JUL 1   3249                      2879    370     3453

 COOLING
  YESTERDAY       12                        10      2        9
  MONTH TO DATE  227                       200     27      187
  SINCE MAR 1    312                       284     28      241
  SINCE JAN 1    312                       287     25      241
..................................................................


WIND (MPH)
  HIGHEST WIND SPEED    23   HIGHEST WIND DIRECTION     S (180)
  HIGHEST GUST SPEED    33   HIGHEST GUST DIRECTION     S (190)
  AVERAGE WIND SPEED     8.4


SKY COVER
  POSSIBLE SUNSHINE  MM
  AVERAGE SKY COVER 0.2


WEATHER CONDITIONS
 THE FOLLOWING WEATHER WAS RECORDED YESTERDAY.
  THUNDERSTORM
  HEAVY RAIN
  LIGHT RAIN
  FOG


RELATIVE HUMIDITY (PERCENT)
 HIGHEST   100           300 AM
 LOWEST     55           100 PM
 AVERAGE    78

..........................................................


THE PINE BLUFF CLIMATE NORMALS FOR TODAY
                         NORMAL    RECORD    YEAR
 MAXIMUM TEMPERATURE (F)   86        98      1921
 MINIMUM TEMPERATURE (F)   65        42      1984


SUNRISE AND SUNSET
MAY 30 2015...........SUNRISE   558 AM CDT   SUNSET   813 PM CDT
MAY 31 2015...........SUNRISE   557 AM CDT   SUNSET   814 PM CDT


-  INDICATES NEGATIVE NUMBERS.
R  INDICATES RECORD WAS SET OR TIED.
MM INDICATES DATA IS MISSING.
T  INDICATES TRACE AMOUNT.




$$
