000
CDUS44 KLZK 242104
CLIPBF


CLIMATE REPORT
NATIONAL WEATHER SERVICE LITTLE ROCK AR
404 PM CDT FRI OCT 24 2014


...................................

...THE PINE BLUFF CLIMATE SUMMARY FOR OCTOBER 24 2014...
VALID TODAY AS OF 0400 PM LOCAL TIME.

CLIMATE NORMAL PERIOD 1981 TO 2010
CLIMATE RECORD PERIOD 1883 TO 2014


WEATHER ITEM   OBSERVED TIME   RECORD YEAR NORMAL DEPARTURE LAST
                VALUE   (LST)  VALUE       VALUE  FROM      YEAR
                                                  NORMAL
..................................................................
TEMPERATURE (F)
 TODAY
  MAXIMUM         75    241 PM  95    1927  72      3       67
  MINIMUM         44    604 AM  27    1917  49     -5       45
  AVERAGE         60                        61     -1       56

PRECIPITATION (IN)
  TODAY            0.00          2.30 1887   0.18  -0.18     0.00
  MONTH TO DATE    5.04                      3.88   1.16     2.53
  SINCE SEP 1      5.83                      6.57  -0.74     7.01
  SINCE JAN 1     35.74                     39.76  -4.02    40.64

SNOWFALL (IN)
  TODAY            0.0          MM      MM   0.0    0.0      0.0
  MONTH TO DATE    0.0                       0.0    0.0      0.0
  SINCE SEP 1      0.0                       0.0    0.0      0.0
  SINCE JUL 1      0.0                       0.0    0.0      0.0
  SNOW DEPTH       0

DEGREE DAYS
 HEATING
  TODAY            5                         6     -1        9
  MONTH TO DATE   56                        78    -22       73
  SINCE SEP 1     59                        89    -30       73
  SINCE JUL 1     60                        89    -29       73

 COOLING
  TODAY            0                         2     -2        0
  MONTH TO DATE   78                        67     11       88
  SINCE SEP 1    383                       353     30      476
  SINCE JAN 1   1884                      2111   -227     2140
..................................................................


WIND (MPH)
  HIGHEST WIND SPEED     8   HIGHEST WIND DIRECTION    SW (220)
  HIGHEST GUST SPEED    10   HIGHEST GUST DIRECTION     S (190)
  AVERAGE WIND SPEED     1.1


SKY COVER
  POSSIBLE SUNSHINE  MM
  AVERAGE SKY COVER 0.0


WEATHER CONDITIONS
 THE FOLLOWING WEATHER WAS RECORDED TODAY.
  NO SIGNIFICANT WEATHER WAS OBSERVED.


RELATIVE HUMIDITY (PERCENT)
 HIGHEST   100           700 AM
 LOWEST     46           100 PM
 AVERAGE    73

..........................................................


THE PINE BLUFF CLIMATE NORMALS FOR TOMORROW
                         NORMAL    RECORD    YEAR
 MAXIMUM TEMPERATURE (F)   72        97      1927
 MINIMUM TEMPERATURE (F)   49        28      1917


SUNRISE AND SUNSET
OCTOBER 24 2014.......SUNRISE   720 AM CDT   SUNSET   623 PM CDT
OCTOBER 25 2014.......SUNRISE   721 AM CDT   SUNSET   622 PM CDT


-  INDICATES NEGATIVE NUMBERS.
R  INDICATES RECORD WAS SET OR TIED.
MM INDICATES DATA IS MISSING.
T  INDICATES TRACE AMOUNT.




$$
