000
CDUS44 KLZK 130651
CLIPBF


CLIMATE REPORT
NATIONAL WEATHER SERVICE LITTLE ROCK AR
1251 AM CST WED DEC 13 2017


...................................

...THE PINE BLUFF CLIMATE SUMMARY FOR DECEMBER 12 2017...

CLIMATE NORMAL PERIOD 1981 TO 2010
CLIMATE RECORD PERIOD 1883 TO 2017


WEATHER ITEM   OBSERVED TIME   RECORD YEAR NORMAL DEPARTURE LAST
                VALUE   (LST)  VALUE       VALUE  FROM      YEAR
                                                  NORMAL
..................................................................
TEMPERATURE (F)
 YESTERDAY
  MAXIMUM         53    317 PM  79    1929  54     -1       60
  MINIMUM         27   1155 PM  11    1962  35     -8       45
  AVERAGE         40                        44     -4       53

PRECIPITATION (IN)
  YESTERDAY        0.00          4.00 1892   0.18  -0.18     0.05
  MONTH TO DATE    1.06                      2.28  -1.22     1.44
  SINCE DEC 1      1.06                      2.28  -1.22     1.44
  SINCE JAN 1     43.58                     47.99  -4.41    51.24

SNOWFALL (IN)
  YESTERDAY        0.0           9.0  1958   0.0    0.0      0.0
  MONTH TO DATE    0.0                       0.0    0.0      0.0
  SINCE DEC 1      0.0                       0.0    0.0      0.0
  SINCE JUL 1      0.0                       0.0    0.0      0.0
  SNOW DEPTH       0

DEGREE DAYS
 HEATING
  YESTERDAY       25                        21      4       12
  MONTH TO DATE  214                       230    -16      254
  SINCE DEC 1    214                       230    -16      254
  SINCE JUL 1    677                       734    -57      551

 COOLING
  YESTERDAY        0                         0      0        0
  MONTH TO DATE    0                         0      0        0
  SINCE DEC 1      0                         0      0        0
  SINCE JAN 1   2094                      2131    -37     2328
..................................................................


WIND (MPH)
  HIGHEST WIND SPEED    25   HIGHEST WIND DIRECTION     N (340)
  HIGHEST GUST SPEED    33   HIGHEST GUST DIRECTION    NW (330)
  AVERAGE WIND SPEED     8.1


SKY COVER
  POSSIBLE SUNSHINE  MM
  AVERAGE SKY COVER 0.0


WEATHER CONDITIONS
 THE FOLLOWING WEATHER WAS RECORDED YESTERDAY.
  NO SIGNIFICANT WEATHER WAS OBSERVED.


RELATIVE HUMIDITY (PERCENT)
 HIGHEST    78          1100 PM
 LOWEST     24           300 PM
 AVERAGE    51

..........................................................


THE PINE BLUFF CLIMATE NORMALS FOR TODAY
                         NORMAL    RECORD    YEAR
 MAXIMUM TEMPERATURE (F)   54        79      1948
 MINIMUM TEMPERATURE (F)   35        11      1962
                                             1958


SUNRISE AND SUNSET
DECEMBER 13 2017......SUNRISE   705 AM CST   SUNSET   459 PM CST
DECEMBER 14 2017......SUNRISE   706 AM CST   SUNSET   459 PM CST


-  INDICATES NEGATIVE NUMBERS.
R  INDICATES RECORD WAS SET OR TIED.
MM INDICATES DATA IS MISSING.
T  INDICATES TRACE AMOUNT.




$$
