752
CDUS44 KLZK 060639
CLIPBF


CLIMATE REPORT
NATIONAL WEATHER SERVICE LITTLE ROCK AR
138 AM CDT FRI MAY 6 2016


...................................

...THE PINE BLUFF CLIMATE SUMMARY FOR MAY 5 2016...

CLIMATE NORMAL PERIOD 1981 TO 2010
CLIMATE RECORD PERIOD 1883 TO 2016


WEATHER ITEM   OBSERVED TIME   RECORD YEAR NORMAL DEPARTURE LAST
                VALUE   (LST)  VALUE       VALUE  FROM      YEAR
                                                  NORMAL
..................................................................
TEMPERATURE (F)
 YESTERDAY
  MAXIMUM         76    412 PM  94    1943  79     -3       85
  MINIMUM         50    446 AM  41    2013  58     -8       64
  AVERAGE         63                        68     -5       75

PRECIPITATION (IN)
  YESTERDAY        0.00          6.80 1905   0.18  -0.18     0.00
  MONTH TO DATE    0.57                      0.88  -0.31     0.00
  SINCE MAR 1     21.08                     11.21   9.87    15.71
  SINCE JAN 1     27.13                     19.03   8.10    22.64

SNOWFALL (IN)
  YESTERDAY        0.0          MM      MM   0.0    0.0      0.0
  MONTH TO DATE    0.0                       0.0    0.0      0.0
  SINCE MAR 1      0.0                       0.0    0.0      2.0
  SINCE JUL 1      3.6                       3.1    0.5      9.2
  SNOW DEPTH       0

DEGREE DAYS
 HEATING
  YESTERDAY        2                         1      1        0
  MONTH TO DATE    9                         6      3        5
  SINCE MAR 1    308                       482   -174      507
  SINCE JUL 1   2215                      2870   -655     3241

 COOLING
  YESTERDAY        0                         5     -5       10
  MONTH TO DATE   10                        21    -11       21
  SINCE MAR 1     93                       105    -12      106
  SINCE JAN 1     97                       108    -11      106
..................................................................


WIND (MPH)
  HIGHEST WIND SPEED    18   HIGHEST WIND DIRECTION    NW (320)
  HIGHEST GUST SPEED    24   HIGHEST GUST DIRECTION     N (340)
  AVERAGE WIND SPEED     6.5


SKY COVER
  POSSIBLE SUNSHINE  MM
  AVERAGE SKY COVER 0.0


WEATHER CONDITIONS
 THE FOLLOWING WEATHER WAS RECORDED YESTERDAY.
  NO SIGNIFICANT WEATHER WAS OBSERVED.


RELATIVE HUMIDITY (PERCENT)
 HIGHEST    86          1100 PM
 LOWEST     29           100 PM
 AVERAGE    58

..........................................................


THE PINE BLUFF CLIMATE NORMALS FOR TODAY
                         NORMAL    RECORD    YEAR
 MAXIMUM TEMPERATURE (F)   79        94      1952
 MINIMUM TEMPERATURE (F)   58        42      1890


SUNRISE AND SUNSET
MAY  6 2016...........SUNRISE   613 AM CDT   SUNSET   756 PM CDT
MAY  7 2016...........SUNRISE   612 AM CDT   SUNSET   757 PM CDT


-  INDICATES NEGATIVE NUMBERS.
R  INDICATES RECORD WAS SET OR TIED.
MM INDICATES DATA IS MISSING.
T  INDICATES TRACE AMOUNT.




$$
