000
CDUS44 KLZK 020912
CLIPBF


CLIMATE REPORT
NATIONAL WEATHER SERVICE LITTLE ROCK AR
412 AM CDT WED SEP 2 2015


...................................

...THE PINE BLUFF CLIMATE SUMMARY FOR SEPTEMBER 1 2015...

CLIMATE NORMAL PERIOD 1981 TO 2010
CLIMATE RECORD PERIOD 1883 TO 2015


WEATHER ITEM   OBSERVED TIME   RECORD YEAR NORMAL DEPARTURE LAST
                VALUE   (LST)  VALUE       VALUE  FROM      YEAR
                                                  NORMAL
..................................................................
TEMPERATURE (F)
 YESTERDAY
  MAXIMUM         93    310 PM 105    1947  90      3       90
  MINIMUM         70    542 AM  53    1903  68      2       71
  AVERAGE         82                        79      3       81

PRECIPITATION (IN)
  YESTERDAY        0.00          1.62 1974   0.07  -0.07      T
  MONTH TO DATE    0.00                      0.07  -0.07      T
  SINCE SEP 1      0.00                      0.07  -0.07      T
  SINCE JAN 1     34.31                     33.26   1.05    29.91

SNOWFALL (IN)
  YESTERDAY        0.0          MM      MM   0.0    0.0      0.0
  MONTH TO DATE    0.0                       0.0    0.0      0.0
  SINCE SEP 1      0.0                       0.0    0.0      0.0
  SINCE JUL 1      0.0                       0.0    0.0      0.0
  SNOW DEPTH       0

DEGREE DAYS
 HEATING
  YESTERDAY        0                         0      0        0
  MONTH TO DATE    0                         0      0        0
  SINCE SEP 1      0                         0      0        0
  SINCE JUL 1      0                         0      0        1

 COOLING
  YESTERDAY       17                        14      3       16
  MONTH TO DATE   17                        14      3       16
  SINCE SEP 1     17                        14      3       16
  SINCE JAN 1   1864                      1772     92     1517
..................................................................


WIND (MPH)
  HIGHEST WIND SPEED     8   HIGHEST WIND DIRECTION     S (170)
  HIGHEST GUST SPEED    10   HIGHEST GUST DIRECTION     S (170)
  AVERAGE WIND SPEED     1.1


SKY COVER
  POSSIBLE SUNSHINE  MM
  AVERAGE SKY COVER 0.2


WEATHER CONDITIONS
 THE FOLLOWING WEATHER WAS RECORDED YESTERDAY.
  NO SIGNIFICANT WEATHER WAS OBSERVED.


RELATIVE HUMIDITY (PERCENT)
 HIGHEST    97           400 AM
 LOWEST     41           300 PM
 AVERAGE    69

..........................................................


THE PINE BLUFF CLIMATE NORMALS FOR TODAY
                         NORMAL    RECORD    YEAR
 MAXIMUM TEMPERATURE (F)   90       106      1947
                                             1925
 MINIMUM TEMPERATURE (F)   68        52      1886


SUNRISE AND SUNSET
SEPTEMBER  2 2015.....SUNRISE   642 AM CDT   SUNSET   733 PM CDT
SEPTEMBER  3 2015.....SUNRISE   642 AM CDT   SUNSET   731 PM CDT


-  INDICATES NEGATIVE NUMBERS.
R  INDICATES RECORD WAS SET OR TIED.
MM INDICATES DATA IS MISSING.
T  INDICATES TRACE AMOUNT.




$$
