000
CDUS42 KMFL 110923
CLIPBI


CLIMATE REPORT
NATIONAL WEATHER SERVICE MIAMI, FL
421 AM EST MON DEC 11 2017


...................................

...THE WEST PALM BEACH CLIMATE SUMMARY FOR DECEMBER 10 2017...

CLIMATE NORMAL PERIOD 1981 TO 2010
CLIMATE RECORD PERIOD 1888 TO 2017


WEATHER ITEM   OBSERVED TIME   RECORD YEAR NORMAL DEPARTURE LAST
                VALUE   (LST)  VALUE       VALUE  FROM      YEAR
                                                  NORMAL
..................................................................
TEMPERATURE (F)
 YESTERDAY
  MAXIMUM         62    315 PM  87    2009  77    -15       72
  MINIMUM         44    729 AM  33    1917  61    -17       62
  AVERAGE         53                        69    -16       67

PRECIPITATION (IN)
  YESTERDAY        0.00          1.14 1942   0.10  -0.10     0.68
  MONTH TO DATE    0.63                      1.07  -0.44     1.92
  SINCE NOV 1      3.32                      5.82  -2.50     2.92
  SINCE JAN 1     59.01                     60.02  -1.01    49.53

SNOWFALL (IN)
  YESTERDAY        0.0
  MONTH TO DATE    0.0
  SINCE DEC 1      0.0
  SINCE JUL 1      0.0
  SNOW DEPTH       0

DEGREE DAYS
 HEATING
  YESTERDAY       12                         1     11        0
  MONTH TO DATE   12                        10      2        0
  SINCE DEC 1     12                        10      2        0
  SINCE JUL 1     16                        22     -6        1

 COOLING
  YESTERDAY        0                         5     -5        2
  MONTH TO DATE   82                        59     23      103
  SINCE DEC 1     82                        59     23      103
  SINCE JAN 1   4457                      3925    532     4509
..................................................................


WIND (MPH)
  HIGHEST WIND SPEED    22   HIGHEST WIND DIRECTION    NW (320)
  HIGHEST GUST SPEED    30   HIGHEST GUST DIRECTION    NW (320)
  AVERAGE WIND SPEED    12.4


SKY COVER
  AVERAGE SKY COVER 0.2


WEATHER CONDITIONS
 THE FOLLOWING WEATHER WAS RECORDED YESTERDAY.
  NO SIGNIFICANT WEATHER WAS OBSERVED.


RELATIVE HUMIDITY (PERCENT)
 HIGHEST    72
 LOWEST     49
 AVERAGE    61

..........................................................


THE WEST PALM BEACH CLIMATE NORMALS FOR TODAY
                         NORMAL    RECORD    YEAR
 MAXIMUM TEMPERATURE (F)   77        86      2012
                                             1997
 MINIMUM TEMPERATURE (F)   61        34      1962


SUNRISE AND SUNSET
DECEMBER 11 2017......SUNRISE   659 AM EST   SUNSET   529 PM EST
DECEMBER 12 2017......SUNRISE   700 AM EST   SUNSET   529 PM EST


-  INDICATES NEGATIVE NUMBERS.
R  INDICATES RECORD WAS SET OR TIED.
MM INDICATES DATA IS MISSING.
T  INDICATES TRACE AMOUNT.




$$
