000
CDUS42 KMFL 180941
CLIPBI


CLIMATE REPORT
NATIONAL WEATHER SERVICE MIAMI, FL
440 AM EST THU DEC 18 2014


...................................

...THE WEST PALM BEACH CLIMATE SUMMARY FOR DECEMBER 17 2014...

CLIMATE NORMAL PERIOD 1981 TO 2010
CLIMATE RECORD PERIOD 1888 TO 2014


WEATHER ITEM   OBSERVED TIME   RECORD YEAR NORMAL DEPARTURE LAST
                VALUE   (LST)  VALUE       VALUE  FROM      YEAR
                                                  NORMAL
..................................................................
TEMPERATURE (F)
 YESTERDAY
  MAXIMUM         79    401 PM  87    1925  76      3       78
  MINIMUM         52    652 AM  28    1920  60     -8       57
  AVERAGE         66                        68     -2       68

PRECIPITATION (IN)
  YESTERDAY        0.00          2.30 1923   0.11  -0.11     0.00
  MONTH TO DATE    0.41                      1.81  -1.40     4.18
  SINCE NOV 1      2.35                      6.56  -4.21     6.96
  SINCE JAN 1     59.94                     60.76  -0.82    64.82

SNOWFALL (IN)
  YESTERDAY        0.0
  MONTH TO DATE    0.0
  SINCE DEC 1      0.0
  SINCE JUL 1      0.0
  SNOW DEPTH       0

DEGREE DAYS
 HEATING
  YESTERDAY        0                         2     -2
  MONTH TO DATE   25                        24      1
  SINCE DEC 1     25                        24      1
  SINCE JUL 1     42                        36      6

 COOLING
  YESTERDAY        1                         5     -4
  MONTH TO DATE   82                        94    -12
  SINCE DEC 1     82                        94    -12
  SINCE JAN 1   4222                      3960    262
..................................................................


WIND (MPH)
  HIGHEST WIND SPEED    12   HIGHEST WIND DIRECTION     W (290)
  HIGHEST GUST SPEED    14   HIGHEST GUST DIRECTION    SW (240)
  AVERAGE WIND SPEED     3.8


SKY COVER
  AVERAGE SKY COVER 0.3


WEATHER CONDITIONS
 THE FOLLOWING WEATHER WAS RECORDED YESTERDAY.
  NO SIGNIFICANT WEATHER WAS OBSERVED.


RELATIVE HUMIDITY (PERCENT)
 HIGHEST    93
 LOWEST     43
 AVERAGE    68

..........................................................


THE WEST PALM BEACH CLIMATE NORMALS FOR TODAY
                         NORMAL    RECORD    YEAR
 MAXIMUM TEMPERATURE (F)   76        86      1989
                                             1946
 MINIMUM TEMPERATURE (F)   60        37      1973


SUNRISE AND SUNSET
DECEMBER 18 2014......SUNRISE   703 AM EST   SUNSET   531 PM EST
DECEMBER 19 2014......SUNRISE   704 AM EST   SUNSET   532 PM EST


-  INDICATES NEGATIVE NUMBERS.
R  INDICATES RECORD WAS SET OR TIED.
MM INDICATES DATA IS MISSING.
T  INDICATES TRACE AMOUNT.




$$
