000
CDUS42 KMFL 312017
CLIPBI


CLIMATE REPORT
NATIONAL WEATHER SERVICE MIAMI, FL
417 PM EDT SUN AUG 31 2014


...................................

...THE WEST PALM BEACH CLIMATE SUMMARY FOR AUGUST 31 2014...
VALID TODAY AS OF 0400 PM LOCAL TIME.

CLIMATE NORMAL PERIOD 1981 TO 2010
CLIMATE RECORD PERIOD 1894 TO 2014


WEATHER ITEM   OBSERVED TIME   RECORD YEAR NORMAL DEPARTURE LAST
                VALUE   (LST)  VALUE       VALUE  FROM      YEAR
                                                  NORMAL
..................................................................
TEMPERATURE (F)
 TODAY
  MAXIMUM         91    116 PM  95    1998  89      2       89
                                      1912
  MINIMUM         81    607 AM  70    1984  76      5       76
                                      1927
  AVERAGE         86                        82      4       83

PRECIPITATION (IN)
  TODAY            T             1.92 1973   0.28  -0.28      T
  MONTH TO DATE    9.71                      7.95   1.76     4.10
  SINCE JUN 1     25.42                     22.01   3.41    22.67
  SINCE JAN 1     43.14                     40.72   2.42    47.62

SNOWFALL (IN)
  TODAY            0.0
  MONTH TO DATE    0.0
  SINCE JUN 1      0.0
  SINCE JUL 1      0.0
  SNOW DEPTH       0

DEGREE DAYS
 HEATING
  TODAY            0                         0      0
  MONTH TO DATE    0                         0      0
  SINCE JUN 1      0                         0      0
  SINCE JUL 1      0                         0      0

 COOLING
  TODAY           21                        17      4
  MONTH TO DATE  604                       558     46
  SINCE JUN 1   1656                      1597     59
  SINCE JAN 1   3008                      2706    302
..................................................................


WIND (MPH)
  HIGHEST WIND SPEED    16   HIGHEST WIND DIRECTION     E (100)
  HIGHEST GUST SPEED    MM   HIGHEST GUST DIRECTION    MM
  AVERAGE WIND SPEED    10.1


SKY COVER
  AVERAGE SKY COVER 0.5


WEATHER CONDITIONS
 THE FOLLOWING WEATHER WAS RECORDED TODAY.
  LIGHT RAIN


RELATIVE HUMIDITY (PERCENT)
 HIGHEST    85
 LOWEST     64
 AVERAGE    75

..........................................................


THE WEST PALM BEACH CLIMATE NORMALS FOR TOMORROW
                         NORMAL    RECORD    YEAR
 MAXIMUM TEMPERATURE (F)   89        94      1998
                                             1947
                                             1911
 MINIMUM TEMPERATURE (F)   76        69      1919


SUNRISE AND SUNSET
AUGUST 31 2014........SUNRISE   700 AM EDT   SUNSET   741 PM EDT
SEPTEMBER  1 2014.....SUNRISE   700 AM EDT   SUNSET   740 PM EDT


-  INDICATES NEGATIVE NUMBERS.
R  INDICATES RECORD WAS SET OR TIED.
MM INDICATES DATA IS MISSING.
T  INDICATES TRACE AMOUNT.




$$
