000
CDUS42 KMFL 210824
CLIPBI


CLIMATE REPORT
NATIONAL WEATHER SERVICE MIAMI, FL
423 AM EDT MON APR 21 2014


...................................

...THE WEST PALM BEACH CLIMATE SUMMARY FOR APRIL 20 2014...

CLIMATE NORMAL PERIOD 1981 TO 2010
CLIMATE RECORD PERIOD 1894 TO 2014


WEATHER ITEM   OBSERVED TIME   RECORD YEAR NORMAL DEPARTURE LAST
                VALUE   (LST)  VALUE       VALUE  FROM      YEAR
                                                  NORMAL
..................................................................
TEMPERATURE (F)
 YESTERDAY
  MAXIMUM         78    407 PM  92    2006  82     -4       85
  MINIMUM         64    101 AM  55    1999  66     -2       72
                                      1997
                                      1936
  AVERAGE         71                        74     -3       79

PRECIPITATION (IN)
  YESTERDAY        0.00          4.32 1994   0.12  -0.12     0.57
  MONTH TO DATE    1.04                      2.58  -1.54     3.90
  SINCE OCT 1     23.18                     26.38  -3.20    19.40
  SINCE JAN 1     14.92                     13.12   1.80     8.06

SNOWFALL (IN)
  YESTERDAY        0.0
  MONTH TO DATE    0.0
  SINCE MAR 1      0.0
  SINCE JUL 1      0.0
  SNOW DEPTH       0

DEGREE DAYS
 HEATING
  YESTERDAY        0                         0      0
  MONTH TO DATE    0                         0      0
  SINCE MAR 1      7                        24    -17
  SINCE JUL 1    122                       229   -107

 COOLING
  YESTERDAY        6                         9     -3
  MONTH TO DATE  207                       164     43
  SINCE MAR 1    409                       357     52
  SINCE JAN 1    755                       592    163
..................................................................


WIND (MPH)
  HIGHEST WIND SPEED    16   HIGHEST WIND DIRECTION     W (280)
  HIGHEST GUST SPEED    21   HIGHEST GUST DIRECTION    NW (300)
  AVERAGE WIND SPEED     9.5


SKY COVER
  AVERAGE SKY COVER 0.7


WEATHER CONDITIONS
 THE FOLLOWING WEATHER WAS RECORDED YESTERDAY.
  NO SIGNIFICANT WEATHER WAS OBSERVED.


RELATIVE HUMIDITY (PERCENT)
 HIGHEST    81
 LOWEST     56
 AVERAGE    69

..........................................................


THE WEST PALM BEACH CLIMATE NORMALS FOR TODAY
                         NORMAL    RECORD    YEAR
 MAXIMUM TEMPERATURE (F)   82        90      1944
 MINIMUM TEMPERATURE (F)   67        49      1901


SUNRISE AND SUNSET
APRIL 21 2014.........SUNRISE   651 AM EDT   SUNSET   748 PM EDT
APRIL 22 2014.........SUNRISE   650 AM EDT   SUNSET   748 PM EDT


-  INDICATES NEGATIVE NUMBERS.
R  INDICATES RECORD WAS SET OR TIED.
MM INDICATES DATA IS MISSING.
T  INDICATES TRACE AMOUNT.




$$
