021
CDUS42 KMFL 140924
CLIPBI


CLIMATE REPORT
NATIONAL WEATHER SERVICE MIAMI, FL
424 AM EST SUN FEB 14 2016


...................................

...THE WEST PALM BEACH CLIMATE SUMMARY FOR FEBRUARY 13 2016...

CLIMATE NORMAL PERIOD 1981 TO 2010
CLIMATE RECORD PERIOD 1888 TO 2016


WEATHER ITEM   OBSERVED TIME   RECORD YEAR NORMAL DEPARTURE LAST
                VALUE   (LST)  VALUE       VALUE  FROM      YEAR
                                                  NORMAL
..................................................................
TEMPERATURE (F)
 YESTERDAY
  MAXIMUM         75    238 PM  89    1905  76     -1       73
  MINIMUM         51    254 AM  35    1925  59     -8       52
  AVERAGE         63                        68     -5       63

PRECIPITATION (IN)
  YESTERDAY        0.00          2.25 2008   0.10  -0.10     0.00
  MONTH TO DATE    0.88                      1.24  -0.36     1.58
  SINCE NOV 1     21.18                     12.50   8.68     6.33
  SINCE JAN 1     10.78                      4.37   6.41     2.63

SNOWFALL (IN)
  YESTERDAY        0.0
  MONTH TO DATE    0.0
  SINCE DEC 1      0.0
  SINCE JUL 1      0.0
  SNOW DEPTH       0

DEGREE DAYS
 HEATING
  YESTERDAY        2                         2      0        2
  MONTH TO DATE   47                        26     21        8
  SINCE DEC 1    113                       171    -58       61
  SINCE JUL 1    113                       183    -70       78

 COOLING
  YESTERDAY        0                         5     -5        0
  MONTH TO DATE   46                        53     -7       40
  SINCE DEC 1    493                       316    177      402
  SINCE JAN 1    137                       161    -24      204
..................................................................


WIND (MPH)
  HIGHEST WIND SPEED    18   HIGHEST WIND DIRECTION    NW (330)
  HIGHEST GUST SPEED    22   HIGHEST GUST DIRECTION    NW (330)
  AVERAGE WIND SPEED     7.3


SKY COVER
  AVERAGE SKY COVER 0.2


WEATHER CONDITIONS
 THE FOLLOWING WEATHER WAS RECORDED YESTERDAY.
  NO SIGNIFICANT WEATHER WAS OBSERVED.


RELATIVE HUMIDITY (PERCENT)
 HIGHEST    93
 LOWEST     46
 AVERAGE    70

..........................................................


THE WEST PALM BEACH CLIMATE NORMALS FOR TODAY
                         NORMAL    RECORD    YEAR
 MAXIMUM TEMPERATURE (F)   77        89      1948
 MINIMUM TEMPERATURE (F)   59        28      1899


SUNRISE AND SUNSET
FEBRUARY 14 2016......SUNRISE   658 AM EST   SUNSET   612 PM EST
FEBRUARY 15 2016......SUNRISE   657 AM EST   SUNSET   613 PM EST


-  INDICATES NEGATIVE NUMBERS.
R  INDICATES RECORD WAS SET OR TIED.
MM INDICATES DATA IS MISSING.
T  INDICATES TRACE AMOUNT.




$$
