000
CDUS42 KMFL 302021
CLIPBI


CLIMATE REPORT
NATIONAL WEATHER SERVICE MIAMI, FL
419 PM EDT SUN APR 30 2017


...................................

...THE WEST PALM BEACH CLIMATE SUMMARY FOR APRIL 30 2017...
VALID TODAY AS OF 0400 PM LOCAL TIME.

CLIMATE NORMAL PERIOD 1981 TO 2010
CLIMATE RECORD PERIOD 1888 TO 2017


WEATHER ITEM   OBSERVED TIME   RECORD YEAR NORMAL DEPARTURE LAST
                VALUE   (LST)  VALUE       VALUE  FROM      YEAR
                                                  NORMAL
..................................................................
TEMPERATURE (F)
 TODAY
  MAXIMUM         83    933 AM  99    1971  84     -1       83
  MINIMUM         75   1013 AM  53    1916  68      7       74
  AVERAGE         79                        76      3       79

PRECIPITATION (IN)
  TODAY            0.13          4.81 1972   0.09   0.04     0.00
  MONTH TO DATE    3.74                      3.66   0.08     1.46
  SINCE NOV 1     13.27                     22.33  -9.06    26.84
  SINCE JAN 1      8.80                     14.20  -5.40    16.44

SNOWFALL (IN)
  TODAY            0.0
  MONTH TO DATE    0.0
  SINCE MAR 1      0.0
  SINCE JUL 1      0.0
  SNOW DEPTH       0

DEGREE DAYS
 HEATING
  TODAY            0                         0      0        0
  MONTH TO DATE    0                         0      0        0
  SINCE MAR 1     16                        28    -12        2
  SINCE JUL 1     68                       233   -165      135

 COOLING
  TODAY           14                        11      3       14
  MONTH TO DATE  339                       267     72      333
  SINCE MAR 1    533                       460     73      648
  SINCE JAN 1    873                       695    178      850
..................................................................


WIND (MPH)
  HIGHEST WIND SPEED    28   HIGHEST WIND DIRECTION    SE (130)
  HIGHEST GUST SPEED    34   HIGHEST GUST DIRECTION    SE (130)
  AVERAGE WIND SPEED    19.3


SKY COVER
  AVERAGE SKY COVER 0.7


WEATHER CONDITIONS
 THE FOLLOWING WEATHER WAS RECORDED TODAY.
  RAIN
  LIGHT RAIN
  FOG
  HAZE


RELATIVE HUMIDITY (PERCENT)
 HIGHEST    74
 LOWEST     69
 AVERAGE    72

..........................................................


THE WEST PALM BEACH CLIMATE NORMALS FOR TOMORROW
                         NORMAL    RECORD    YEAR
 MAXIMUM TEMPERATURE (F)   84        93      1971
 MINIMUM TEMPERATURE (F)   68        54      1999


SUNRISE AND SUNSET
APRIL 30 2017.........SUNRISE   643 AM EDT   SUNSET   753 PM EDT
MAY  1 2017...........SUNRISE   642 AM EDT   SUNSET   753 PM EDT


-  INDICATES NEGATIVE NUMBERS.
R  INDICATES RECORD WAS SET OR TIED.
MM INDICATES DATA IS MISSING.
T  INDICATES TRACE AMOUNT.




$$
