000
CDUS42 KFFC 020825
CLIPDK


CLIMATE REPORT
NATIONAL WEATHER SERVICE PEACHTREE CITY GA
424 AM EDT TUE SEP 2 2014


...................................

...THE DEKALB PEACHTREE AIRPORT CLIMATE SUMMARY FOR SEPTEMBER 1 2014...

CLIMATE NORMAL PERIOD 1981 TO 2010
CLIMATE RECORD PERIOD 9999 TO 9999


WEATHER ITEM   OBSERVED TIME   RECORD YEAR NORMAL DEPARTURE LAST
                VALUE   (LST)  VALUE       VALUE  FROM      YEAR
                                                  NORMAL
..................................................................
TEMPERATURE (F)
 YESTERDAY
  MAXIMUM         93    259 PM  MM      MM  87      6       86
  MINIMUM         70    518 AM  MM      MM  68      2       70
  AVERAGE         82                        77      5       78

PRECIPITATION (IN)
  YESTERDAY        0.05         MM      MM   0.07  -0.02     0.44
  MONTH TO DATE    0.05                      0.07  -0.02     0.44
  SINCE SEP 1      0.05                      0.07  -0.02     0.44
  SINCE JAN 1     30.26                     36.65  -6.39    36.90

DEGREE DAYS
 COOLING
  YESTERDAY       17                        12      5       13
  MONTH TO DATE   17                        12      5       13
  SINCE SEP 1     17                        12      5       13
  SINCE JAN 1   1421                      1469    -48     1282
..................................................................


WIND (MPH)
  RESULTANT WIND SPEED   0   RESULTANT WIND DIRECTION   S (160)
  HIGHEST WIND SPEED    24   HIGHEST WIND DIRECTION     N (20)
  HIGHEST GUST SPEED    31   HIGHEST GUST DIRECTION     N (20)
  AVERAGE WIND SPEED     1.6


SKY COVER
  AVERAGE SKY COVER 0.2


WEATHER CONDITIONS
 THE FOLLOWING WEATHER WAS RECORDED YESTERDAY.
  THUNDERSTORM
  RAIN
  LIGHT RAIN
  FOG


RELATIVE HUMIDITY (PERCENT)
 HIGHEST    93           700 AM
 LOWEST     44           300 PM
 AVERAGE    69

..........................................................


THE DEKALB PEACHTREE AIRPORT CLIMATE NORMALS FOR TODAY
                         NORMAL    RECORD    YEAR
 MAXIMUM TEMPERATURE (F)   86        MM        MM
 MINIMUM TEMPERATURE (F)   68        MM        MM


SUNRISE AND SUNSET
SEPTEMBER  2 2014.....SUNRISE   712 AM EDT   SUNSET   802 PM EDT
SEPTEMBER  3 2014.....SUNRISE   712 AM EDT   SUNSET   800 PM EDT


-  INDICATES NEGATIVE NUMBERS.
R  INDICATES RECORD WAS SET OR TIED.
MM INDICATES DATA IS MISSING.
T  INDICATES TRACE AMOUNT.




$$
