000
CDUS42 KFFC 020021
CLIPDK


CLIMATE REPORT
NATIONAL WEATHER SERVICE PEACHTREE CITY GA
721 PM EST SUN FEB 1 2015


...................................

...THE DEKALB PEACHTREE AIRPORT CLIMATE SUMMARY FOR FEBRUARY 1 2015...
VALID AS OF 0700 PM LOCAL TIME.

CLIMATE NORMAL PERIOD 1981 TO 2010
CLIMATE RECORD PERIOD 9999 TO 9999


WEATHER ITEM   OBSERVED TIME   RECORD YEAR NORMAL DEPARTURE LAST
                VALUE   (LST)  VALUE       VALUE  FROM      YEAR
                                                  NORMAL
..................................................................
TEMPERATURE (F)
 TODAY
  MAXIMUM         54   1248 PM  MM      MM  53      1       57
  MINIMUM         38    323 AM  MM      MM  34      4       25
  AVERAGE         46                        44      2       41

PRECIPITATION (IN)
  TODAY            0.29         MM      MM   0.17   0.12     0.00
  MONTH TO DATE    0.29                      0.17   0.12     0.00
  SINCE DEC 1      7.79                      9.13  -1.34    10.28

SNOWFALL (IN)
  TODAY           MM            MM      MM  MM     MM       MM
  MONTH TO DATE   MM                        MM     MM        0.0
  SINCE DEC 1      0.0                      MM     MM         T
  SINCE JUL 1      0.0                      MM     MM         T
  SNOW DEPTH      MM

DEGREE DAYS
 HEATING
  TODAY           19                        21     -2       24
  MONTH TO DATE   19                        21     -2       24
  SINCE DEC 1   1297                      1367    -70     1519
  SINCE JUL 1   1961                      1894     67     2114
..................................................................


WIND (MPH)
  RESULTANT WIND SPEED   4   RESULTANT WIND DIRECTION  SE (140)
  HIGHEST WIND SPEED    14   HIGHEST WIND DIRECTION     S (170)
  HIGHEST GUST SPEED    18   HIGHEST GUST DIRECTION     S (170)
  AVERAGE WIND SPEED     4.5


SKY COVER
  AVERAGE SKY COVER 0.5


WEATHER CONDITIONS
 THE FOLLOWING WEATHER WAS RECORDED TODAY.
  RAIN
  LIGHT RAIN
  FOG


RELATIVE HUMIDITY (PERCENT)
 HIGHEST   100           600 PM
 LOWEST     45           500 AM
 AVERAGE    73

..........................................................


THE DEKALB PEACHTREE AIRPORT CLIMATE NORMALS FOR TOMORROW
                         NORMAL    RECORD    YEAR
 MAXIMUM TEMPERATURE (F)   53        MM        MM
 MINIMUM TEMPERATURE (F)   35        MM        MM


SUNRISE AND SUNSET
FEBRUARY  1 2015......SUNRISE   734 AM EST   SUNSET   608 PM EST
FEBRUARY  2 2015......SUNRISE   733 AM EST   SUNSET   609 PM EST


-  INDICATES NEGATIVE NUMBERS.
R  INDICATES RECORD WAS SET OR TIED.
MM INDICATES DATA IS MISSING.
T  INDICATES TRACE AMOUNT.




$$
