000
CDUS46 KPDT 190916
CLIPDT

CLIMATE REPORT
NATIONAL WEATHER SERVICE PENDLETON OR
115 AM PST FRI JAN 19 2018


...................................

...THE PENDLETON OR CLIMATE SUMMARY FOR JANUARY 18 2018...

CLIMATE NORMAL PERIOD 1981 TO 2010
CLIMATE RECORD PERIOD 1890 TO 2018


WEATHER ITEM   OBSERVED TIME   RECORD YEAR NORMAL DEPARTURE LAST
                VALUE   (LST)  VALUE       VALUE  FROM      YEAR
                                                  NORMAL
..................................................................
TEMPERATURE (F)
 YESTERDAY
  MAXIMUM         50    702 AM  63    2005  42      8       48
                                      1986
  MINIMUM         37   1137 PM -20    1922  29      8       21
  AVERAGE         44                        36      8       35

PRECIPITATION (IN)
  YESTERDAY        0.27          0.56 1953   0.05   0.22     0.12
  MONTH TO DATE    1.06                      0.88   0.18     1.32
  SINCE OCT 1      5.25                      4.88   0.37     6.84
  SINCE JAN 1      1.06                      0.88   0.18     1.32

SNOWFALL (IN)
  YESTERDAY        0.0           3.5  1937   0.1   -0.1      0.0
  MONTH TO DATE    T                         2.4   -2.4     13.3
  SINCE JAN 1      T                         2.4   -2.4     13.3
  SINCE JUL 1     10.0                       9.9    0.1     31.8
  SNOW DEPTH       0

DEGREE DAYS
 HEATING
  YESTERDAY       21                        29     -8       30
  MONTH TO DATE  485                       550    -65      904
  SINCE DEC 1   1534                      1534      0     2041
  SINCE JUL 1   2742                      2787    -45     3065

 COOLING
  YESTERDAY        0                         0      0        0
  MONTH TO DATE    0                         0      0        0
  SINCE DEC 1      0                         0      0        0
  SINCE JAN 1      0                         0      0        0
..................................................................


WIND (MPH)
  HIGHEST WIND SPEED    21   HIGHEST WIND DIRECTION     W (290)
  HIGHEST GUST SPEED    25   HIGHEST GUST DIRECTION     W (280)
  AVERAGE WIND SPEED     9.1


SKY COVER
  POSSIBLE SUNSHINE  MM
  AVERAGE SKY COVER 1.0


WEATHER CONDITIONS
 THE FOLLOWING WEATHER WAS RECORDED YESTERDAY.
  RAIN
  LIGHT RAIN
  FOG
  FOG W/VISIBILITY <= 1/4 MILE


RELATIVE HUMIDITY (PERCENT)
 HIGHEST   100          1200 AM
 LOWEST     80           700 AM
 AVERAGE    90

..........................................................


THE PENDLETON OR CLIMATE NORMALS FOR TODAY
                         NORMAL    RECORD    YEAR
 MAXIMUM TEMPERATURE (F)   42        67      1968
 MINIMUM TEMPERATURE (F)   29       -13      1922
                                             1916


SUNRISE AND SUNSET
JANUARY 19 2018.......SUNRISE   729 AM PST   SUNSET   443 PM PST
JANUARY 20 2018.......SUNRISE   729 AM PST   SUNSET   445 PM PST


-  INDICATES NEGATIVE NUMBERS.
R  INDICATES RECORD WAS SET OR TIED.
MM INDICATES DATA IS MISSING.
T  INDICATES TRACE AMOUNT.

$$
