000
CDUS46 KPDT 240900
CLIPDT

CLIMATE REPORT
NATIONAL WEATHER SERVICE PENDLETON OR
159 AM PDT SAT JUN 24 2017


...................................

...THE PENDLETON OR CLIMATE SUMMARY FOR JUNE 23 2017...

CLIMATE NORMAL PERIOD 1981 TO 2010
CLIMATE RECORD PERIOD 1890 TO 2017


WEATHER ITEM   OBSERVED TIME   RECORD YEAR NORMAL DEPARTURE LAST
                VALUE   (LST)  VALUE       VALUE  FROM      YEAR
                                                  NORMAL
..................................................................
TEMPERATURE (F)
 YESTERDAY
  MAXIMUM         86    308 PM 102    1992  81      5       78
                                      1970
  MINIMUM         47    437 AM  40    1920  53     -6       58
                                      1917
  AVERAGE         67                        67      0       68

PRECIPITATION (IN)
  YESTERDAY        0.00          0.50 1900   0.02  -0.02      T
  MONTH TO DATE    1.05                      0.85   0.20     0.91
  SINCE OCT 1     15.72                     11.26   4.46    10.77
  SINCE JAN 1     10.20                      7.26   2.94     6.50

SNOWFALL (IN)
  YESTERDAY        0.0           0.0  2002   0.0    0.0      0.0
                                      2001
                                      2000
  MONTH TO DATE    0.0                       0.0    0.0      0.0
  SINCE JAN 1     25.9                       7.7   18.2       T
  SINCE JUL 1     44.4                      15.2   29.2      4.1
  SNOW DEPTH       0

DEGREE DAYS
 HEATING
  YESTERDAY        0                         2     -2        0
  MONTH TO DATE   75                        73      2       66
  SINCE JUN 1     75                        73      2       66
  SINCE JUL 1   5670                      5266    404     4634

 COOLING
  YESTERDAY        2                         3     -1        3
  MONTH TO DATE   46                        49     -3       86
  SINCE JUN 1     46                        49     -3       86
  SINCE JAN 1     74                        72      2      104
..................................................................


WIND (MPH)
  HIGHEST WIND SPEED    16   HIGHEST WIND DIRECTION    NE (50)
  HIGHEST GUST SPEED    21   HIGHEST GUST DIRECTION    NE (40)
  AVERAGE WIND SPEED     7.9


SKY COVER
  POSSIBLE SUNSHINE  MM
  AVERAGE SKY COVER 0.0


WEATHER CONDITIONS
 THE FOLLOWING WEATHER WAS RECORDED YESTERDAY.
  NO SIGNIFICANT WEATHER WAS OBSERVED.


RELATIVE HUMIDITY (PERCENT)
 HIGHEST    77           100 AM
 LOWEST     16           500 PM
 AVERAGE    47

..........................................................


THE PENDLETON OR CLIMATE NORMALS FOR TODAY
                         NORMAL    RECORD    YEAR
 MAXIMUM TEMPERATURE (F)   81       102      1992
                                             1929
 MINIMUM TEMPERATURE (F)   53        30      1904


SUNRISE AND SUNSET
JUNE 24 2017..........SUNRISE   507 AM PDT   SUNSET   849 PM PDT
JUNE 25 2017..........SUNRISE   507 AM PDT   SUNSET   849 PM PDT


-  INDICATES NEGATIVE NUMBERS.
R  INDICATES RECORD WAS SET OR TIED.
MM INDICATES DATA IS MISSING.
T  INDICATES TRACE AMOUNT.




$$
