000
CDUS46 KPDT 270029
CLIPDT

CLIMATE REPORT
NATIONAL WEATHER SERVICE PENDLETON OR
426 PM PST MON JAN 26 2015


...................................

...THE PENDLETON OR CLIMATE SUMMARY FOR JANUARY 26 2015...
VALID TODAY AS OF 0400 PM LOCAL TIME.

CLIMATE NORMAL PERIOD 1981 TO 2010
CLIMATE RECORD PERIOD 1890 TO 2015


WEATHER ITEM   OBSERVED TIME   RECORD YEAR NORMAL DEPARTURE LAST
                VALUE   (LST)  VALUE       VALUE  FROM      YEAR
                                                  NORMAL
..................................................................
TEMPERATURE (F)
 TODAY
  MAXIMUM         38    346 PM  67    1934  43     -5       27
  MINIMUM         32    647 AM -18    1957  30      2       24
  AVERAGE         35                        37     -2       26

PRECIPITATION (IN)
  TODAY            0.00          0.41 1975   0.04  -0.04     0.00
  MONTH TO DATE    0.72                      1.23  -0.51     0.38
  SINCE OCT 1      5.42                      5.23   0.19     2.17
  SINCE JAN 1      0.72                      1.23  -0.51     0.38

SNOWFALL (IN)
  TODAY            0.0           5.8  1969   0.1   -0.1      0.0
  MONTH TO DATE    0.4                       3.2   -2.8       T
  SINCE JAN 1      0.4                       3.2   -2.8       T
  SINCE JUL 1      7.2                      10.7   -3.5      6.5
  SNOW DEPTH       0

DEGREE DAYS
 HEATING
  TODAY           30                        28      2       39
  MONTH TO DATE  750                       781    -31      777
  SINCE DEC 1   1641                      1765   -124     1852
  SINCE JUL 1   2771                      3018   -247     3235

 COOLING
  TODAY            0                         0      0        0
  MONTH TO DATE    0                         0      0        0
  SINCE DEC 1      0                         0      0        0
  SINCE JAN 1      0                         0      0        0
..................................................................


WIND (MPH)
  HIGHEST WIND SPEED    15   HIGHEST WIND DIRECTION    NW (300)
  HIGHEST GUST SPEED    16   HIGHEST GUST DIRECTION    NW (300)
  AVERAGE WIND SPEED     6.4


SKY COVER
  POSSIBLE SUNSHINE  MM
  AVERAGE SKY COVER 1.0


WEATHER CONDITIONS
 THE FOLLOWING WEATHER WAS RECORDED TODAY.
  FOG W/VISIBILITY <= 1/4 MILE


RELATIVE HUMIDITY (PERCENT)
 HIGHEST   100           300 AM
 LOWEST     92          1100 AM
 AVERAGE    96

..........................................................


THE PENDLETON OR CLIMATE NORMALS FOR TOMORROW
                         NORMAL    RECORD    YEAR
 MAXIMUM TEMPERATURE (F)   44        69      1934
 MINIMUM TEMPERATURE (F)   30       -22      1957


SUNRISE AND SUNSET
JANUARY 26 2015.......SUNRISE   724 AM PST   SUNSET   453 PM PST
JANUARY 27 2015.......SUNRISE   723 AM PST   SUNSET   454 PM PST


-  INDICATES NEGATIVE NUMBERS.
R  INDICATES RECORD WAS SET OR TIED.
MM INDICATES DATA IS MISSING.
T  INDICATES TRACE AMOUNT.




$$
