000
CDUS46 KPDT 310828
CLIPDT

CLIMATE REPORT
NATIONAL WEATHER SERVICE PENDLETON OR
126 AM PDT MON AUG 31 2015


...................................

...THE PENDLETON OR CLIMATE SUMMARY FOR AUGUST 30 2015...

CLIMATE NORMAL PERIOD 1981 TO 2010
CLIMATE RECORD PERIOD 1890 TO 2015


WEATHER ITEM   OBSERVED TIME   RECORD YEAR NORMAL DEPARTURE LAST
                VALUE   (LST)  VALUE       VALUE  FROM      YEAR
                                                  NORMAL
..................................................................
TEMPERATURE (F)
 YESTERDAY
  MAXIMUM         73    339 PM 103    1967  83    -10       79
                                      1915
  MINIMUM         48    403 AM  37    1924  54     -6       59
                                      1912
  AVERAGE         61                        69     -8       69

PRECIPITATION (IN)
  YESTERDAY        T             0.77 1977   0.02  -0.02     0.02
  MONTH TO DATE    0.01                      0.37  -0.36     0.61
  SINCE OCT 1      9.71                     12.08  -2.37    10.11
  SINCE JAN 1      5.01                      8.08  -3.07     8.32

SNOWFALL (IN)
  YESTERDAY       MM             0.0  2002   0.0   MM        0.0
                                      2001
                                      1999
  MONTH TO DATE    0.0                       0.0    0.0      0.0
  SINCE JAN 1      0.4                       7.7   -7.3     15.2
  SINCE JUL 1      0.0                       0.0    0.0      0.0
  SNOW DEPTH       0

DEGREE DAYS
 HEATING
  YESTERDAY        4                         1      3        0
  MONTH TO DATE    7                         7      0        0
  SINCE JUN 1     17                       101    -84       45
  SINCE JUL 1      7                        18    -11        2

 COOLING
  YESTERDAY        0                         5     -5        4
  MONTH TO DATE  242                       219     23      278
  SINCE JUN 1    849                       544    305      739
  SINCE JAN 1    876                       567    309      761
..................................................................


WIND (MPH)
  HIGHEST WIND SPEED    23   HIGHEST WIND DIRECTION     W (270)
  HIGHEST GUST SPEED    30   HIGHEST GUST DIRECTION     W (280)
  AVERAGE WIND SPEED    11.1


SKY COVER
  POSSIBLE SUNSHINE  MM
  AVERAGE SKY COVER 0.5


WEATHER CONDITIONS
 THE FOLLOWING WEATHER WAS RECORDED YESTERDAY.
  LIGHT RAIN


RELATIVE HUMIDITY (PERCENT)
 HIGHEST    72           100 PM
 LOWEST     35           400 PM
 AVERAGE    54

..........................................................


THE PENDLETON OR CLIMATE NORMALS FOR TODAY
                         NORMAL    RECORD    YEAR
 MAXIMUM TEMPERATURE (F)   83       101      1967
                                             1911
                                             1893
 MINIMUM TEMPERATURE (F)   54        30      1907


SUNRISE AND SUNSET
AUGUST 31 2015........SUNRISE   615 AM PDT   SUNSET   735 PM PDT
SEPTEMBER  1 2015.....SUNRISE   616 AM PDT   SUNSET   734 PM PDT


-  INDICATES NEGATIVE NUMBERS.
R  INDICATES RECORD WAS SET OR TIED.
MM INDICATES DATA IS MISSING.
T  INDICATES TRACE AMOUNT.




$$
