000
CDUS46 KPDT 271049
CLIPDT

PDTCLIPDM 000
TTAA00 KPDT 270845


CLIMATE REPORT
NATIONAL WEATHER SERVICE PENDLETON OR
349 AM PDT WED MAY 27 2015

...................................

...THE PENDLETON OR CLIMATE SUMMARY FOR MAY 26 2015...

CLIMATE NORMAL PERIOD 1981 TO 2010
CLIMATE RECORD PERIOD 1890 TO 2015


WEATHER ITEM   OBSERVED TIME   RECORD YEAR NORMAL DEPARTURE LAST
                VALUE   (LST)  VALUE       VALUE  FROM      YEAR
                                                  NORMAL
..................................................................
TEMPERATURE (F)
 YESTERDAY
  MAXIMUM         77    347 PM  99    1936  73      4       75
  MINIMUM         48    428 AM  29    1918  48      0       48
  AVERAGE         63                        60      3       62

PRECIPITATION (IN)
  YESTERDAY        0.00          0.82 1953   0.05  -0.05     0.00
  MONTH TO DATE    1.29                      1.11   0.18     0.83
  SINCE OCT 1      9.12                     10.17  -1.05     8.26
  SINCE JAN 1      4.42                      6.17  -1.75     6.47

SNOWFALL (IN)
  YESTERDAY        0.0           0.0  2002   0.0    0.0      0.0
                                      2001
                                      2000
  MONTH TO DATE    0.0                       0.0    0.0      0.0
  SINCE JAN 1      0.4                       7.7   -7.3     15.2
  SINCE JUL 1      7.2                      15.2   -8.0     21.7
  SNOW DEPTH       0

DEGREE DAYS
 HEATING
  YESTERDAY        2                         6     -4        3
  MONTH TO DATE  155                       220    -65      140
  SINCE MAR 1   1101                      1268   -167     1153
  SINCE JUL 1   4594                      5167   -573     5418

COOLING
  YESTERDAY        0                         1     -1        0
  MONTH TO DATE    3                        17    -14       18
  SINCE MAR 1      3                        18    -15       18
  SINCE JAN 1      3                        18    -15       18
..................................................................


WIND (MPH)
  HIGHEST WIND SPEED    18   HIGHEST WIND DIRECTION    NE (40)
  HIGHEST GUST SPEED    23   HIGHEST GUST DIRECTION    NE (30)
  AVERAGE WIND SPEED     6.0

SKY COVER
  POSSIBLE SUNSHINE  MM
  AVERAGE SKY COVER 0.3

WEATHER CONDITIONS
 THE FOLLOWING WEATHER WAS RECORDED YESTERDAY.
  NO SIGNIFICANT WEATHER WAS OBSERVED.


RELATIVE HUMIDITY (PERCENT)
 HIGHEST    83           100 AM
 LOWEST     33           400 PM
 AVERAGE    58

..........................................................


THE PENDLETON OR CLIMATE NORMALS FOR TODAY
                         NORMAL    RECORD    YEAR
 MAXIMUM TEMPERATURE (F)   73        99      1934
 MINIMUM TEMPERATURE (F)   48        33      1932


SUNRISE AND SUNSET
MAY 27 2015...........SUNRISE   513 AM PDT   SUNSET   833 PM PDT
MAY 28 2015...........SUNRISE   512 AM PDT   SUNSET   834 PM PDT


-  INDICATES NEGATIVE NUMBERS.
R  INDICATES RECORD WAS SET OR TIED.
MM INDICATES DATA IS MISSING.
T  INDICATES TRACE AMOUNT.

$$
