000
CDUS46 KPDT 230859
CLIPDT

CLIMATE REPORT
NATIONAL WEATHER SERVICE PENDLETON OR
159 AM PDT MON OCT 23 2017


...................................

...THE PENDLETON OR CLIMATE SUMMARY FOR OCTOBER 22 2017...

CLIMATE NORMAL PERIOD 1981 TO 2010
CLIMATE RECORD PERIOD 1890 TO 2017


WEATHER ITEM   OBSERVED TIME   RECORD YEAR NORMAL DEPARTURE LAST
                VALUE   (LST)  VALUE       VALUE  FROM      YEAR
                                                  NORMAL
..................................................................
TEMPERATURE (F)
 YESTERDAY
  MAXIMUM         63    352 AM  82    1924  61      2       59
                                      1915
  MINIMUM         44   1159 PM  16    1911  39      5       41
  AVERAGE         54                        50      4       50

PRECIPITATION (IN)
  YESTERDAY        0.03          0.55 1923   0.04  -0.01     0.00
  MONTH TO DATE    1.41                      0.63   0.78     1.46
  SINCE OCT 1      1.41                      0.63   0.78     1.46
  SINCE JAN 1     13.70                      9.29   4.41     9.53

SNOWFALL (IN)
  YESTERDAY        0.0           0.0  2002   0.0    0.0      0.0
                                      2001
                                      1999
  MONTH TO DATE    0.0                       0.0    0.0      0.0
  SINCE JAN 1     25.9                       7.7   18.2       T
  SINCE JUL 1      0.0                       0.0    0.0      0.0
  SNOW DEPTH       0

DEGREE DAYS
 HEATING
  YESTERDAY       11                        15     -4       15
  MONTH TO DATE  287                       254     33      248
  SINCE SEP 1    402                       366     36      365
  SINCE JUL 1    404                       388     16      367

 COOLING
  YESTERDAY        0                         0      0        0
  MONTH TO DATE    0                         0      0        0
  SINCE SEP 1    113                        64     49       17
  SINCE JAN 1    894                       634    260      605
..................................................................


WIND (MPH)
  HIGHEST WIND SPEED    38   HIGHEST WIND DIRECTION     W (260)
  HIGHEST GUST SPEED    49   HIGHEST GUST DIRECTION     W (260)
  AVERAGE WIND SPEED    18.0


SKY COVER
  POSSIBLE SUNSHINE  MM
  AVERAGE SKY COVER 0.6


WEATHER CONDITIONS
 THE FOLLOWING WEATHER WAS RECORDED YESTERDAY.
  LIGHT RAIN
  FOG


RELATIVE HUMIDITY (PERCENT)
 HIGHEST    77           500 AM
 LOWEST     51           200 PM
 AVERAGE    64

..........................................................


THE PENDLETON OR CLIMATE NORMALS FOR TODAY
                         NORMAL    RECORD    YEAR
 MAXIMUM TEMPERATURE (F)   60        82      1933
 MINIMUM TEMPERATURE (F)   38        19      1916


SUNRISE AND SUNSET
OCTOBER 23 2017.......SUNRISE   723 AM PDT   SUNSET   555 PM PDT
OCTOBER 24 2017.......SUNRISE   725 AM PDT   SUNSET   554 PM PDT


-  INDICATES NEGATIVE NUMBERS.
R  INDICATES RECORD WAS SET OR TIED.
MM INDICATES DATA IS MISSING.
T  INDICATES TRACE AMOUNT.




$$
