000
CDUS46 KPDT 280037
CLIPDT

CLIMATE REPORT
NATIONAL WEATHER SERVICE PENDLETON OR
526 PM PDT SAT AUG 27 2016


...................................

...THE PENDLETON OR CLIMATE SUMMARY FOR AUGUST 27 2016...
VALID TODAY AS OF 0500 PM LOCAL TIME.

CLIMATE NORMAL PERIOD 1981 TO 2010
CLIMATE RECORD PERIOD 1890 TO 2016


WEATHER ITEM   OBSERVED TIME   RECORD YEAR NORMAL DEPARTURE LAST
                VALUE   (LST)  VALUE       VALUE  FROM      YEAR
                                                  NORMAL
..................................................................
TEMPERATURE (F)
 TODAY
  MAXIMUM         93    126 PM 103    1916  84      9       94
  MINIMUM         61    518 AM  40    1911  55      6       60
                                      1909
                                      1897
  AVERAGE         77                        69      8       77

PRECIPITATION (IN)
  TODAY            0.00          0.52 1899   0.02  -0.02     0.00
  MONTH TO DATE    0.07                      0.32  -0.25      T
  SINCE OCT 1     11.66                     12.03  -0.37     9.70
  SINCE JAN 1      7.39                      8.03  -0.64     5.00

SNOWFALL (IN)
  TODAY            0.0           0.0  2002   0.0    0.0      0.0
                                      2001
                                      1999
  MONTH TO DATE    0.0                       0.0    0.0      0.0
  SINCE JAN 1      T                         7.7   -7.7      0.4
  SINCE JUL 1      0.0                       0.0    0.0      0.0
  SNOW DEPTH       0

DEGREE DAYS
 HEATING
  TODAY            0                         1     -1        0
  MONTH TO DATE    2                         4     -2        3
  SINCE JUN 1     71                        98    -27       13
  SINCE JUL 1      2                        15    -13        3

 COOLING
  TODAY           12                         5      7       12
  MONTH TO DATE  203                       204     -1      229
  SINCE JUN 1    546                       529     17      836
  SINCE JAN 1    564                       552     12      863
..................................................................


WIND (MPH)
  HIGHEST WIND SPEED    32   HIGHEST WIND DIRECTION     W (280)
  HIGHEST GUST SPEED    43   HIGHEST GUST DIRECTION     W (260)
  AVERAGE WIND SPEED    16.4


SKY COVER
  POSSIBLE SUNSHINE  MM
  AVERAGE SKY COVER 0.0


WEATHER CONDITIONS
THE FOLLOWING WEATHER WAS RECORDED TODAY.
  NO SIGNIFICANT WEATHER WAS OBSERVED.


RELATIVE HUMIDITY (PERCENT)
 HIGHEST    36           500 AM
 LOWEST     16           100 PM
 AVERAGE    26

..........................................................


THE PENDLETON OR CLIMATE NORMALS FOR TOMORROW
                         NORMAL    RECORD    YEAR
 MAXIMUM TEMPERATURE (F)   84       105      1972
 MINIMUM TEMPERATURE (F)   55        37      1909


SUNRISE AND SUNSET
AUGUST 27 2016........SUNRISE   611 AM PDT   SUNSET   741 PM PDT
AUGUST 28 2016........SUNRISE   612 AM PDT   SUNSET   740 PM PDT


-  INDICATES NEGATIVE NUMBERS.
R  INDICATES RECORD WAS SET OR TIED.
MM INDICATES DATA IS MISSING.
T  INDICATES TRACE AMOUNT.




$$
