000
CDUS46 KPDT 140026
CLIPDT

CLIMATE REPORT
NATIONAL WEATHER SERVICE PENDLETON OR
526 PM PDT SUN JUL 13 2014


...................................

...THE PENDLETON OR CLIMATE SUMMARY FOR JULY 13 2014...
VALID TODAY AS OF 0500 PM LOCAL TIME.

CLIMATE NORMAL PERIOD 1981 TO 2010
CLIMATE RECORD PERIOD 1890 TO 2014


WEATHER ITEM   OBSERVED TIME   RECORD YEAR NORMAL DEPARTURE LAST
                VALUE   (LST)  VALUE       VALUE  FROM      YEAR
                                                  NORMAL
..................................................................
TEMPERATURE (F)
 TODAY
  MAXIMUM        104    311 PM 109    1930  88     16       84
  MINIMUM         65    438 AM  40    1917  57      8       49
  AVERAGE         85                        72     13       67

PRECIPITATION (IN)
  TODAY            0.00          1.04 1993   0.02  -0.02     0.00
  MONTH TO DATE    0.00                      0.17  -0.17     0.01
  SINCE OCT 1      9.28                     11.56  -2.28     9.36
  SINCE JAN 1      7.49                      7.56  -0.07     4.92

SNOWFALL (IN)
  TODAY            0.0           T    2002   0.0    0.0      0.0
  MONTH TO DATE    0.0                       0.0    0.0      0.0
  SINCE JAN 1     15.2                       7.7    7.5      0.2
  SINCE JUL 1      0.0                       0.0    0.0      0.0
  SNOW DEPTH       0

DEGREE DAYS
 HEATING
  TODAY            0                         0      0        0
  MONTH TO DATE    0                         7     -7        0
  SINCE JUN 1     43                        90    -47       80
  SINCE JUL 1      0                         7     -7        0

 COOLING
  TODAY           20                         8     12        2
  MONTH TO DATE  179                        83     96      140
  SINCE JUN 1    239                       162     77      235
  SINCE JAN 1    261                       185     76      266
..................................................................


WIND (MPH)
  HIGHEST WIND SPEED    24   HIGHEST WIND DIRECTION     N (20)
  HIGHEST GUST SPEED    32   HIGHEST GUST DIRECTION     N (20)
  AVERAGE WIND SPEED    10.0


SKY COVER
  POSSIBLE SUNSHINE  MM
  AVERAGE SKY COVER 0.0


WEATHER CONDITIONS
 THE FOLLOWING WEATHER WAS RECORDED TODAY.
  NO SIGNIFICANT WEATHER WAS OBSERVED.


RELATIVE HUMIDITY (PERCENT)
 HIGHEST    42           300 AM
 LOWEST      9          1200 PM
 AVERAGE    26

..........................................................


THE PENDLETON OR CLIMATE NORMALS FOR TOMORROW
                         NORMAL    RECORD    YEAR
 MAXIMUM TEMPERATURE (F)   88       109      1911
 MINIMUM TEMPERATURE (F)   57        41      1913


SUNRISE AND SUNSET
JULY 13 2014..........SUNRISE   519 AM PDT   SUNSET   843 PM PDT
JULY 14 2014..........SUNRISE   520 AM PDT   SUNSET   842 PM PDT


-  INDICATES NEGATIVE NUMBERS.
R  INDICATES RECORD WAS SET OR TIED.
MM INDICATES DATA IS MISSING.
T  INDICATES TRACE AMOUNT.




$$
