000
CDUS46 KPDT 290910
CLIPDT

CLIMATE REPORT
NATIONAL WEATHER SERVICE PENDLETON OR
157 AM PDT FRI AUG 29 2014


...................................

...THE PENDLETON OR CLIMATE SUMMARY FOR AUGUST 28 2014...

CLIMATE NORMAL PERIOD 1981 TO 2010
CLIMATE RECORD PERIOD 1890 TO 2014


WEATHER ITEM   OBSERVED TIME   RECORD YEAR NORMAL DEPARTURE LAST
                VALUE   (LST)  VALUE       VALUE  FROM      YEAR
                                                  NORMAL
..................................................................
TEMPERATURE (F)
 YESTERDAY
  MAXIMUM         89    342 PM 105    1972  84      5       91
  MINIMUM         59   1156 PM  37    1909  55      4       56
  AVERAGE         74                        69      5       74

PRECIPITATION (IN)
  YESTERDAY        0.00          0.36 1927   0.01  -0.01     0.00
  MONTH TO DATE    0.59                      0.33   0.26     0.32
  SINCE OCT 1     10.09                     12.04  -1.95     9.73
  SINCE JAN 1      8.30                      8.04   0.26     5.29

SNOWFALL (IN)
  YESTERDAY        0.0           0.0  2002   0.0    0.0      0.0
                                      2001
                                      1999
  MONTH TO DATE    0.0                       0.0    0.0       T
  SINCE JAN 1     15.2                       7.7    7.5      0.2
  SINCE JUL 1      0.0                       0.0    0.0       T
  SNOW DEPTH       0

DEGREE DAYS
 HEATING
  YESTERDAY        0                         1     -1        0
  MONTH TO DATE    0                         5     -5        0
  SINCE JUN 1     45                        99    -54       80
  SINCE JUL 1      2                        16    -14        0

 COOLING
  YESTERDAY        9                         5      4        9
  MONTH TO DATE  268                       209     59      233
  SINCE JUN 1    729                       534    195      656
  SINCE JAN 1    751                       557    194      687
..................................................................


WIND (MPH)
  HIGHEST WIND SPEED    26   HIGHEST WIND DIRECTION     W (280)
  HIGHEST GUST SPEED    32   HIGHEST GUST DIRECTION     W (280)
  AVERAGE WIND SPEED    11.7


SKY COVER
  POSSIBLE SUNSHINE  MM
  AVERAGE SKY COVER 0.0


WEATHER CONDITIONS
 THE FOLLOWING WEATHER WAS RECORDED YESTERDAY.
  NO SIGNIFICANT WEATHER WAS OBSERVED.


RELATIVE HUMIDITY (PERCENT)
 HIGHEST    58           400 AM
 LOWEST     10           400 PM
 AVERAGE    34

..........................................................


THE PENDLETON OR CLIMATE NORMALS FOR TODAY
                         NORMAL    RECORD    YEAR
 MAXIMUM TEMPERATURE (F)   83       106      1915
 MINIMUM TEMPERATURE (F)   54        36      1927


SUNRISE AND SUNSET
AUGUST 29 2014........SUNRISE   613 AM PDT   SUNSET   739 PM PDT
AUGUST 30 2014........SUNRISE   614 AM PDT   SUNSET   737 PM PDT


-  INDICATES NEGATIVE NUMBERS.
R  INDICATES RECORD WAS SET OR TIED.
MM INDICATES DATA IS MISSING.
T  INDICATES TRACE AMOUNT.




$$
