000
CDUS46 KPDT 280926
CLIPDT

CLIMATE REPORT
NATIONAL WEATHER SERVICE PENDLETON OR
126 AM PST SAT FEB 28 2015


...................................

...THE PENDLETON OR CLIMATE SUMMARY FOR FEBRUARY 27 2015...

CLIMATE NORMAL PERIOD 1981 TO 2010
CLIMATE RECORD PERIOD 1890 TO 2015


WEATHER ITEM   OBSERVED TIME   RECORD YEAR NORMAL DEPARTURE LAST
                VALUE   (LST)  VALUE       VALUE  FROM      YEAR
                                                  NORMAL
..................................................................
TEMPERATURE (F)
 YESTERDAY
  MAXIMUM         50   1155 AM  69    1926  50      0       37
  MINIMUM         37    447 AM   0    1993  32      5       31
  AVERAGE         44                        41      3       34

PRECIPITATION (IN)
  YESTERDAY        0.02          0.31 1999   0.04  -0.02     0.01
  MONTH TO DATE    0.83                      1.07  -0.24     1.63
  SINCE OCT 1      6.25                      6.50  -0.25     4.15
  SINCE JAN 1      1.55                      2.50  -0.95     2.36

SNOWFALL (IN)
  YESTERDAY        0.0           1.0  1930   0.0    0.0      0.0
  MONTH TO DATE    0.0                       3.2   -3.2     14.2
  SINCE JAN 1      0.4                       6.9   -6.5     14.2
  SINCE JUL 1      7.2                      14.4   -7.2     20.7
  SNOW DEPTH       0

DEGREE DAYS
 HEATING
  YESTERDAY       21                        24     -3       31
  MONTH TO DATE  553                       718   -165      857
  SINCE DEC 1   2334                      2623   -289     2857
  SINCE JUL 1   3464                      3876   -412     4240

 COOLING
  YESTERDAY        0                         0      0        0
  MONTH TO DATE    0                         0      0        0
  SINCE DEC 1      0                         0      0        0
  SINCE JAN 1      0                         0      0        0
..................................................................


WIND (MPH)
  HIGHEST WIND SPEED    15   HIGHEST WIND DIRECTION     W (290)
  HIGHEST GUST SPEED    17   HIGHEST GUST DIRECTION     W (290)
  AVERAGE WIND SPEED     6.9


SKY COVER
  POSSIBLE SUNSHINE  MM
  AVERAGE SKY COVER 0.9


WEATHER CONDITIONS
THE FOLLOWING WEATHER WAS RECORDED YESTERDAY.
  LIGHT RAIN
  FOG


RELATIVE HUMIDITY (PERCENT)
 HIGHEST    93           800 PM
 LOWEST     56          1200 PM
 AVERAGE    75

..........................................................


THE PENDLETON OR CLIMATE NORMALS FOR TODAY
                         NORMAL    RECORD    YEAR
 MAXIMUM TEMPERATURE (F)   50        74      1902
 MINIMUM TEMPERATURE (F)   32         3      1911


SUNRISE AND SUNSET
FEBRUARY 28 2015......SUNRISE   636 AM PST   SUNSET   541 PM PST
MARCH  1 2015.........SUNRISE   634 AM PST   SUNSET   542 PM PST


-  INDICATES NEGATIVE NUMBERS.
R  INDICATES RECORD WAS SET OR TIED.
MM INDICATES DATA IS MISSING.
T  INDICATES TRACE AMOUNT.

$$
