000
CDUS46 KPQR 270221
CLIPDX


CLIMATE REPORT
NATIONAL WEATHER SERVICE PORTLAND OREGON
720 PM PDT TUE AUG 26 2014


...................................

...THE PORTLAND OR CLIMATE SUMMARY FOR AUGUST 26 2014...
VALID TODAY AS OF 0700 PM LOCAL TIME.

CLIMATE NORMAL PERIOD 1981 TO 2010
CLIMATE RECORD PERIOD 1940 TO 2014


WEATHER ITEM   OBSERVED TIME   RECORD YEAR NORMAL DEPARTURE LAST
                VALUE   (LST)  VALUE       VALUE  FROM      YEAR
                                                  NORMAL
..................................................................
TEMPERATURE (F)
 TODAY
  MAXIMUM         93    436 PM 100    1986  80     13       80
  MINIMUM         63    545 AM  46    1962  57      6       61
  AVERAGE         78                        69      9       71

PRECIPITATION (IN)
  TODAY            0.00          0.44 1953   0.02  -0.02     0.21
  MONTH TO DATE    0.01                      0.51  -0.50     0.36
  SINCE OCT 1     29.97                     34.40  -4.43    36.79
  SINCE JAN 1     24.15                     20.28   3.87    14.86

DEGREE DAYS
 HEATING
  TODAY            0                         0      0        0
  MONTH TO DATE    0                         0      0        3
  SINCE JUN 1     63                       108    -45       54
  SINCE JUL 1      1                        17    -16        5

 COOLING
  TODAY           13                         4      9        6
  MONTH TO DATE  230                       134     96      163
  SINCE JUN 1    479                       328    151      398
  SINCE JAN 1    507                       345    162      413
..................................................................


WIND (MPH)
  HIGHEST WIND SPEED    13   HIGHEST WIND DIRECTION    NW (310)
  HIGHEST GUST SPEED    17   HIGHEST GUST DIRECTION    NW (320)
  AVERAGE WIND SPEED     5.0



WEATHER CONDITIONS
 THE FOLLOWING WEATHER WAS RECORDED TODAY.
  NO SIGNIFICANT WEATHER WAS OBSERVED.


RELATIVE HUMIDITY (PERCENT)
 HIGHEST    73           300 AM
 LOWEST     21           200 PM
 AVERAGE    47

..........................................................


THE PORTLAND OR CLIMATE NORMALS FOR TOMORROW
                         NORMAL    RECORD    YEAR
 MAXIMUM TEMPERATURE (F)   80        97      1972
 MINIMUM TEMPERATURE (F)   57        47      1964
                                             1962


SUNRISE AND SUNSET
AUGUST 26 2014........SUNRISE   624 AM PDT   SUNSET   759 PM PDT
AUGUST 27 2014........SUNRISE   626 AM PDT   SUNSET   757 PM PDT


-  INDICATES NEGATIVE NUMBERS.
R  INDICATES RECORD WAS SET OR TIED.
MM INDICATES DATA IS MISSING.
T  INDICATES TRACE AMOUNT.




$$
