000
CDUS46 KPQR 241141
CLIPDX


CLIMATE REPORT
NATIONAL WEATHER SERVICE PORTLAND OREGON
440 AM PDT THU JUL 24 2014


...................................

...THE PORTLAND OR CLIMATE SUMMARY FOR JULY 23 2014...

CLIMATE NORMAL PERIOD 1981 TO 2010
CLIMATE RECORD PERIOD 1940 TO 2014


WEATHER ITEM   OBSERVED TIME   RECORD YEAR NORMAL DEPARTURE LAST
                VALUE   (LST)  VALUE       VALUE  FROM      YEAR
                                                  NORMAL
..................................................................
TEMPERATURE (F)
 YESTERDAY
  MAXIMUM         68    709 AM 103    2004  82    -14       89
  MINIMUM         59   1015 PM  46    1963  59      0       59
  AVERAGE         64                        70     -6       74

PRECIPITATION (IN)
  YESTERDAY        0.62R         0.06 1959   0.02   0.60     0.00
                                      1949
  MONTH TO DATE    1.04                      0.53   0.51      T
  SINCE OCT 1     29.95                     33.77  -3.82    36.43
  SINCE JAN 1     24.13                     19.65   4.48    14.50

DEGREE DAYS
 HEATING
  YESTERDAY        1                         0      1        0
  MONTH TO DATE    1                        15    -14        1
  SINCE JUN 1     63                       106    -43       50
  SINCE JUL 1      1                        15    -14        1

 COOLING
  YESTERDAY        0                         6     -6        9
  MONTH TO DATE  158                       101     57      126
  SINCE JUN 1    187                       148     39      193
  SINCE JAN 1    215                       165     50      208
..................................................................


WIND (MPH)
  HIGHEST WIND SPEED    18   HIGHEST WIND DIRECTION     W (250)
  HIGHEST GUST SPEED    23   HIGHEST GUST DIRECTION    SW (230)
  AVERAGE WIND SPEED     8.9


SKY COVER
  POSSIBLE SUNSHINE  MM
  AVERAGE SKY COVER 0.8


WEATHER CONDITIONS
 THE FOLLOWING WEATHER WAS RECORDED YESTERDAY.
  HEAVY RAIN
  RAIN
  LIGHT RAIN
  FOG


RELATIVE HUMIDITY (PERCENT)
 HIGHEST    97          1200 PM
 LOWEST     60           700 PM
 AVERAGE    79

..........................................................


THE PORTLAND OR CLIMATE NORMALS FOR TODAY
                         NORMAL    RECORD    YEAR
 MAXIMUM TEMPERATURE (F)   82       100      2004
                                             1984
 MINIMUM TEMPERATURE (F)   59        50      1973
                                             1964


SUNRISE AND SUNSET
JULY 24 2014..........SUNRISE   545 AM PDT   SUNSET   848 PM PDT
JULY 25 2014..........SUNRISE   546 AM PDT   SUNSET   847 PM PDT


-  INDICATES NEGATIVE NUMBERS.
R  INDICATES RECORD WAS SET OR TIED.
MM INDICATES DATA IS MISSING.
T  INDICATES TRACE AMOUNT.




$$
