000
CDUS46 KPQR 270221
CLIPDX


CLIMATE REPORT
NATIONAL WEATHER SERVICE PORTLAND OREGON
721 PM PDT MON JUN 26 2017


...................................

...THE PORTLAND OR CLIMATE SUMMARY FOR JUNE 26 2017...
VALID TODAY AS OF 0700 PM LOCAL TIME.

CLIMATE NORMAL PERIOD 1981 TO 2010
CLIMATE RECORD PERIOD 1940 TO 2017


WEATHER ITEM   OBSERVED TIME   RECORD YEAR NORMAL DEPARTURE LAST
                VALUE   (LST)  VALUE       VALUE  FROM      YEAR
                                                  NORMAL
..................................................................
TEMPERATURE (F)
 TODAY
  MAXIMUM         78    437 PM 102    2006  76      2       89
  MINIMUM         59    538 AM  45    1976  55      4       58
                                      1974
  AVERAGE         69                        66      3       74

PRECIPITATION (IN)
  TODAY            T             0.58 1969   0.04  -0.04     0.00
  MONTH TO DATE    1.08                      1.56  -0.48     1.42
  SINCE OCT 1     49.01                     33.10  15.91    44.58
  SINCE JAN 1     29.26                     18.98  10.28    21.16

SNOWFALL (IN)
  TODAY            0.0          MM      MM
  MONTH TO DATE    0.0
  SINCE JUN 1      0.0
  SINCE JUL 1     11.2

DEGREE DAYS
 HEATING
  TODAY            0                         2     -2        0
  MONTH TO DATE   69                        84    -15       67
  SINCE JUN 1     69                        84    -15       67
  SINCE JUL 1   4421                      4271    150     3455

 COOLING
  TODAY            4                         2      2        9
  MONTH TO DATE   74                        36     38       87
  SINCE JUN 1     74                        36     38       87
  SINCE JAN 1    115                        53     62      136
..................................................................


WIND (MPH)
  HIGHEST WIND SPEED    13   HIGHEST WIND DIRECTION    NW (310)
  HIGHEST GUST SPEED    15   HIGHEST GUST DIRECTION    NW (320)
  AVERAGE WIND SPEED     5.7



WEATHER CONDITIONS
 THE FOLLOWING WEATHER WAS RECORDED TODAY.
  THUNDERSTORM
  LIGHT RAIN


RELATIVE HUMIDITY (PERCENT)
 HIGHEST    80           400 AM
 LOWEST     50           400 PM
 AVERAGE    65

..........................................................


THE PORTLAND OR CLIMATE NORMALS FOR TOMORROW
                         NORMAL    RECORD    YEAR
 MAXIMUM TEMPERATURE (F)   76        98      2000
 MINIMUM TEMPERATURE (F)   55        41      1965


SUNRISE AND SUNSET
JUNE 26 2017..........SUNRISE   523 AM PDT   SUNSET   904 PM PDT
JUNE 27 2017..........SUNRISE   523 AM PDT   SUNSET   904 PM PDT


-  INDICATES NEGATIVE NUMBERS.
R  INDICATES RECORD WAS SET OR TIED.
MM INDICATES DATA IS MISSING.
T  INDICATES TRACE AMOUNT.




$$
