000
CDUS46 KPQR 261150
CLIPDX


CLIMATE REPORT
NATIONAL WEATHER SERVICE PORTLAND OREGON
450 AM PDT SUN MAR 26 2017


...................................

...THE PORTLAND OR CLIMATE SUMMARY FOR MARCH 25 2017...

CLIMATE NORMAL PERIOD 1981 TO 2010
CLIMATE RECORD PERIOD 1940 TO 2017


WEATHER ITEM   OBSERVED TIME   RECORD YEAR NORMAL DEPARTURE LAST
                VALUE   (LST)  VALUE       VALUE  FROM      YEAR
                                                  NORMAL
..................................................................
TEMPERATURE (F)
 YESTERDAY
  MAXIMUM         55    240 PM  74    1966  58     -3       57
  MINIMUM         41    600 AM  30    1970  41      0       42
  AVERAGE         48                        50     -2       50

PRECIPITATION (IN)
  YESTERDAY        T             1.23 1962   0.11  -0.11     0.01
  MONTH TO DATE    6.34                      3.04   3.30     4.60
  SINCE OCT 1     40.58                     25.70  14.88    39.35
  SINCE JAN 1     20.83                     11.58   9.25    15.93

SNOWFALL (IN)
  YESTERDAY       MM             0.3  1965
  MONTH TO DATE    T
  SINCE MAR 1      T
  SINCE JUL 1     11.2

DEGREE DAYS
 HEATING
  YESTERDAY       17                        15      2       15
  MONTH TO DATE  441                       432      9      372
  SINCE MAR 1    441                       432      9      372
  SINCE JUL 1   3646                      3490    156     2975

 COOLING
  YESTERDAY        0                         0      0        0
  MONTH TO DATE    0                         0      0        0
  SINCE MAR 1      0                         0      0        0
  SINCE JAN 1      0                         0      0        0
..................................................................


WIND (MPH)
  HIGHEST WIND SPEED    14   HIGHEST WIND DIRECTION    SW (230)
  HIGHEST GUST SPEED    18   HIGHEST GUST DIRECTION     S (200)
  AVERAGE WIND SPEED     6.5


SKY COVER
  POSSIBLE SUNSHINE  MM
  AVERAGE SKY COVER 0.8


WEATHER CONDITIONS
 THE FOLLOWING WEATHER WAS RECORDED YESTERDAY.
  NO SIGNIFICANT WEATHER WAS OBSERVED.


RELATIVE HUMIDITY (PERCENT)
 HIGHEST    96           200 AM
 LOWEST     47           200 PM
 AVERAGE    72

..........................................................


THE PORTLAND OR CLIMATE NORMALS FOR TODAY
                         NORMAL    RECORD    YEAR
 MAXIMUM TEMPERATURE (F)   58        73      2015
                                             1994
 MINIMUM TEMPERATURE (F)   41        31      1996
                                             1995
                                             1957


SUNRISE AND SUNSET
MARCH 26 2017.........SUNRISE   701 AM PDT   SUNSET   731 PM PDT
MARCH 27 2017.........SUNRISE   659 AM PDT   SUNSET   733 PM PDT


-  INDICATES NEGATIVE NUMBERS.
R  INDICATES RECORD WAS SET OR TIED.
MM INDICATES DATA IS MISSING.
T  INDICATES TRACE AMOUNT.




$$
