000
CDUS46 KPQR 300226
CLIPDX


CLIMATE REPORT
NATIONAL WEATHER SERVICE PORTLAND OREGON
725 PM PDT SAT APR 29 2017


...................................

...THE PORTLAND OR CLIMATE SUMMARY FOR APRIL 29 2017...
VALID TODAY AS OF 0700 PM LOCAL TIME.

CLIMATE NORMAL PERIOD 1981 TO 2010
CLIMATE RECORD PERIOD 1940 TO 2017


WEATHER ITEM   OBSERVED TIME   RECORD YEAR NORMAL DEPARTURE LAST
                VALUE   (LST)  VALUE       VALUE  FROM      YEAR
                                                  NORMAL
..................................................................
TEMPERATURE (F)
 TODAY
  MAXIMUM         64    358 PM  87    1957  64      0       60
  MINIMUM         39    512 AM  33    1952  45     -6       49
  AVERAGE         52                        55     -3       55

PRECIPITATION (IN)
  TODAY            0.01          0.62 1992   0.07  -0.06     0.08
  MONTH TO DATE    4.45                      2.65   1.80     1.96
  SINCE OCT 1     45.95                     28.99  16.96    41.44
  SINCE JAN 1     26.20                     14.87  11.33    18.02

SNOWFALL (IN)
  TODAY           MM             0.0  2016
  MONTH TO DATE    0.0
  SINCE MAR 1      T
  SINCE JUL 1     11.2

DEGREE DAYS
 HEATING
  TODAY           13                        11      2       10
  MONTH TO DATE  409                       374     35      218
  SINCE MAR 1    939                       896     43      667
  SINCE JUL 1   4144                      3954    190     3270

 COOLING
  TODAY            0                         0      0        0
  MONTH TO DATE    0                         0      0       18
  SINCE MAR 1      0                         0      0       18
  SINCE JAN 1      0                         0      0       18
..................................................................


WIND (MPH)
  HIGHEST WIND SPEED    12   HIGHEST WIND DIRECTION    SW (220)
  HIGHEST GUST SPEED    18   HIGHEST GUST DIRECTION    SW (210)
  AVERAGE WIND SPEED     4.8



WEATHER CONDITIONS
 THE FOLLOWING WEATHER WAS RECORDED TODAY.
  LIGHT RAIN


RELATIVE HUMIDITY (PERCENT)
 HIGHEST    93           400 AM
 LOWEST     31           300 PM
 AVERAGE    62

..........................................................


THE PORTLAND OR CLIMATE NORMALS FOR TOMORROW
                         NORMAL    RECORD    YEAR
 MAXIMUM TEMPERATURE (F)   64        90      1998
 MINIMUM TEMPERATURE (F)   45        33      1986
                                             1969
                                             1964


SUNRISE AND SUNSET
APRIL 29 2017.........SUNRISE   601 AM PDT   SUNSET   815 PM PDT
APRIL 30 2017.........SUNRISE   559 AM PDT   SUNSET   817 PM PDT


-  INDICATES NEGATIVE NUMBERS.
R  INDICATES RECORD WAS SET OR TIED.
MM INDICATES DATA IS MISSING.
T  INDICATES TRACE AMOUNT.




$$
