000
CDUS41 KPBZ 242218
CLIPHD


CLIMATE REPORT
NATIONAL WEATHER SERVICE PITTSBURGH PA
518 PM EST SAT JAN 24 2015


...................................

...THE NEW PHILADELPHIA OH CLIMATE SUMMARY FOR JANUARY 24 2015...
VALID TODAY AS OF 0500 PM LOCAL TIME.

CLIMATE NORMAL PERIOD 1981 TO 2010
CLIMATE RECORD PERIOD 1946 TO 2015


WEATHER ITEM   OBSERVED TIME   RECORD YEAR NORMAL DEPARTURE LAST
                VALUE   (LST)  VALUE       VALUE  FROM      YEAR
                                                  NORMAL
..................................................................
TEMPERATURE (F)
 TODAY
  MAXIMUM         34    359 PM  65    1967  38     -4       19
  MINIMUM         24   1000 AM -17    1963  21      3       -1
  AVERAGE         29                        29      0        9

PRECIPITATION (IN)
  TODAY            0.00         MM      MM   0.08  -0.08     0.00
  MONTH TO DATE    1.31                      2.03  -0.72     1.70
  SINCE JUN 1     26.04                     25.33   0.71    26.34
  SINCE JAN 1      1.31                      2.03  -0.72     1.70

DEGREE DAYS
 HEATING
  TODAY           36                        36      0       56
  MONTH TO DATE  913                       864     49      931
  SINCE DEC 1   1798                      1867    -69     1896
  SINCE JUL 1   3032                      3025      7     3132

 COOLING
  TODAY            0                         0      0        0
  MONTH TO DATE    0                         0      0        0
  SINCE DEC 1      0                         0      0        0
  SINCE JAN 1      0                         0      0        0
..................................................................


WIND (MPH)
  HIGHEST WIND SPEED    12   HIGHEST WIND DIRECTION     W (250)
  HIGHEST GUST SPEED    17   HIGHEST GUST DIRECTION     W (250)
  AVERAGE WIND SPEED     5.3


SKY COVER
  POSSIBLE SUNSHINE  MM
  AVERAGE SKY COVER 1.0


WEATHER CONDITIONS
 THE FOLLOWING WEATHER WAS RECORDED TODAY.
  FOG
  HAZE


RELATIVE HUMIDITY (PERCENT)
 HIGHEST    81           800 AM
 LOWEST     69           300 PM
 AVERAGE    75

..........................................................


THE NEW PHILADELPHIA OH CLIMATE NORMALS FOR TOMORROW
                         NORMAL    RECORD    YEAR
 MAXIMUM TEMPERATURE (F)   38        64      1972
 MINIMUM TEMPERATURE (F)   21       -16      1963


SUNRISE AND SUNSET
JANUARY 24 2015.......SUNRISE   742 AM EST   SUNSET   534 PM EST
JANUARY 25 2015.......SUNRISE   741 AM EST   SUNSET   535 PM EST


-  INDICATES NEGATIVE NUMBERS.
R  INDICATES RECORD WAS SET OR TIED.
MM INDICATES DATA IS MISSING.
T  INDICATES TRACE AMOUNT.




$$
