000
CDUS41 KPBZ 052215
CLIPHD


CLIMATE REPORT
NATIONAL WEATHER SERVICE PITTSBURGH PA
513 PM EST MON DEC 5 2016


...................................

...THE NEW PHILADELPHIA OH CLIMATE SUMMARY FOR DECEMBER 5 2016...
VALID TODAY AS OF 0500 PM LOCAL TIME.

CLIMATE NORMAL PERIOD 1981 TO 2010
CLIMATE RECORD PERIOD 1946 TO 2016


WEATHER ITEM   OBSERVED TIME   RECORD YEAR NORMAL DEPARTURE LAST
                VALUE   (LST)  VALUE       VALUE  FROM      YEAR
                                                  NORMAL
..................................................................
TEMPERATURE (F)
 TODAY
  MAXIMUM         42    330 AM  67    1982  44     -2       40
  MINIMUM         36    902 AM   2    1966  28      8       26
  AVERAGE         39                        36      3       33

PRECIPITATION (IN)
  TODAY            0.00         MM      MM   0.10  -0.10     0.00
  MONTH TO DATE    0.17                      0.47  -0.30     0.01
  SINCE JUN 1     17.11                     21.10  -3.99    15.13
  SINCE JAN 1     31.76                     36.70  -4.94    28.35

DEGREE DAYS
 HEATING
  TODAY           26                        29     -3       32
  MONTH TO DATE  136                       142     -6      124
  SINCE DEC 1    136                       142     -6      124
  SINCE JUL 1   1003                      1300   -297     1020

 COOLING
  TODAY            0                         0      0        0
  MONTH TO DATE    0                         0      0        0
  SINCE DEC 1      0                         0      0        0
  SINCE JAN 1   1339                       697    642      866
..................................................................


WIND (MPH)
  HIGHEST WIND SPEED    15   HIGHEST WIND DIRECTION     W (290)
  HIGHEST GUST SPEED    21   HIGHEST GUST DIRECTION     W (250)
  AVERAGE WIND SPEED     5.8


SKY COVER
  POSSIBLE SUNSHINE  MM
  AVERAGE SKY COVER 1.0


WEATHER CONDITIONS
 THE FOLLOWING WEATHER WAS RECORDED TODAY.
  FOG


RELATIVE HUMIDITY (PERCENT)
 HIGHEST   100          1200 AM
 LOWEST     64           400 PM
 AVERAGE    82

..........................................................


THE NEW PHILADELPHIA OH CLIMATE NORMALS FOR TOMORROW
                         NORMAL    RECORD    YEAR
 MAXIMUM TEMPERATURE (F)   44        72      2001
 MINIMUM TEMPERATURE (F)   27         8      1976


SUNRISE AND SUNSET
DECEMBER  5 2016......SUNRISE   734 AM EST   SUNSET   459 PM EST
DECEMBER  6 2016......SUNRISE   735 AM EST   SUNSET   459 PM EST


-  INDICATES NEGATIVE NUMBERS.
R  INDICATES RECORD WAS SET OR TIED.
MM INDICATES DATA IS MISSING.
T  INDICATES TRACE AMOUNT.




$$
