000
CDUS41 KPBZ 272122
CLIPHD


CLIMATE REPORT
NATIONAL WEATHER SERVICE PITTSBURGH PA
521 PM EDT THU APR 27 2017


...................................

...THE NEW PHILADELPHIA OH CLIMATE SUMMARY FOR APRIL 27 2017...
VALID TODAY AS OF 0500 PM LOCAL TIME.

CLIMATE NORMAL PERIOD 1981 TO 2010
CLIMATE RECORD PERIOD 1946 TO 2017


WEATHER ITEM   OBSERVED TIME   RECORD YEAR NORMAL DEPARTURE LAST
                VALUE   (LST)  VALUE       VALUE  FROM      YEAR
                                                  NORMAL
..................................................................
TEMPERATURE (F)
 TODAY
  MAXIMUM         80   1132 AM  86    1994  67     13       65
  MINIMUM         59    408 AM  25    1971  42     17       41
  AVERAGE         70                        54     16       53

PRECIPITATION (IN)
  TODAY            0.01         MM      MM   0.13  -0.12     0.00
  MONTH TO DATE    3.07                      3.04   0.03     3.35
  SINCE JUN 1     34.32                     34.34  -0.02    28.93
  SINCE JAN 1     13.74                     11.04   2.70    10.85

DEGREE DAYS
 HEATING
  TODAY            0                        11    -11       12
  MONTH TO DATE  256                       399   -143      415
  SINCE MAR 1   1009                      1178   -169      979
  SINCE JUL 1   4506                      5385   -879     4593

 COOLING
  TODAY            5                         0      5        0
  MONTH TO DATE   22                         0     22        0
  SINCE MAR 1     22                         1     21        0
  SINCE JAN 1     22                         1     21        0
..................................................................


WIND (MPH)
  HIGHEST WIND SPEED    20   HIGHEST WIND DIRECTION     S (170)
  HIGHEST GUST SPEED    31   HIGHEST GUST DIRECTION     S (200)
  AVERAGE WIND SPEED     8.7


SKY COVER
  POSSIBLE SUNSHINE  MM
  AVERAGE SKY COVER 0.2


WEATHER CONDITIONS
 THE FOLLOWING WEATHER WAS RECORDED TODAY.
  NO SIGNIFICANT WEATHER WAS OBSERVED.


RELATIVE HUMIDITY (PERCENT)
 HIGHEST    84           600 AM
 LOWEST     42          1200 PM
 AVERAGE    63

..........................................................


THE NEW PHILADELPHIA OH CLIMATE NORMALS FOR TOMORROW
                         NORMAL    RECORD    YEAR
 MAXIMUM TEMPERATURE (F)   67        90      1990
 MINIMUM TEMPERATURE (F)   42        27      1971


SUNRISE AND SUNSET
APRIL 27 2017.........SUNRISE   630 AM EDT   SUNSET   817 PM EDT
APRIL 28 2017.........SUNRISE   628 AM EDT   SUNSET   819 PM EDT


-  INDICATES NEGATIVE NUMBERS.
R  INDICATES RECORD WAS SET OR TIED.
MM INDICATES DATA IS MISSING.
T  INDICATES TRACE AMOUNT.




$$
