000
CDUS41 KPBZ 180809
CLIPHD


CLIMATE REPORT
NATIONAL WEATHER SERVICE PITTSBURGH PA
309 AM EST MON DEC 18 2017


...................................

...THE NEW PHILADELPHIA OH CLIMATE SUMMARY FOR DECEMBER 17 2017...

CLIMATE NORMAL PERIOD 1981 TO 2010
CLIMATE RECORD PERIOD 1948 TO 2017


WEATHER ITEM   OBSERVED TIME   RECORD YEAR NORMAL DEPARTURE LAST
                VALUE   (LST)  VALUE       VALUE  FROM      YEAR
                                                  NORMAL
..................................................................
TEMPERATURE (F)
 YESTERDAY
  MAXIMUM         39    250 PM  64    1984  40     -1       56
  MINIMUM         24            -8    1989  24      0       22
  AVERAGE         32                        32      0       39

PRECIPITATION (IN)
  YESTERDAY        0.02          1.72 2001   0.06  -0.04     1.39
  MONTH TO DATE    0.31                      1.50  -1.19     2.74
  SINCE JUN 1     19.62                     22.13  -2.51    19.68
  SINCE JAN 1     40.37                     37.73   2.64    34.33

DEGREE DAYS
 HEATING
  YESTERDAY       33                        33      0       26
  MONTH TO DATE  562                       519     43      610
  SINCE DEC 1    562                       519     43      610
  SINCE JUL 1   1564                      1677   -113     1477

 COOLING
  YESTERDAY        0                         0      0        0
  MONTH TO DATE    0                         0      0        0
  SINCE DEC 1      0                         0      0        0
  SINCE JAN 1    831                       697    134     1339
..................................................................


WIND (MPH)
  HIGHEST WIND SPEED     8   HIGHEST WIND DIRECTION    SE (140)
  HIGHEST GUST SPEED    12   HIGHEST GUST DIRECTION    SE (150)
  AVERAGE WIND SPEED     3.1


SKY COVER
  POSSIBLE SUNSHINE  MM
  AVERAGE SKY COVER 0.5


WEATHER CONDITIONS
 THE FOLLOWING WEATHER WAS RECORDED YESTERDAY.
  LIGHT RAIN
  FOG


RELATIVE HUMIDITY (PERCENT)
 HIGHEST    92          1200 AM
 LOWEST     70          1200 PM
 AVERAGE    81

..........................................................


THE NEW PHILADELPHIA OH CLIMATE NORMALS FOR TODAY
                         NORMAL    RECORD    YEAR
 MAXIMUM TEMPERATURE (F)   40        65      1984
 MINIMUM TEMPERATURE (F)   24        -9      1989


SUNRISE AND SUNSET
DECEMBER 18 2017......SUNRISE   744 AM EST   SUNSET   501 PM EST
DECEMBER 19 2017......SUNRISE   744 AM EST   SUNSET   501 PM EST


-  INDICATES NEGATIVE NUMBERS.
R  INDICATES RECORD WAS SET OR TIED.
MM INDICATES DATA IS MISSING.
T  INDICATES TRACE AMOUNT.




$$
