603
CDUS41 KPBZ 101030
CLIPHD


CLIMATE REPORT
NATIONAL WEATHER SERVICE PITTSBURGH PA
530 AM EST WED FEB 10 2016


...................................

...THE NEW PHILADELPHIA OH CLIMATE SUMMARY FOR FEBRUARY 9 2016...

CLIMATE NORMAL PERIOD 1981 TO 2010
CLIMATE RECORD PERIOD 1946 TO 2016


WEATHER ITEM   OBSERVED TIME   RECORD YEAR NORMAL DEPARTURE LAST
                VALUE   (LST)  VALUE       VALUE  FROM      YEAR
                                                  NORMAL
..................................................................
TEMPERATURE (F)
 YESTERDAY
  MAXIMUM         32    354 AM  63    2001  40     -8       48
  MINIMUM         25            -8    1977  22      3       22
  AVERAGE         29                        31     -2       35

PRECIPITATION (IN)
  YESTERDAY        T            MM      MM   0.09  -0.09     0.06
  MONTH TO DATE    0.95                      0.72   0.23     0.82
  SINCE JUN 1     20.07                     26.62  -6.55    27.35
  SINCE JAN 1      1.99                      3.32  -1.33     2.62

DEGREE DAYS
 HEATING
  YESTERDAY       36                        34      2       30
  MONTH TO DATE  257                       314    -57      328
  SINCE DEC 1   2068                      2428   -360     2423
  SINCE JUL 1   2964                      3586   -622     3657

 COOLING
  YESTERDAY        0                         0      0        0
  MONTH TO DATE    0                         0      0        0
  SINCE DEC 1      0                         0      0        0
  SINCE JAN 1      0                         0      0        0
..................................................................


WIND (MPH)
  HIGHEST WIND SPEED    14   HIGHEST WIND DIRECTION     W (260)
  HIGHEST GUST SPEED    19   HIGHEST GUST DIRECTION     W (290)
  AVERAGE WIND SPEED     7.1


SKY COVER
  POSSIBLE SUNSHINE  MM
  AVERAGE SKY COVER 0.9


WEATHER CONDITIONS
 THE FOLLOWING WEATHER WAS RECORDED YESTERDAY.
  LIGHT SNOW
  FOG
  HAZE


RELATIVE HUMIDITY (PERCENT)
 HIGHEST    92           200 AM
 LOWEST     78           400 AM
 AVERAGE    85

..........................................................


THE NEW PHILADELPHIA OH CLIMATE NORMALS FOR TODAY
                         NORMAL    RECORD    YEAR
 MAXIMUM TEMPERATURE (F)   40        64      2001
 MINIMUM TEMPERATURE (F)   22       -10      1975


SUNRISE AND SUNSET
FEBRUARY 10 2016......SUNRISE   726 AM EST   SUNSET   554 PM EST
FEBRUARY 11 2016......SUNRISE   725 AM EST   SUNSET   555 PM EST


-  INDICATES NEGATIVE NUMBERS.
R  INDICATES RECORD WAS SET OR TIED.
MM INDICATES DATA IS MISSING.
T  INDICATES TRACE AMOUNT.




$$
