000
CDUS41 KPHI 240636
CLIPHL


CLIMATE REPORT
NATIONAL WEATHER SERVICE MOUNT HOLLY NJ
234 AM EDT SUN JUL 24 2016


...................................

...THE PHILADELPHIA PA CLIMATE SUMMARY FOR JULY 23 2016...

CLIMATE NORMAL PERIOD 1981 TO 2010
CLIMATE RECORD PERIOD 1872 TO 2016


WEATHER ITEM   OBSERVED TIME   RECORD YEAR NORMAL DEPARTURE LAST
                VALUE   (LST)  VALUE       VALUE  FROM      YEAR
                                                  NORMAL
..................................................................
TEMPERATURE (F)
 YESTERDAY
  MAXIMUM         97    327 PM 101    2011  87     10       83
  MINIMUM         77   1153 PM  58    1950  70      7       68
  AVERAGE         87                        78      9       76

PRECIPITATION (IN)
  YESTERDAY        T             3.05 2013   0.14  -0.14     0.00
  MONTH TO DATE    1.21                      3.21  -2.00     2.18
  SINCE JUN 1      3.08                      6.64  -3.56    11.06
  SINCE JAN 1     20.48                     23.38  -2.90    28.23

SNOWFALL (IN)
  YESTERDAY        0.0           T    2008   0.0    0.0      0.0
  MONTH TO DATE    0.0                       0.0    0.0      0.0
  SINCE JUN 1      0.0                       0.0    0.0      0.0
  SINCE JUL 1      0.0                       0.0    0.0      0.0
  SNOW DEPTH       0

DEGREE DAYS
 HEATING
  YESTERDAY        0                         0      0        0
  MONTH TO DATE    0                         0      0        0
  SINCE JUN 1      0                        11    -11       12
  SINCE JUL 1      0                         0      0        0

 COOLING
  YESTERDAY       22                        13      9       11
  MONTH TO DATE  361                       296     65      320
  SINCE JUN 1    643                       554     89      634
  SINCE JAN 1    757                       645    112      833
..................................................................


WIND (MPH)
  HIGHEST WIND SPEED    33   HIGHEST WIND DIRECTION     W (250)
  HIGHEST GUST SPEED    39   HIGHEST GUST DIRECTION     W (260)
  AVERAGE WIND SPEED     9.8


SKY COVER
  POSSIBLE SUNSHINE  MM
  AVERAGE SKY COVER 0.3


WEATHER CONDITIONS
 THE FOLLOWING WEATHER WAS RECORDED YESTERDAY.
  THUNDERSTORM
  LIGHT RAIN


RELATIVE HUMIDITY (PERCENT)
 HIGHEST    79           100 AM
 LOWEST     39           200 PM
 AVERAGE    59

..........................................................


THE PHILADELPHIA PA CLIMATE NORMALS FOR TODAY
                         NORMAL    RECORD    YEAR
 MAXIMUM TEMPERATURE (F)   87        98      2011
 MINIMUM TEMPERATURE (F)   70        57      1985
                                             1947


SUNRISE AND SUNSET
JULY 24 2016..........SUNRISE   553 AM EDT   SUNSET   822 PM EDT
JULY 25 2016..........SUNRISE   554 AM EDT   SUNSET   821 PM EDT


-  INDICATES NEGATIVE NUMBERS.
R  INDICATES RECORD WAS SET OR TIED.
MM INDICATES DATA IS MISSING.
T  INDICATES TRACE AMOUNT.




$$
