000
CDUS41 KPHI 190601
CLIPHL


CLIMATE REPORT
NATIONAL WEATHER SERVICE MOUNT HOLLY NJ
1259 AM EST MON FEB 19 2018


...................................

...THE PHILADELPHIA PA CLIMATE SUMMARY FOR FEBRUARY 18 2018...

CLIMATE NORMAL PERIOD 1981 TO 2010
CLIMATE RECORD PERIOD 1872 TO 2018


WEATHER ITEM   OBSERVED TIME   RECORD YEAR NORMAL DEPARTURE LAST
                VALUE   (LST)  VALUE       VALUE  FROM      YEAR
                                                  NORMAL
..................................................................
TEMPERATURE (F)
 YESTERDAY
  MAXIMUM         46    405 PM  69    2011  44      2       68
                                      1891
                                      1890
  MINIMUM         33    214 AM   0    1979  28      5       29
  AVERAGE         40                        36      4       49

PRECIPITATION (IN)
  YESTERDAY        0.00          1.35 1956   0.10  -0.10     0.00
  MONTH TO DATE    5.00                      1.70   3.30     0.79
  SINCE DEC 1      9.16                      8.29   0.87     6.42
  SINCE JAN 1      7.85                      4.73   3.12     3.70

SNOWFALL (IN)
  YESTERDAY        0.0           3.6  2000   0.3   -0.3      0.0
  MONTH TO DATE    1.4                       6.2   -4.8      2.0
  SINCE DEC 1     14.6                      16.1   -1.5      8.0
  SINCE JUL 1     14.6                      16.4   -1.8      8.0
  SNOW DEPTH       1

DEGREE DAYS
 HEATING
  YESTERDAY       25                        29     -4       16
  MONTH TO DATE  477                       545    -68      448
  SINCE DEC 1   2361                      2392    -31     2067
  SINCE JUL 1   2996                      3208   -212     2698

 COOLING
  YESTERDAY        0                         0      0        0
  MONTH TO DATE    0                         0      0        0
  SINCE DEC 1      0                         0      0        0
  SINCE JAN 1      0                         0      0        0
..................................................................


WIND (MPH)
  HIGHEST WIND SPEED    16   HIGHEST WIND DIRECTION    NW (310)
  HIGHEST GUST SPEED    22   HIGHEST GUST DIRECTION    NW (310)
  AVERAGE WIND SPEED     8.7


SKY COVER
  POSSIBLE SUNSHINE  MM
  AVERAGE SKY COVER 0.5


WEATHER CONDITIONS
 THE FOLLOWING WEATHER WAS RECORDED YESTERDAY.
  FOG


RELATIVE HUMIDITY (PERCENT)
 HIGHEST    96          1200 AM
 LOWEST     42           300 PM
 AVERAGE    69

..........................................................


THE PHILADELPHIA PA CLIMATE NORMALS FOR TODAY
                         NORMAL    RECORD    YEAR
 MAXIMUM TEMPERATURE (F)   45        70      2017
 MINIMUM TEMPERATURE (F)   28         3      1903


SUNRISE AND SUNSET
FEBRUARY 19 2018......SUNRISE   648 AM EST   SUNSET   542 PM EST
FEBRUARY 20 2018......SUNRISE   647 AM EST   SUNSET   543 PM EST


-  INDICATES NEGATIVE NUMBERS.
R  INDICATES RECORD WAS SET OR TIED.
MM INDICATES DATA IS MISSING.
T  INDICATES TRACE AMOUNT.




$$
