805
CDUS41 KPHI 080627
CLIPHL


CLIMATE REPORT
NATIONAL WEATHER SERVICE MOUNT HOLLY NJ
127 AM EST MON FEB 8 2016


...................................

...THE PHILADELPHIA PA CLIMATE SUMMARY FOR FEBRUARY 7 2016...

CLIMATE NORMAL PERIOD 1981 TO 2010
CLIMATE RECORD PERIOD 1872 TO 2016


WEATHER ITEM   OBSERVED TIME   RECORD YEAR NORMAL DEPARTURE LAST
                VALUE   (LST)  VALUE       VALUE  FROM      YEAR
                                                  NORMAL
..................................................................
TEMPERATURE (F)
 YESTERDAY
  MAXIMUM         46    319 PM  67    2008  42      4       44
  MINIMUM         28    732 AM   5    1910  27      1       21
                                      1895
                                      1875
  AVERAGE         37                        34      3       33

PRECIPITATION (IN)
  YESTERDAY        0.00          1.35 1942   0.09  -0.09     0.00
  MONTH TO DATE    0.97                      0.68   0.29     0.99
  SINCE DEC 1      8.74                      7.27   1.47     8.78
  SINCE JAN 1      3.60                      3.71  -0.11     5.51

SNOWFALL (IN)
  YESTERDAY        0.0           9.8  1967   0.4   -0.4      0.0
  MONTH TO DATE    1.2                       2.5   -1.3      0.8
  SINCE DEC 1     24.1                      12.4   11.7      5.2
  SINCE JUL 1     24.1                      12.7   11.4      5.2
  SNOW DEPTH       0

DEGREE DAYS
 HEATING
  YESTERDAY       28                        31     -3       32
  MONTH TO DATE  153                       218    -65      248
  SINCE DEC 1   1521                      2065   -544     2030
  SINCE JUL 1   2081                      2881   -800     2808

 COOLING
  YESTERDAY        0                         0      0        0
  MONTH TO DATE    0                         0      0        0
  SINCE DEC 1      2                         0      2        0
  SINCE JAN 1      0                         0      0        0
..................................................................


WIND (MPH)
  HIGHEST WIND SPEED    20   HIGHEST WIND DIRECTION    NE (30)
  HIGHEST GUST SPEED    24   HIGHEST GUST DIRECTION    NE (30)
  AVERAGE WIND SPEED     6.2


SKY COVER
  POSSIBLE SUNSHINE  MM
  AVERAGE SKY COVER 0.7


WEATHER CONDITIONS
 THE FOLLOWING WEATHER WAS RECORDED YESTERDAY.
  NO SIGNIFICANT WEATHER WAS OBSERVED.


RELATIVE HUMIDITY (PERCENT)
 HIGHEST    78           600 AM
 LOWEST     37           300 PM
 AVERAGE    58

..........................................................


THE PHILADELPHIA PA CLIMATE NORMALS FOR TODAY
                         NORMAL    RECORD    YEAR
 MAXIMUM TEMPERATURE (F)   42        63      1925
 MINIMUM TEMPERATURE (F)   27        -2      1934


SUNRISE AND SUNSET
FEBRUARY  8 2016......SUNRISE   703 AM EST   SUNSET   528 PM EST
FEBRUARY  9 2016......SUNRISE   701 AM EST   SUNSET   529 PM EST


-  INDICATES NEGATIVE NUMBERS.
R  INDICATES RECORD WAS SET OR TIED.
MM INDICATES DATA IS MISSING.
T  INDICATES TRACE AMOUNT.




$$
