000
CDUS41 KPHI 300626
CLIPHL


CLIMATE REPORT
NATIONAL WEATHER SERVICE MOUNT HOLLY NJ
225 AM EDT TUE JUN 30 2015


...................................

...THE PHILADELPHIA PA CLIMATE SUMMARY FOR JUNE 29 2015...

CLIMATE NORMAL PERIOD 1981 TO 2010
CLIMATE RECORD PERIOD 1872 TO 2015


WEATHER ITEM   OBSERVED TIME   RECORD YEAR NORMAL DEPARTURE LAST
                VALUE   (LST)  VALUE       VALUE  FROM      YEAR
                                                  NORMAL
..................................................................
TEMPERATURE (F)
 YESTERDAY
  MAXIMUM         81    616 PM 102    1934  86     -5       86
  MINIMUM         63    318 AM  52    1888  68     -5       65
  AVERAGE         72                        77     -5       76

PRECIPITATION (IN)
  YESTERDAY        0.00          4.62 1973   0.12  -0.12     0.00
  MONTH TO DATE    7.38                      3.31   4.07     5.46
  SINCE JUN 1      7.38                      3.31   4.07     5.46
  SINCE JAN 1     24.55                     20.05   4.50    27.96

SNOWFALL (IN)
  YESTERDAY        0.0           0.0  1870   0.0    0.0      0.0
  MONTH TO DATE    0.0                       0.0    0.0      0.0
  SINCE JUN 1      0.0                       0.0    0.0      0.0
  SINCE JUL 1     27.0                      22.4    4.6     68.0
  SNOW DEPTH       0

DEGREE DAYS
 HEATING
  YESTERDAY        0                         0      0        0
  MONTH TO DATE   12                         9      3        0
  SINCE JUN 1     12                         9      3        0
  SINCE JUL 1   4776                      4611    165     4850

 COOLING
  YESTERDAY        7                        12     -5       11
  MONTH TO DATE  302                       247     55      279
  SINCE JUN 1    302                       247     55      279
  SINCE JAN 1    501                       338    163      362
..................................................................


WIND (MPH)
  HIGHEST WIND SPEED    18   HIGHEST WIND DIRECTION     W (270)
  HIGHEST GUST SPEED    24   HIGHEST GUST DIRECTION     W (260)
  AVERAGE WIND SPEED     9.8


SKY COVER
  POSSIBLE SUNSHINE  MM
  AVERAGE SKY COVER 0.3


WEATHER CONDITIONS
 THE FOLLOWING WEATHER WAS RECORDED YESTERDAY.
  NO SIGNIFICANT WEATHER WAS OBSERVED.


RELATIVE HUMIDITY (PERCENT)
 HIGHEST    78           500 AM
 LOWEST     39           400 PM
 AVERAGE    59

..........................................................


THE PHILADELPHIA PA CLIMATE NORMALS FOR TODAY
                         NORMAL    RECORD    YEAR
 MAXIMUM TEMPERATURE (F)   86       100      1964
 MINIMUM TEMPERATURE (F)   68        52      1988


SUNRISE AND SUNSET
JUNE 30 2015..........SUNRISE   536 AM EDT   SUNSET   833 PM EDT
JULY  1 2015..........SUNRISE   536 AM EDT   SUNSET   833 PM EDT


-  INDICATES NEGATIVE NUMBERS.
R  INDICATES RECORD WAS SET OR TIED.
MM INDICATES DATA IS MISSING.
T  INDICATES TRACE AMOUNT.




$$
