000
CDUS41 KPHI 252128
CLIPHL


CLIMATE REPORT
NATIONAL WEATHER SERVICE MOUNT HOLLY NJ
527 PM EDT MON SEP 25 2017


...................................

...THE PHILADELPHIA PA CLIMATE SUMMARY FOR SEPTEMBER 25 2017...
VALID TODAY AS OF 0500 PM LOCAL TIME.

CLIMATE NORMAL PERIOD 1981 TO 2010
CLIMATE RECORD PERIOD 1872 TO 2017


WEATHER ITEM   OBSERVED TIME   RECORD YEAR NORMAL DEPARTURE LAST
                VALUE   (LST)  VALUE       VALUE  FROM      YEAR
                                                  NORMAL
..................................................................
TEMPERATURE (F)
 TODAY
  MAXIMUM         91    304 PM  92    1970  75     16       74
  MINIMUM         68    609 AM  35    1963  57     11       53
  AVERAGE         80                        66     14       64

PRECIPITATION (IN)
  TODAY            0.00          1.66 2000   0.13  -0.13     0.00
  MONTH TO DATE    3.86                      3.11   0.75     1.76
  SINCE SEP 1      3.86                      3.11   0.75     1.76
  SINCE JAN 1     35.07                     31.13   3.94    26.61

SNOWFALL (IN)
  TODAY            0.0           0.0    MM   0.0    0.0      0.0
  MONTH TO DATE    0.0                       0.0    0.0      0.0
  SINCE SEP 1      0.0                       0.0    0.0      0.0
  SINCE JUL 1      0.0                       0.0    0.0      0.0
  SNOW DEPTH       0

DEGREE DAYS
 HEATING
  TODAY            0                         2     -2        1
  MONTH TO DATE    7                        19    -12        1
  SINCE SEP 1      7                        19    -12        1
  SINCE JUL 1      7                        20    -13        1

 COOLING
  TODAY           15                         3     12        0
  MONTH TO DATE  184                       150     34      269
  SINCE SEP 1    184                       150     34      269
  SINCE JAN 1   1374                      1267    107     1681
..................................................................


WIND (MPH)
  HIGHEST WIND SPEED    10   HIGHEST WIND DIRECTION     E (90)
  HIGHEST GUST SPEED    12   HIGHEST GUST DIRECTION     E (100)
  AVERAGE WIND SPEED     3.0


SKY COVER
  POSSIBLE SUNSHINE  MM
  AVERAGE SKY COVER 0.2


WEATHER CONDITIONS
 THE FOLLOWING WEATHER WAS RECORDED TODAY.
  NO SIGNIFICANT WEATHER WAS OBSERVED.


RELATIVE HUMIDITY (PERCENT)
 HIGHEST    90           400 AM
 LOWEST     47           100 PM
 AVERAGE    69

..........................................................


THE PHILADELPHIA PA CLIMATE NORMALS FOR TOMORROW
                         NORMAL    RECORD    YEAR
 MAXIMUM TEMPERATURE (F)   74        92      1970
                                             1881
 MINIMUM TEMPERATURE (F)   56        38      1963
                                             1940


SUNRISE AND SUNSET
SEPTEMBER 25 2017.....SUNRISE   652 AM EDT   SUNSET   653 PM EDT
SEPTEMBER 26 2017.....SUNRISE   653 AM EDT   SUNSET   651 PM EDT


-  INDICATES NEGATIVE NUMBERS.
R  INDICATES RECORD WAS SET OR TIED.
MM INDICATES DATA IS MISSING.
T  INDICATES TRACE AMOUNT.




$$
