000
CDUS41 KPHI 270632
CLIPHL


CLIMATE REPORT
NATIONAL WEATHER SERVICE MOUNT HOLLY NJ
230 AM EDT FRI MAY 27 2016


...................................

...THE PHILADELPHIA PA CLIMATE SUMMARY FOR MAY 26 2016...

CLIMATE NORMAL PERIOD 1981 TO 2010
CLIMATE RECORD PERIOD 1872 TO 2016


WEATHER ITEM   OBSERVED TIME   RECORD YEAR NORMAL DEPARTURE LAST
                VALUE   (LST)  VALUE       VALUE  FROM      YEAR
                                                  NORMAL
..................................................................
TEMPERATURE (F)
 YESTERDAY
  MAXIMUM         90    311 PM  96    1880  77     13       89
  MINIMUM         63    451 AM  43    1961  57      6       65
  AVERAGE         77                        67     10       77

PRECIPITATION (IN)
  YESTERDAY        0.00          1.70 2003   0.13  -0.13     0.00
  MONTH TO DATE    5.14                      3.09   2.05     0.59
  SINCE MAR 1      8.90                     10.44  -1.54     9.69
  SINCE JAN 1     15.89                     16.12  -0.23    16.57

SNOWFALL (IN)
  YESTERDAY        0.0           0.0  1870   0.0    0.0      0.0
  MONTH TO DATE    0.0                       0.0    0.0      0.0
  SINCE MAR 1      1.3                       3.4   -2.1     12.0
  SINCE JUL 1     27.5                      22.4    5.1     27.0
  SNOW DEPTH       0

DEGREE DAYS
 HEATING
  YESTERDAY        0                         2     -2        0
  MONTH TO DATE  145                       103     42       32
  SINCE MAR 1    901                      1111   -210     1111
  SINCE JUL 1   3587                      4593  -1006     4764

 COOLING
  YESTERDAY       12                         4      8       12
  MONTH TO DATE   27                        55    -28      125
  SINCE MAR 1     50                        68    -18      128
  SINCE JAN 1     50                        68    -18      128
..................................................................


WIND (MPH)
  HIGHEST WIND SPEED    16   HIGHEST WIND DIRECTION     W (250)
  HIGHEST GUST SPEED    22   HIGHEST GUST DIRECTION    SW (220)
  AVERAGE WIND SPEED     6.5


SKY COVER
  POSSIBLE SUNSHINE  MM
  AVERAGE SKY COVER 0.6


WEATHER CONDITIONS
 THE FOLLOWING WEATHER WAS RECORDED YESTERDAY.
  NO SIGNIFICANT WEATHER WAS OBSERVED.


RELATIVE HUMIDITY (PERCENT)
 HIGHEST    73           200 AM
 LOWEST     23           200 PM
 AVERAGE    48

..........................................................


THE PHILADELPHIA PA CLIMATE NORMALS FOR TODAY
                         NORMAL    RECORD    YEAR
 MAXIMUM TEMPERATURE (F)   77        95      1991
 MINIMUM TEMPERATURE (F)   58        42      1961


SUNRISE AND SUNSET
MAY 27 2016...........SUNRISE   537 AM EDT   SUNSET   820 PM EDT
MAY 28 2016...........SUNRISE   536 AM EDT   SUNSET   821 PM EDT


-  INDICATES NEGATIVE NUMBERS.
R  INDICATES RECORD WAS SET OR TIED.
MM INDICATES DATA IS MISSING.
T  INDICATES TRACE AMOUNT.




$$
