000
CDUS41 KPHI 262126
CLIPHL


CLIMATE REPORT
NATIONAL WEATHER SERVICE MOUNT HOLLY NJ
526 PM EDT TUE MAY 26 2015


...................................

...THE PHILADELPHIA PA CLIMATE SUMMARY FOR MAY 26 2015...
VALID TODAY AS OF 0500 PM LOCAL TIME.

CLIMATE NORMAL PERIOD 1981 TO 2010
CLIMATE RECORD PERIOD 1872 TO 2015


WEATHER ITEM   OBSERVED TIME   RECORD YEAR NORMAL DEPARTURE LAST
                VALUE   (LST)  VALUE       VALUE  FROM      YEAR
                                                  NORMAL
..................................................................
TEMPERATURE (F)
 TODAY
  MAXIMUM         89    332 PM  96    1880  77     12       87
  MINIMUM         65    504 AM  43    1961  57      8       62
  AVERAGE         77                        67     10       75

PRECIPITATION (IN)
  TODAY            0.00          1.70 2003   0.13  -0.13     0.00
  MONTH TO DATE    0.59                      3.09  -2.50     1.95
  SINCE MAR 1      9.69                     10.44  -0.75    12.87
  SINCE JAN 1     16.57                     16.12   0.45    21.54

SNOWFALL (IN)
  TODAY            0.0           0.0  1870   0.0    0.0      0.0
  MONTH TO DATE    0.0                       0.0    0.0      0.0
  SINCE MAR 1     12.0                       3.4    8.6      8.5
  SINCE JUL 1     27.0                      22.4    4.6     68.0
  SNOW DEPTH       0

DEGREE DAYS
 HEATING
  TODAY            0                         2     -2        0
  MONTH TO DATE   32                       103    -71       46
  SINCE MAR 1   1111                      1111      0     1186
  SINCE JUL 1   4764                      4593    171     4842

 COOLING
  TODAY           12                         4      8       10
  MONTH TO DATE  125                        55     70       60
  SINCE MAR 1    128                        68     60       69
  SINCE JAN 1    128                        68     60       69
..................................................................


WIND (MPH)
  HIGHEST WIND SPEED    20   HIGHEST WIND DIRECTION    SW (230)
  HIGHEST GUST SPEED    26   HIGHEST GUST DIRECTION    SW (220)
  AVERAGE WIND SPEED    12.2


SKY COVER
  POSSIBLE SUNSHINE  MM
  AVERAGE SKY COVER 0.4


WEATHER CONDITIONS
 THE FOLLOWING WEATHER WAS RECORDED TODAY.
  NO SIGNIFICANT WEATHER WAS OBSERVED.


RELATIVE HUMIDITY (PERCENT)
 HIGHEST    81           600 AM
 LOWEST     40           300 PM
 AVERAGE    61

..........................................................


THE PHILADELPHIA PA CLIMATE NORMALS FOR TOMORROW
                         NORMAL    RECORD    YEAR
 MAXIMUM TEMPERATURE (F)   77        95      1991
 MINIMUM TEMPERATURE (F)   58        42      1961


SUNRISE AND SUNSET
MAY 26 2015...........SUNRISE   538 AM EDT   SUNSET   819 PM EDT
MAY 27 2015...........SUNRISE   537 AM EDT   SUNSET   819 PM EDT


-  INDICATES NEGATIVE NUMBERS.
R  INDICATES RECORD WAS SET OR TIED.
MM INDICATES DATA IS MISSING.
T  INDICATES TRACE AMOUNT.




$$
