000
CDUS41 KPHI 280630
CLIPHL


CLIMATE REPORT
NATIONAL WEATHER SERVICE MOUNT HOLLY NJ
128 AM EST SAT FEB 28 2015


...................................

...THE PHILADELPHIA PA CLIMATE SUMMARY FOR FEBRUARY 27 2015...

CLIMATE NORMAL PERIOD 1981 TO 2010
CLIMATE RECORD PERIOD 1872 TO 2015


WEATHER ITEM   OBSERVED TIME   RECORD YEAR NORMAL DEPARTURE LAST
                VALUE   (LST)  VALUE       VALUE  FROM      YEAR
                                                  NORMAL
..................................................................
TEMPERATURE (F)
 YESTERDAY
  MAXIMUM         31    405 PM  74    1997  47    -16       35
  MINIMUM         22    803 AM   6    1900  30     -8       16
  AVERAGE         27                        38    -11       26

PRECIPITATION (IN)
  YESTERDAY        T             1.55 1958   0.09  -0.09      T
  MONTH TO DATE    2.36                      2.55  -0.19     5.12
  SINCE DEC 1     10.15                      9.14   1.01    13.87
  SINCE JAN 1      6.88                      5.58   1.30     8.67

SNOWFALL (IN)
  YESTERDAY        T             3.1  1940   0.2   -0.2       T
  MONTH TO DATE   10.6                       8.6    2.0     22.4
  SINCE DEC 1     15.0                      18.5   -3.5     59.5
  SINCE JUL 1     15.0                      18.8   -3.8     59.5
  SNOW DEPTH       T

DEGREE DAYS
 HEATING
  YESTERDAY       38                        27     11       39
  MONTH TO DATE 1052                       793    259      865
  SINCE DEC 1   2834                      2640    194     2803
  SINCE JUL 1   3612                      3456    156     3609

 COOLING
  YESTERDAY        0                         0      0        0
  MONTH TO DATE    0                         0      0        0
  SINCE DEC 1      0                         0      0        0
  SINCE JAN 1      0                         0      0        0
..................................................................


WIND (MPH)
  HIGHEST WIND SPEED    17   HIGHEST WIND DIRECTION     N (340)
  HIGHEST GUST SPEED    23   HIGHEST GUST DIRECTION     W (290)
  AVERAGE WIND SPEED     8.3


SKY COVER
  POSSIBLE SUNSHINE  MM
  AVERAGE SKY COVER 0.6


WEATHER CONDITIONS
 THE FOLLOWING WEATHER WAS RECORDED YESTERDAY.
  LIGHT SNOW
  HAZE


RELATIVE HUMIDITY (PERCENT)
 HIGHEST    77           800 AM
 LOWEST     35           600 PM
 AVERAGE    56

..........................................................


THE PHILADELPHIA PA CLIMATE NORMALS FOR TODAY
                         NORMAL    RECORD    YEAR
 MAXIMUM TEMPERATURE (F)   47        68      1976
 MINIMUM TEMPERATURE (F)   30         9      1934


SUNRISE AND SUNSET
FEBRUARY 28 2015......SUNRISE   636 AM EST   SUNSET   552 PM EST
MARCH  1 2015.........SUNRISE   635 AM EST   SUNSET   553 PM EST


-  INDICATES NEGATIVE NUMBERS.
R  INDICATES RECORD WAS SET OR TIED.
MM INDICATES DATA IS MISSING.
T  INDICATES TRACE AMOUNT.




$$
