000
CDUS43 KUNR 260832
CLIPHP


CLIMATE REPORT
NATIONAL WEATHER SERVICE RAPID CITY SD
232 AM MDT FRI MAY 26 2017


...................................

...THE PHILIP SD CLIMATE SUMMARY FOR MAY 25 2017...

CLIMATE NORMAL PERIOD 1981 TO 2010
CLIMATE RECORD PERIOD 9999 TO 9999


WEATHER ITEM   OBSERVED TIME   NORMAL DEPARTURE LAST
                VALUE   (LST)  VALUE  FROM      YEAR
                                      NORMAL
......................................................
TEMPERATURE (F)
 YESTERDAY
  MAXIMUM         78    253 PM  73      5       74
  MINIMUM         49   1159 PM  47      2       48
  AVERAGE         64            60      4       61

PRECIPITATION (IN)
  YESTERDAY        T             0.10  -0.10     0.18
  MONTH TO DATE    1.03          2.45  -1.42     1.34
  SINCE MAR 1      3.59          5.56  -1.97     6.01
  SINCE JAN 1      4.66          6.34  -1.68     6.69

DEGREE DAYS
 HEATING
  YESTERDAY        1             6     -5        4
  MONTH TO DATE  223           238    -15      240
  SINCE MAR 1   1555          1740   -185     1479
  SINCE JUL 1   6615          7105   -490     6291

 COOLING
  YESTERDAY        0             1     -1        0
  MONTH TO DATE   13            20     -7       10
  SINCE MAR 1     13            23    -10       11
  SINCE JAN 1     13            23    -10       11
......................................................


WIND (MPH)
  HIGHEST WIND SPEED    26   HIGHEST WIND DIRECTION    NW (320)
  HIGHEST GUST SPEED    34   HIGHEST GUST DIRECTION    NW (330)
  AVERAGE WIND SPEED    14.2


SKY COVER
  AVERAGE SKY COVER 0.3


WEATHER CONDITIONS
 THE FOLLOWING WEATHER WAS RECORDED YESTERDAY.
  LIGHT RAIN


RELATIVE HUMIDITY (PERCENT)
 HIGHEST    77           200 AM
 LOWEST     20           100 PM
 AVERAGE    49

..........................................................




SUNRISE AND SUNSET
MAY 26 2017...........SUNRISE   510 AM MDT   SUNSET   818 PM MDT
MAY 27 2017...........SUNRISE   509 AM MDT   SUNSET   818 PM MDT


-  INDICATES NEGATIVE NUMBERS.
R  INDICATES RECORD WAS SET OR TIED.
MM INDICATES DATA IS MISSING.
T  INDICATES TRACE AMOUNT.




$$
