655
CDUS43 KUNR 250832
CLIPHP


CLIMATE REPORT
NATIONAL WEATHER SERVICE RAPID CITY SD
131 AM MST SAT FEB 25 2017


...................................

...THE PHILIP SD CLIMATE SUMMARY FOR FEBRUARY 24 2017...

CLIMATE NORMAL PERIOD 1981 TO 2010
CLIMATE RECORD PERIOD 9999 TO 9999


WEATHER ITEM   OBSERVED TIME   NORMAL DEPARTURE LAST
                VALUE   (LST)  VALUE  FROM      YEAR
                                      NORMAL
......................................................
TEMPERATURE (F)
 YESTERDAY
  MAXIMUM         33    416 PM  41     -8       44
  MINIMUM         16    825 PM  15      1       18
  AVERAGE         25            28     -3       31

PRECIPITATION (IN)
  YESTERDAY        0.00          0.03  -0.03      T
  MONTH TO DATE    0.16          0.36  -0.20     0.26
  SINCE DEC 1      1.39          1.09   0.30     1.46
  SINCE JAN 1      0.97          0.66   0.31     0.47

DEGREE DAYS
 HEATING
  YESTERDAY       40            37      3       34
  MONTH TO DATE  778           955   -177      727
  SINCE DEC 1   3774          3585    189     3336
  SINCE JUL 1   4912          5220   -308     4676

 COOLING
  YESTERDAY        0             0      0        0
  MONTH TO DATE    0             0      0        0
  SINCE DEC 1      0             0      0        0
  SINCE JAN 1      0             0      0        0
......................................................


WIND (MPH)
  HIGHEST WIND SPEED    21   HIGHEST WIND DIRECTION     N (10)
  HIGHEST GUST SPEED    25   HIGHEST GUST DIRECTION     N (20)
  AVERAGE WIND SPEED     9.1


SKY COVER
  AVERAGE SKY COVER 0.5


WEATHER CONDITIONS
 THE FOLLOWING WEATHER WAS RECORDED YESTERDAY.
  NO SIGNIFICANT WEATHER WAS OBSERVED.


RELATIVE HUMIDITY (PERCENT)
 HIGHEST    84          1000 PM
 LOWEST     38           400 PM
 AVERAGE    61

..........................................................




SUNRISE AND SUNSET
FEBRUARY 25 2017......SUNRISE   629 AM MST   SUNSET   530 PM MST
FEBRUARY 26 2017......SUNRISE   628 AM MST   SUNSET   531 PM MST


-  INDICATES NEGATIVE NUMBERS.
R  INDICATES RECORD WAS SET OR TIED.
MM INDICATES DATA IS MISSING.
T  INDICATES TRACE AMOUNT.




$$
