000
CDUS43 KUNR 010831
CLIPHP


CLIMATE REPORT
NATIONAL WEATHER SERVICE RAPID CITY SD
231 AM MDT TUE SEP 1 2015


...................................

...THE PHILIP SD CLIMATE SUMMARY FOR AUGUST 31 2015...

CLIMATE NORMAL PERIOD 1981 TO 2010
CLIMATE RECORD PERIOD 9999 TO 9999


WEATHER ITEM   OBSERVED TIME   NORMAL DEPARTURE LAST
                VALUE   (LST)  VALUE  FROM      YEAR
                                      NORMAL
......................................................
TEMPERATURE (F)
 YESTERDAY
  MAXIMUM         79    302 PM  85     -6       76
  MINIMUM         58   1159 PM  54      4       54
  AVERAGE         69            69      0       65

PRECIPITATION (IN)
  YESTERDAY        0.01          0.05  -0.04     0.31
  MONTH TO DATE    2.90          1.50   1.40     4.50
  SINCE JUN 1      9.35          6.46   2.89     8.61
  SINCE JAN 1     16.33         13.38   2.95    13.43

DEGREE DAYS
 HEATING
  YESTERDAY        0             2     -2        0
  MONTH TO DATE   32            13     19        3
  SINCE JUN 1     44            88    -44       97
  SINCE JUL 1     32            25      7       19

 COOLING
  YESTERDAY        4             6     -2        0
  MONTH TO DATE  224           280    -56      233
  SINCE JUN 1    615           708    -93      539
  SINCE JAN 1    621           735   -114      579
......................................................


WIND (MPH)
  HIGHEST WIND SPEED    24   HIGHEST WIND DIRECTION    NW (310)
  HIGHEST GUST SPEED    32   HIGHEST GUST DIRECTION    NW (320)
  AVERAGE WIND SPEED     7.9


SKY COVER
  AVERAGE SKY COVER 0.1


WEATHER CONDITIONS
 THE FOLLOWING WEATHER WAS RECORDED YESTERDAY.
  LIGHT RAIN
  FOG
  HAZE


RELATIVE HUMIDITY (PERCENT)
 HIGHEST   100          1100 PM
 LOWEST     35          1200 AM
 AVERAGE    68

..........................................................




SUNRISE AND SUNSET
SEPTEMBER  1 2015.....SUNRISE   609 AM MDT   SUNSET   723 PM MDT
SEPTEMBER  2 2015.....SUNRISE   610 AM MDT   SUNSET   721 PM MDT


-  INDICATES NEGATIVE NUMBERS.
R  INDICATES RECORD WAS SET OR TIED.
MM INDICATES DATA IS MISSING.
T  INDICATES TRACE AMOUNT.




$$
