000
CDUS43 KUNR 110830
CLIPHP


CLIMATE REPORT
NATIONAL WEATHER SERVICE RAPID CITY SD
130 AM MST MON DEC 11 2017


...................................

...THE PHILIP SD CLIMATE SUMMARY FOR DECEMBER 10 2017...

CLIMATE NORMAL PERIOD 1981 TO 2010
CLIMATE RECORD PERIOD 9999 TO 9999


WEATHER ITEM   OBSERVED TIME   NORMAL DEPARTURE LAST
                VALUE   (LST)  VALUE  FROM      YEAR
                                      NORMAL
......................................................
TEMPERATURE (F)
 YESTERDAY
  MAXIMUM         62    126 PM  36     26        9
  MINIMUM         40    633 PM  11     29        1
  AVERAGE         51            24     27        5

PRECIPITATION (IN)
  YESTERDAY        0.00          0.02  -0.02     0.06
  MONTH TO DATE    0.04          0.16  -0.12     0.08
  SINCE DEC 1      0.04          0.16  -0.12     0.08
  SINCE JAN 1     10.63         17.08  -6.45    12.93

DEGREE DAYS
 HEATING
  YESTERDAY       14            41    -27       60
  MONTH TO DATE  314           398    -84      489
  SINCE DEC 1    314           398    -84      489
  SINCE JUL 1   1763          2033   -270     1627

 COOLING
  YESTERDAY        0             0      0        0
  MONTH TO DATE    0             0      0        0
  SINCE DEC 1      0             0      0        0
  SINCE JAN 1    911           818     93      908
......................................................


WIND (MPH)
  HIGHEST WIND SPEED    31   HIGHEST WIND DIRECTION    NW (300)
  HIGHEST GUST SPEED    39   HIGHEST GUST DIRECTION    NW (300)
  AVERAGE WIND SPEED    17.5


SKY COVER
  AVERAGE SKY COVER 0.0


WEATHER CONDITIONS
 THE FOLLOWING WEATHER WAS RECORDED YESTERDAY.
  NO SIGNIFICANT WEATHER WAS OBSERVED.


RELATIVE HUMIDITY (PERCENT)
 HIGHEST    33          1200 AM
 LOWEST     13          1200 PM
 AVERAGE    23

..........................................................




SUNRISE AND SUNSET
DECEMBER 11 2017......SUNRISE   711 AM MST   SUNSET   408 PM MST
DECEMBER 12 2017......SUNRISE   712 AM MST   SUNSET   408 PM MST


-  INDICATES NEGATIVE NUMBERS.
R  INDICATES RECORD WAS SET OR TIED.
MM INDICATES DATA IS MISSING.
T  INDICATES TRACE AMOUNT.




$$
