000
CDUS43 KUNR 220839
CLIPHP


CLIMATE REPORT
NATIONAL WEATHER SERVICE RAPID CITY SD
238 AM MDT SAT APR 22 2017


...................................

...THE PHILIP SD CLIMATE SUMMARY FOR APRIL 21 2017...

CLIMATE NORMAL PERIOD 1981 TO 2010
CLIMATE RECORD PERIOD 9999 TO 9999


WEATHER ITEM   OBSERVED TIME   NORMAL DEPARTURE LAST
                VALUE   (LST)  VALUE  FROM      YEAR
                                      NORMAL
......................................................
TEMPERATURE (F)
 YESTERDAY
  MAXIMUM         61    319 PM  62     -1       69
  MINIMUM         38    500 AM  34      4       38
  AVERAGE         50            48      2       54

PRECIPITATION (IN)
  YESTERDAY        0.00          0.07  -0.07     0.00
  MONTH TO DATE    1.50          1.08   0.42     2.71
  SINCE MAR 1      2.30          2.35  -0.05     3.42
  SINCE JAN 1      3.37          3.13   0.24     4.10

DEGREE DAYS
 HEATING
  YESTERDAY       15            17     -2       11
  MONTH TO DATE  327           428   -101      353
  SINCE MAR 1   1140          1366   -226     1084
  SINCE JUL 1   6200          6731   -531     5896

 COOLING
  YESTERDAY        0             0      0        0
  MONTH TO DATE    0             0      0        0
  SINCE MAR 1      0             0      0        0
  SINCE JAN 1      0             0      0        0
......................................................


WIND (MPH)
  HIGHEST WIND SPEED    20   HIGHEST WIND DIRECTION    SE (120)
  HIGHEST GUST SPEED    25   HIGHEST GUST DIRECTION     E (110)
  AVERAGE WIND SPEED     8.8


SKY COVER
  AVERAGE SKY COVER 0.2


WEATHER CONDITIONS
 THE FOLLOWING WEATHER WAS RECORDED YESTERDAY.
  NO SIGNIFICANT WEATHER WAS OBSERVED.


RELATIVE HUMIDITY (PERCENT)
 HIGHEST   100           100 AM
 LOWEST     39           500 PM
 AVERAGE    70

..........................................................




SUNRISE AND SUNSET
APRIL 22 2017.........SUNRISE   551 AM MDT   SUNSET   739 PM MDT
APRIL 23 2017.........SUNRISE   550 AM MDT   SUNSET   741 PM MDT


-  INDICATES NEGATIVE NUMBERS.
R  INDICATES RECORD WAS SET OR TIED.
MM INDICATES DATA IS MISSING.
T  INDICATES TRACE AMOUNT.




$$
