000
CDUS43 KUNR 290842
CLIPHP


CLIMATE REPORT
NATIONAL WEATHER SERVICE RAPID CITY SD
238 AM MDT SUN MAR 29 2015


...................................

...THE PHILIP SD CLIMATE SUMMARY FOR MARCH 28 2015...

CLIMATE NORMAL PERIOD 1981 TO 2010
CLIMATE RECORD PERIOD 9999 TO 9999


WEATHER ITEM   OBSERVED TIME   NORMAL DEPARTURE LAST
                VALUE   (LST)  VALUE  FROM      YEAR
                                      NORMAL
......................................................
TEMPERATURE (F)
 YESTERDAY
  MAXIMUM         84    318 PM  53     31       34
  MINIMUM         25    538 AM  26     -1       21
  AVERAGE         55            39     16       28

PRECIPITATION (IN)
  YESTERDAY        0.00          0.03  -0.03     0.04
  MONTH TO DATE    0.09          1.14  -1.05     0.49
  SINCE MAR 1      0.09          1.14  -1.05     0.49
  SINCE JAN 1      0.20          1.92  -1.72     0.97

DEGREE DAYS
 HEATING
  YESTERDAY       10            26    -16       37
  MONTH TO DATE  693           863   -170      913
  SINCE MAR 1    693           863   -170      913
  SINCE JUL 1   5833          6228   -395     6516

 COOLING
  YESTERDAY        0             0      0        0
  MONTH TO DATE    3             0      3        0
  SINCE MAR 1      3             0      3        0
  SINCE JAN 1      3             0      3        0
......................................................


WIND (MPH)
  HIGHEST WIND SPEED    44   HIGHEST WIND DIRECTION     N (340)
  HIGHEST GUST SPEED    57   HIGHEST GUST DIRECTION     N (340)
  AVERAGE WIND SPEED    12.2


SKY COVER
  AVERAGE SKY COVER 0.0


WEATHER CONDITIONS
 THE FOLLOWING WEATHER WAS RECORDED YESTERDAY.
  NO SIGNIFICANT WEATHER WAS OBSERVED.


RELATIVE HUMIDITY (PERCENT)
 HIGHEST    92           100 AM
 LOWEST     13           400 PM
 AVERAGE    53

..........................................................




SUNRISE AND SUNSET
MARCH 29 2015.........SUNRISE   634 AM MDT   SUNSET   710 PM MDT
MARCH 30 2015.........SUNRISE   632 AM MDT   SUNSET   711 PM MDT


-  INDICATES NEGATIVE NUMBERS.
R  INDICATES RECORD WAS SET OR TIED.
MM INDICATES DATA IS MISSING.
T  INDICATES TRACE AMOUNT.




$$
