000
CDUS43 KUNR 290837
CLIPHP


CLIMATE REPORT
NATIONAL WEATHER SERVICE RAPID CITY SD
135 AM MST THU JAN 29 2015


...................................

...THE PHILIP SD CLIMATE SUMMARY FOR JANUARY 28 2015...

CLIMATE NORMAL PERIOD 1981 TO 2010
CLIMATE RECORD PERIOD 9999 TO 9999


WEATHER ITEM   OBSERVED TIME   NORMAL DEPARTURE LAST
                VALUE   (LST)  VALUE  FROM      YEAR
                                      NORMAL
......................................................
TEMPERATURE (F)
 YESTERDAY
  MAXIMUM         60   1206 PM  36     24       24
  MINIMUM         34    604 AM  10     24       -4
  AVERAGE         47            23     24       10

PRECIPITATION (IN)
  YESTERDAY        0.00          0.01  -0.01     0.00
  MONTH TO DATE    0.01          0.28  -0.27     0.11
  SINCE DEC 1      0.31          0.71  -0.40     1.13
  SINCE JAN 1      0.01          0.28  -0.27     0.11

DEGREE DAYS
 HEATING
  YESTERDAY       18            42    -24       55
  MONTH TO DATE 1093          1205   -112     1119
  SINCE DEC 1   2284          2505   -221     2631
  SINCE JUL 1   3939          4140   -201     4142

 COOLING
  YESTERDAY        0             0      0        0
  MONTH TO DATE    0             0      0        0
  SINCE DEC 1      0             0      0        0
  SINCE JAN 1      0             0      0        0
......................................................


WIND (MPH)
  HIGHEST WIND SPEED    38   HIGHEST WIND DIRECTION    NW (330)
  HIGHEST GUST SPEED    47   HIGHEST GUST DIRECTION    NW (320)
  AVERAGE WIND SPEED    19.8


SKY COVER
  AVERAGE SKY COVER 0.4


WEATHER CONDITIONS
 THE FOLLOWING WEATHER WAS RECORDED YESTERDAY.
  NO SIGNIFICANT WEATHER WAS OBSERVED.


RELATIVE HUMIDITY (PERCENT)
 HIGHEST    76           600 PM
 LOWEST     27          1200 PM
 AVERAGE    52

..........................................................




SUNRISE AND SUNSET
JANUARY 29 2015.......SUNRISE   707 AM MST   SUNSET   452 PM MST
JANUARY 30 2015.......SUNRISE   706 AM MST   SUNSET   454 PM MST


-  INDICATES NEGATIVE NUMBERS.
R  INDICATES RECORD WAS SET OR TIED.
MM INDICATES DATA IS MISSING.
T  INDICATES TRACE AMOUNT.




$$
