000
CDUS43 KUNR 160848
CLIPHP


CLIMATE REPORT
NATIONAL WEATHER SERVICE RAPID CITY SD
248 AM MDT WED APR 16 2014


...................................

...THE PHILIP SD CLIMATE SUMMARY FOR APRIL 15 2014...

CLIMATE NORMAL PERIOD 1981 TO 2010
CLIMATE RECORD PERIOD 9999 TO 9999


WEATHER ITEM   OBSERVED TIME   NORMAL DEPARTURE LAST
                VALUE   (LST)  VALUE  FROM      YEAR
                                      NORMAL
......................................................
TEMPERATURE (F)
 YESTERDAY
  MAXIMUM         67    318 PM  60      7       40
  MINIMUM         45   1159 PM  32     13       25
  AVERAGE         56            46     10       33

PRECIPITATION (IN)
  YESTERDAY        0.00          0.06  -0.06      T
  MONTH TO DATE    0.42          0.66  -0.24     1.09
  SINCE MAR 1      0.96          1.93  -0.97     1.49
  SINCE JAN 1      1.44          2.71  -1.27     2.31

DEGREE DAYS
 HEATING
  YESTERDAY        9            19    -10       32
  MONTH TO DATE  343           322     21      430
  SINCE MAR 1   1333          1260     73     1385
  SINCE JUL 1   6936          6625    311     6411

 COOLING
  YESTERDAY        0             0      0        0
  MONTH TO DATE    0             0      0        0
  SINCE MAR 1      0             0      0        0
  SINCE JAN 1      0             0      0        0
......................................................


WIND (MPH)
  HIGHEST WIND SPEED    21   HIGHEST WIND DIRECTION     N (350)
  HIGHEST GUST SPEED    24   HIGHEST GUST DIRECTION     N (360)
  AVERAGE WIND SPEED     7.4


SKY COVER
  AVERAGE SKY COVER 0.1


WEATHER CONDITIONS
 THE FOLLOWING WEATHER WAS RECORDED YESTERDAY.
  NO SIGNIFICANT WEATHER WAS OBSERVED.


RELATIVE HUMIDITY (PERCENT)
 HIGHEST    74           200 AM
 LOWEST     15           300 PM
 AVERAGE    45

..........................................................




SUNRISE AND SUNSET
APRIL 16 2014.........SUNRISE   601 AM MDT   SUNSET   732 PM MDT
APRIL 17 2014.........SUNRISE   600 AM MDT   SUNSET   733 PM MDT


-  INDICATES NEGATIVE NUMBERS.
R  INDICATES RECORD WAS SET OR TIED.
MM INDICATES DATA IS MISSING.
T  INDICATES TRACE AMOUNT.




$$
