000
CDUS45 KPSR 230833
CLIPHX

CLIMATE REPORT
NATIONAL WEATHER SERVICE PHOENIX AZ
132 AM MST THU MAR 23 2017


...................................

...THE PHOENIX AZ CLIMATE SUMMARY FOR MARCH 22 2017...

CLIMATE NORMAL PERIOD 1981 TO 2010
CLIMATE RECORD PERIOD 1895 TO 2017


WEATHER ITEM   OBSERVED TIME   RECORD YEAR NORMAL DEPARTURE LAST
                VALUE   (LST)  VALUE       VALUE  FROM      YEAR
                                                  NORMAL
..................................................................
TEMPERATURE (F)
 YESTERDAY
  MAXIMUM         82    118 PM  94    1990  78      4       81
  MINIMUM         63   1159 PM  32    1897  55      8       64
  AVERAGE         73                        66      7       73

PRECIPITATION (IN)
  YESTERDAY        0.00          0.81 1954   0.03  -0.03     0.00
  MONTH TO DATE    0.00                      0.78  -0.78     0.00
  SINCE OCT 1      4.17                      4.72  -0.55     2.48
  SINCE JAN 1      2.34                      2.61  -0.27     1.31

SNOWFALL (IN)
  YESTERDAY        0.0
  MONTH TO DATE    0.0
  SINCE JAN 1      0.0
  SINCE JUL 1      0.0
  SNOW DEPTH       0

DEGREE DAYS
 HEATING
  YESTERDAY        0                         2     -2        0
  MONTH TO DATE   19                        66    -47        7
  SINCE MAR 1     19                        66    -47        7
  SINCE JUL 1    687                       899   -212      820

 COOLING
  YESTERDAY        8                         3      5        8
  MONTH TO DATE  172                        49    123      134
  SINCE MAR 1    172                        49    123      134
  SINCE JAN 1    192                        66    126      247
..................................................................


WIND (MPH)
  HIGHEST WIND SPEED    32   HIGHEST WIND DIRECTION     W (270)
  HIGHEST GUST SPEED    40   HIGHEST GUST DIRECTION     W (270)
  AVERAGE WIND SPEED     8.6


SKY COVER
  AVERAGE SKY COVER 0.6


WEATHER CONDITIONS
 THE FOLLOWING WEATHER WAS RECORDED YESTERDAY.
  HAZE


RELATIVE HUMIDITY (PERCENT)
 HIGHEST    52           900 PM
 LOWEST     25          1200 PM
 AVERAGE    39

..........................................................


THE PHOENIX AZ CLIMATE NORMALS FOR TODAY
                         NORMAL    RECORD    YEAR
 MAXIMUM TEMPERATURE (F)   79        93      1990
 MINIMUM TEMPERATURE (F)   55        31      1897


SUNRISE AND SUNSET
MARCH 23 2017.........SUNRISE   627 AM MST   SUNSET   642 PM MST
MARCH 24 2017.........SUNRISE   626 AM MST   SUNSET   643 PM MST


-  INDICATES NEGATIVE NUMBERS.
R  INDICATES RECORD WAS SET OR TIED.
MM INDICATES DATA IS MISSING.
T  INDICATES TRACE AMOUNT.

&&
.....................................................................

DEW POINT
  HIGHEST DEW POINT    48
   LOWEST DEW POINT    39
  AVERAGE DEW POINT    44
.....................................................................

$$
