000
CDUS45 KPSR 050825
CLIPHX

CDUS45 KPSR DDHHMM
CLIPHX

CLIMATE REPORT
NATIONAL WEATHER SERVICE PHOENIX AZ
123 AM MST SUN JUL 5 2015


...................................

...THE PHOENIX AZ CLIMATE SUMMARY FOR JULY 4 2015...

CLIMATE NORMAL PERIOD 1981 TO 2010
CLIMATE RECORD PERIOD 1895 TO 2015


WEATHER ITEM   OBSERVED TIME   RECORD YEAR NORMAL DEPARTURE LAST
                VALUE   (LST)  VALUE       VALUE  FROM      YEAR
                                                  NORMAL
..................................................................
TEMPERATURE (F)
 YESTERDAY
  MAXIMUM        106    454 PM 118    1989 107     -1       98
  MINIMUM         85    558 AM  63    1912  83      2       81
  AVERAGE         96                        95      1       90

PRECIPITATION (IN)
  YESTERDAY        0.00          0.22 1898   0.02  -0.02     0.00
  MONTH TO DATE    0.08                      0.07   0.01      T
  SINCE OCT 1      3.87                      5.41  -1.54     3.81
  SINCE JAN 1      2.83                      3.30  -0.47     0.99

SNOWFALL (IN)
  YESTERDAY        0.0
  MONTH TO DATE    0.0
  SINCE JAN 1      0.0
  SINCE JUL 1      0.0
  SNOW DEPTH       0

DEGREE DAYS
 HEATING
  YESTERDAY        0                         0      0        0
  MONTH TO DATE    0                         0      0        0
  SINCE JUN 1      0                         0      0        0
  SINCE JUL 1      0                         0      0        0

 COOLING
  YESTERDAY       31                        30      1       25
  MONTH TO DATE  119                       117      2      120
  SINCE JUN 1    995                       891    104      975
  SINCE JAN 1   2020                      1777    243     2050
..................................................................


WIND (MPH)
  HIGHEST WIND SPEED    22   HIGHEST WIND DIRECTION     W (280)
  HIGHEST GUST SPEED    29   HIGHEST GUST DIRECTION     W (290)
  AVERAGE WIND SPEED     8.9


SKY COVER
  AVERAGE SKY COVER 0.7


WEATHER CONDITIONS
 THE FOLLOWING WEATHER WAS RECORDED YESTERDAY.
  NO SIGNIFICANT WEATHER WAS OBSERVED.


RELATIVE HUMIDITY (PERCENT)
 HIGHEST    51           600 AM
 LOWEST     17           300 PM
 AVERAGE    34

..........................................................


THE PHOENIX AZ CLIMATE NORMALS FOR TODAY
                         NORMAL    RECORD    YEAR
 MAXIMUM TEMPERATURE (F)  107       116      1983
 MINIMUM TEMPERATURE (F)   83        63      1912


SUNRISE AND SUNSET
JULY  5 2015..........SUNRISE   524 AM MST   SUNSET   741 PM MST
JULY  6 2015..........SUNRISE   524 AM MST   SUNSET   741 PM MST


-  INDICATES NEGATIVE NUMBERS.
R  INDICATES RECORD WAS SET OR TIED.
MM INDICATES DATA IS MISSING.
T  INDICATES TRACE AMOUNT.

&&
.....................................................................

DEW POINT
  HIGHEST DEW POINT    65
   LOWEST DEW POINT    51
  AVERAGE DEW POINT    59
.....................................................................

$$
