000
CDUS45 KPSR 170013
CLIPHX

CLIMATE REPORT
NATIONAL WEATHER SERVICE PHOENIX AZ
511 PM MST WED AUG 16 2017


...................................

...THE PHOENIX AZ CLIMATE SUMMARY FOR AUGUST 16 2017...
VALID TODAY AS OF 0500 PM LOCAL TIME.

CLIMATE NORMAL PERIOD 1981 TO 2010
CLIMATE RECORD PERIOD 1895 TO 2017


WEATHER ITEM   OBSERVED TIME   RECORD YEAR NORMAL DEPARTURE LAST
                VALUE   (LST)  VALUE       VALUE  FROM      YEAR
                                                  NORMAL
..................................................................
TEMPERATURE (F)
 TODAY
  MAXIMUM        103    426 PM 113    2013 105     -2      111
                                      1992
  MINIMUM         78    632 AM  64    1918  83     -5       87
  AVERAGE         91                        94     -3       99

PRECIPITATION (IN)
  TODAY            0.00          1.32 1983   0.03  -0.03     0.00
  MONTH TO DATE    1.37                      0.54   0.83     1.02
  SINCE OCT 1      6.50                      6.93  -0.43     4.96
  SINCE JAN 1      4.67                      4.82  -0.15     3.79

SNOWFALL (IN)
  TODAY            0.0
  MONTH TO DATE    0.0
  SINCE JAN 1      0.0
  SINCE JUL 1      0.0
  SNOW DEPTH       0

DEGREE DAYS
 HEATING
  TODAY            0                         0      0        0
  MONTH TO DATE    0                         0      0        0
  SINCE JUN 1      0                         0      0        0
  SINCE JUL 1      0                         0      0        0

 COOLING
  TODAY           26                        29     -3       34
  MONTH TO DATE  445                       464    -19      450
  SINCE JUN 1   2281                      2162    119     2356
  SINCE JAN 1   3355                      3048    307     3363
..................................................................


WIND (MPH)
  HIGHEST WIND SPEED    18   HIGHEST WIND DIRECTION    SE (150)
  HIGHEST GUST SPEED    27   HIGHEST GUST DIRECTION     S (180)
  AVERAGE WIND SPEED     8.3


SKY COVER
  AVERAGE SKY COVER 0.0


WEATHER CONDITIONS
 THE FOLLOWING WEATHER WAS RECORDED TODAY.
  NO SIGNIFICANT WEATHER WAS OBSERVED.


RELATIVE HUMIDITY (PERCENT)
 HIGHEST    35           600 AM
 LOWEST     12           400 PM
 AVERAGE    24

..........................................................


THE PHOENIX AZ CLIMATE NORMALS FOR TOMORROW
                         NORMAL    RECORD    YEAR
 MAXIMUM TEMPERATURE (F)  104       114      2013
 MINIMUM TEMPERATURE (F)   83        64      1918


SUNRISE AND SUNSET
AUGUST 16 2017........SUNRISE   551 AM MST   SUNSET   713 PM MST
AUGUST 17 2017........SUNRISE   552 AM MST   SUNSET   711 PM MST


-  INDICATES NEGATIVE NUMBERS.
R  INDICATES RECORD WAS SET OR TIED.
MM INDICATES DATA IS MISSING.
T  INDICATES TRACE AMOUNT.

$$
