352
CDUS45 KPSR 092310
CLIPHX

CLIMATE REPORT
NATIONAL WEATHER SERVICE PHOENIX AZ
410 PM MST FRI DEC 9 2016


...................................

...THE PHOENIX AZ CLIMATE SUMMARY FOR DECEMBER 9 2016...
VALID TODAY AS OF 0400 PM LOCAL TIME.

CLIMATE NORMAL PERIOD 1981 TO 2010
CLIMATE RECORD PERIOD 1895 TO 2016


WEATHER ITEM   OBSERVED TIME   RECORD YEAR NORMAL DEPARTURE LAST
                VALUE   (LST)  VALUE       VALUE  FROM      YEAR
                                                  NORMAL
..................................................................
TEMPERATURE (F)
 TODAY
  MAXIMUM         72    244 PM  84    1981  67      5       73
  MINIMUM         47    724 AM  24    1916  45      2       49
  AVERAGE         60                        56      4       61

PRECIPITATION (IN)
  TODAY            0.00          0.77 1943   0.03  -0.03     0.00
  MONTH TO DATE    0.00                      0.25  -0.25     0.00
  SINCE OCT 1      0.88                      1.48  -0.60     0.96
  SINCE JAN 1      5.24                      7.40  -2.16     6.94

SNOWFALL (IN)
  TODAY            0.0
  MONTH TO DATE    0.0
  SINCE JAN 1      0.0
  SINCE JUL 1      0.0
  SNOW DEPTH       0

DEGREE DAYS
 HEATING
  TODAY            5                         9     -4        4
  MONTH TO DATE   79                        75      4       47
  SINCE DEC 1     79                        75      4       47
  SINCE JUL 1    137                       178    -41      168

 COOLING
  TODAY            0                         0      0        0
  MONTH TO DATE    0                         0      0        0
  SINCE DEC 1      0                         0      0        0
  SINCE JAN 1   5042                      4606    436     5065
..................................................................


WIND (MPH)
  HIGHEST WIND SPEED    13   HIGHEST WIND DIRECTION     E (70)
  HIGHEST GUST SPEED    15   HIGHEST GUST DIRECTION     E (80)
  AVERAGE WIND SPEED     3.2


SKY COVER
  AVERAGE SKY COVER 0.3


WEATHER CONDITIONS
 THE FOLLOWING WEATHER WAS RECORDED TODAY.
  NO SIGNIFICANT WEATHER WAS OBSERVED.


RELATIVE HUMIDITY (PERCENT)
 HIGHEST    71           100 AM
 LOWEST     27           300 PM
 AVERAGE    49

..........................................................


THE PHOENIX AZ CLIMATE NORMALS FOR TOMORROW
                         NORMAL    RECORD    YEAR
 MAXIMUM TEMPERATURE (F)   66        87      1950
 MINIMUM TEMPERATURE (F)   45        29      1967
                                             1916


SUNRISE AND SUNSET
DECEMBER  9 2016......SUNRISE   721 AM MST   SUNSET   520 PM MST
DECEMBER 10 2016......SUNRISE   722 AM MST   SUNSET   521 PM MST


-  INDICATES NEGATIVE NUMBERS.
R  INDICATES RECORD WAS SET OR TIED.
MM INDICATES DATA IS MISSING.
T  INDICATES TRACE AMOUNT.

$$
