000
CDUS43 KILX 190631
CLIPIA


CLIMATE REPORT
NATIONAL WEATHER SERVICE LINCOLN IL
130 AM CDT SAT AUG 19 2017


...................................

...THE PEORIA IL CLIMATE SUMMARY FOR AUGUST 18 2017...

CLIMATE NORMAL PERIOD 1981 TO 2010
CLIMATE RECORD PERIOD 1883 TO 2017


WEATHER ITEM   OBSERVED TIME   RECORD YEAR NORMAL DEPARTURE LAST
                VALUE   (LST)  VALUE       VALUE  FROM      YEAR
                                                  NORMAL
..................................................................
TEMPERATURE (F)
 YESTERDAY
  MAXIMUM         85    114 PM 106    1936  84      1       89
  MINIMUM         62    517 AM  45    1963  64     -2       71
  AVERAGE         74                        74      0       80

PRECIPITATION (IN)
  YESTERDAY        0.01          1.31 1975   0.11  -0.10     0.00
  MONTH TO DATE    0.13                      1.87  -1.74     2.85
  SINCE JUN 1      6.38                      9.25  -2.87    11.30
  SINCE JAN 1     24.87                     23.58   1.29    20.41

SNOWFALL (IN)
  YESTERDAY        0.0           0.0    MM   0.0    0.0      0.0
  MONTH TO DATE    0.0                       0.0    0.0      0.0
  SINCE JUN 1      0.0                       0.0    0.0      0.0
  SINCE JUL 1      0.0                       0.0    0.0      0.0
  SNOW DEPTH       0

DEGREE DAYS
 HEATING
  YESTERDAY        0                         0      0        0
  MONTH TO DATE    0                         0      0        0
  SINCE JUN 1      6                        19    -13        4
  SINCE JUL 1      0                         1     -1        4

 COOLING
  YESTERDAY        9                         9      0       15
  MONTH TO DATE  133                       171    -38      234
  SINCE JUN 1    765                       721     44      925
  SINCE JAN 1    846                       802     44     1031
..................................................................


WIND (MPH)
  HIGHEST WIND SPEED    15   HIGHEST WIND DIRECTION    SW (220)
  HIGHEST GUST SPEED    22   HIGHEST GUST DIRECTION     W (270)
  AVERAGE WIND SPEED     5.2


SKY COVER
  POSSIBLE SUNSHINE  MM
  AVERAGE SKY COVER 0.1


WEATHER CONDITIONS
 THE FOLLOWING WEATHER WAS RECORDED YESTERDAY.
  THUNDERSTORM
  LIGHT RAIN


RELATIVE HUMIDITY (PERCENT)
 HIGHEST    93           300 AM
 LOWEST     44           100 PM
 AVERAGE    69

..........................................................


THE PEORIA IL CLIMATE NORMALS FOR TODAY
                         NORMAL    RECORD    YEAR
 MAXIMUM TEMPERATURE (F)   84       100      1983
 MINIMUM TEMPERATURE (F)   64        51      1950


SUNRISE AND SUNSET
AUGUST 19 2017........SUNRISE   613 AM CDT   SUNSET   750 PM CDT
AUGUST 20 2017........SUNRISE   614 AM CDT   SUNSET   749 PM CDT


-  INDICATES NEGATIVE NUMBERS.
R  INDICATES RECORD WAS SET OR TIED.
MM INDICATES DATA IS MISSING.
T  INDICATES TRACE AMOUNT.




$$
