000
CDUS43 KILX 270631
CLIPIA


CLIMATE REPORT
NATIONAL WEATHER SERVICE LINCOLN IL
130 AM CDT TUE SEP 27 2016


...................................

...THE PEORIA IL CLIMATE SUMMARY FOR SEPTEMBER 26 2016...

CLIMATE NORMAL PERIOD 1981 TO 2010
CLIMATE RECORD PERIOD 1883 TO 2016


WEATHER ITEM   OBSERVED TIME   RECORD YEAR NORMAL DEPARTURE LAST
                VALUE   (LST)  VALUE       VALUE  FROM      YEAR
                                                  NORMAL
..................................................................
TEMPERATURE (F)
 YESTERDAY
  MAXIMUM         73    332 PM  93    1897  73      0       83
  MINIMUM         52   1134 PM  29    1928  51      1       59
  AVERAGE         63                        62      1       71

PRECIPITATION (IN)
  YESTERDAY        T             2.89 1933   0.10  -0.10     0.00
  MONTH TO DATE    3.86                      2.77   1.09     3.24
  SINCE SEP 1      3.86                      2.77   1.09     3.24
  SINCE JAN 1     28.87                     27.72   1.15    35.48

SNOWFALL (IN)
  YESTERDAY        0.0           0.0    MM   0.0    0.0      0.0
  MONTH TO DATE    0.0                       0.0    0.0      0.0
  SINCE SEP 1      0.0                       0.0    0.0      0.0
  SINCE JUL 1      0.0                       0.0    0.0      0.0
  SNOW DEPTH       0

DEGREE DAYS
 HEATING
  YESTERDAY        2                         5     -3        0
  MONTH TO DATE    2                        60    -58       11
  SINCE SEP 1      2                        60    -58       11
  SINCE JUL 1      6                        66    -60       16

 COOLING
  YESTERDAY        0                         2     -2        6
  MONTH TO DATE  212                       110    102      258
  SINCE SEP 1    212                       110    102      258
  SINCE JAN 1   1369                      1017    352     1370
..................................................................


WIND (MPH)
  HIGHEST WIND SPEED    20   HIGHEST WIND DIRECTION     W (270)
  HIGHEST GUST SPEED    32   HIGHEST GUST DIRECTION     W (270)
  AVERAGE WIND SPEED     9.8


SKY COVER
  POSSIBLE SUNSHINE  MM
  AVERAGE SKY COVER 0.0


WEATHER CONDITIONS
 THE FOLLOWING WEATHER WAS RECORDED YESTERDAY.
  LIGHT RAIN


RELATIVE HUMIDITY (PERCENT)
 HIGHEST    83           700 AM
 LOWEST     22           300 PM
 AVERAGE    53

..........................................................


THE PEORIA IL CLIMATE NORMALS FOR TODAY
                         NORMAL    RECORD    YEAR
 MAXIMUM TEMPERATURE (F)   72        90      1891
 MINIMUM TEMPERATURE (F)   50        32      1942


SUNRISE AND SUNSET
SEPTEMBER 27 2016.....SUNRISE   652 AM CDT   SUNSET   647 PM CDT
SEPTEMBER 28 2016.....SUNRISE   653 AM CDT   SUNSET   645 PM CDT


-  INDICATES NEGATIVE NUMBERS.
R  INDICATES RECORD WAS SET OR TIED.
MM INDICATES DATA IS MISSING.
T  INDICATES TRACE AMOUNT.




$$
