000
CDUS43 KILX 220638
CLIPIA


CLIMATE REPORT
NATIONAL WEATHER SERVICE LINCOLN IL
137 AM CDT SUN OCT 22 2017


...................................

...THE PEORIA IL CLIMATE SUMMARY FOR OCTOBER 21 2017...

CLIMATE NORMAL PERIOD 1981 TO 2010
CLIMATE RECORD PERIOD 1883 TO 2017


WEATHER ITEM   OBSERVED TIME   RECORD YEAR NORMAL DEPARTURE LAST
                VALUE   (LST)  VALUE       VALUE  FROM      YEAR
                                                  NORMAL
..................................................................
TEMPERATURE (F)
 YESTERDAY
  MAXIMUM         79    201 PM  86    1979  63     16       57
  MINIMUM         60    326 AM  22    1930  42     18       37
  AVERAGE         70                        52     18       47

PRECIPITATION (IN)
  YESTERDAY        T             1.29 1912   0.09  -0.09     0.00
  MONTH TO DATE    4.55                      1.86   2.69     3.68
  SINCE SEP 1      5.09                      5.01   0.08     7.75
  SINCE JAN 1     30.82                     29.96   0.86    32.76

SNOWFALL (IN)
  YESTERDAY        0.0           T    1937   0.0    0.0      0.0
  MONTH TO DATE    0.0                       0.0    0.0      0.0
  SINCE SEP 1      0.0                       0.0    0.0      0.0
  SINCE JUL 1      0.0                       0.0    0.0      0.0
  SNOW DEPTH       0

DEGREE DAYS
 HEATING
  YESTERDAY        0                        13    -13       18
  MONTH TO DATE   57                       210   -153      105
  SINCE SEP 1     90                       294   -204      124
  SINCE JUL 1     90                       300   -210      128

 COOLING
  YESTERDAY        5                         0      5        0
  MONTH TO DATE   48                        12     36       44
  SINCE SEP 1    231                       129    102      256
  SINCE JAN 1   1157                      1036    121     1413
..................................................................


WIND (MPH)
  HIGHEST WIND SPEED    26   HIGHEST WIND DIRECTION     S (180)
  HIGHEST GUST SPEED    37   HIGHEST GUST DIRECTION     S (200)
  AVERAGE WIND SPEED    15.4


SKY COVER
  POSSIBLE SUNSHINE  MM
  AVERAGE SKY COVER 0.2


WEATHER CONDITIONS
 THE FOLLOWING WEATHER WAS RECORDED YESTERDAY.
  LIGHT RAIN


RELATIVE HUMIDITY (PERCENT)
 HIGHEST    72           200 AM
 LOWEST     54           200 PM
 AVERAGE    63

..........................................................


THE PEORIA IL CLIMATE NORMALS FOR TODAY
                         NORMAL    RECORD    YEAR
 MAXIMUM TEMPERATURE (F)   62        84      1927
 MINIMUM TEMPERATURE (F)   42        22      1976


SUNRISE AND SUNSET
OCTOBER 22 2017.......SUNRISE   718 AM CDT   SUNSET   608 PM CDT
OCTOBER 23 2017.......SUNRISE   719 AM CDT   SUNSET   606 PM CDT


-  INDICATES NEGATIVE NUMBERS.
R  INDICATES RECORD WAS SET OR TIED.
MM INDICATES DATA IS MISSING.
T  INDICATES TRACE AMOUNT.




$$
