000
CDUS43 KILX 220641
CLIPIA


CLIMATE REPORT
NATIONAL WEATHER SERVICE LINCOLN IL
135 AM CDT THU JUN 22 2017


...................................

...THE PEORIA IL CLIMATE SUMMARY FOR JUNE 21 2017...

CLIMATE NORMAL PERIOD 1981 TO 2010
CLIMATE RECORD PERIOD 1883 TO 2017


WEATHER ITEM   OBSERVED TIME   RECORD YEAR NORMAL DEPARTURE LAST
                VALUE   (LST)  VALUE       VALUE  FROM      YEAR
                                                  NORMAL
..................................................................
TEMPERATURE (F)
 YESTERDAY
  MAXIMUM         83    428 PM  99    1988  84     -1       88
                                      1914
  MINIMUM         63    443 AM  43    1992  63      0       67
  AVERAGE         73                        74     -1       78

PRECIPITATION (IN)
  YESTERDAY        0.15          1.95 1974   0.12   0.03     0.00
  MONTH TO DATE    1.32                      2.46  -1.14     0.71
  SINCE JUN 1      1.32                      2.46  -1.14     0.71
  SINCE JAN 1     19.81                     16.79   3.02     9.82

SNOWFALL (IN)
  YESTERDAY        0.0           0.0    MM   0.0    0.0      0.0
  MONTH TO DATE    0.0                       0.0    0.0      0.0
  SINCE JUN 1      0.0                       0.0    0.0      0.0
  SINCE JUL 1     13.9                      24.6  -10.7     15.3
  SNOW DEPTH       0

DEGREE DAYS
 HEATING
  YESTERDAY        0                         0      0        0
  MONTH TO DATE    0                        17    -17        0
  SINCE JUN 1      0                        17    -17        0
  SINCE JUL 1   4701                      5830  -1129     4641

 COOLING
  YESTERDAY        8                         9     -1       13
  MONTH TO DATE  204                       135     69      236
  SINCE JUN 1    204                       135     69      236
  SINCE JAN 1    285                       216     69      342
..................................................................


WIND (MPH)
  HIGHEST WIND SPEED    15   HIGHEST WIND DIRECTION    SW (210)
  HIGHEST GUST SPEED    20   HIGHEST GUST DIRECTION    SW (210)
  AVERAGE WIND SPEED     5.5


SKY COVER
  POSSIBLE SUNSHINE  MM
  AVERAGE SKY COVER 0.2


WEATHER CONDITIONS
 THE FOLLOWING WEATHER WAS RECORDED YESTERDAY.
  THUNDERSTORM
  HEAVY RAIN
  RAIN
  LIGHT RAIN
  FOG


RELATIVE HUMIDITY (PERCENT)
 HIGHEST   100           100 AM
 LOWEST     62           300 PM
 AVERAGE    81

..........................................................


THE PEORIA IL CLIMATE NORMALS FOR TODAY
                         NORMAL    RECORD    YEAR
 MAXIMUM TEMPERATURE (F)   84        96      1988
                                             1911
 MINIMUM TEMPERATURE (F)   64        48      1992
                                             1963
                                             1912


SUNRISE AND SUNSET
JUNE 22 2017..........SUNRISE   528 AM CDT   SUNSET   833 PM CDT
JUNE 23 2017..........SUNRISE   528 AM CDT   SUNSET   834 PM CDT


-  INDICATES NEGATIVE NUMBERS.
R  INDICATES RECORD WAS SET OR TIED.
MM INDICATES DATA IS MISSING.
T  INDICATES TRACE AMOUNT.




$$
