000
CDUS45 KPIH 270738
CLIPIH


CLIMATE REPORT
NATIONAL WEATHER SERVICE POCATELLO ID
136 AM MDT SAT AUG 27 2016


...................................

...THE POCATELLO ID CLIMATE SUMMARY FOR AUGUST 26 2016...

CLIMATE NORMAL PERIOD 1981 TO 2010
CLIMATE RECORD PERIOD 1939 TO 2016


WEATHER ITEM   OBSERVED TIME   RECORD YEAR NORMAL DEPARTURE LAST
                VALUE   (LST)  VALUE       VALUE  FROM      YEAR
                                                  NORMAL
..................................................................
TEMPERATURE (F)
 YESTERDAY
  MAXIMUM         80    152 PM 100    2010  85     -5       82
  MINIMUM         40    550 AM  31    1992  49     -9       58
  AVERAGE         60                        67     -7       70

PRECIPITATION (IN)
  YESTERDAY        0.00          0.12 1977   0.02  -0.02      T
  MONTH TO DATE    0.24                      0.50  -0.26     0.48
  SINCE OCT 1     11.15                     11.18  -0.03     9.16
  SINCE JAN 1      7.58                      7.96  -0.38     6.77

SNOWFALL (IN)
  YESTERDAY        0.0
  MONTH TO DATE    0.0
  SINCE JUN 1      0.0
  SINCE JUL 1      0.0
  SNOW DEPTH       0

DEGREE DAYS
 HEATING
  YESTERDAY        5                         1      4        0
  MONTH TO DATE   19                        13      6       15
  SINCE JUN 1     79                       164    -85       66
  SINCE JUL 1     36                        33      3       38

 COOLING
  YESTERDAY        0                         3     -3        5
  MONTH TO DATE   95                       131    -36      128
  SINCE JUN 1    381                       349     32      424
  SINCE JAN 1    381                       354     27      428
..................................................................


WIND (MPH)
  HIGHEST WIND SPEED    17   HIGHEST WIND DIRECTION     W (260)
  HIGHEST GUST SPEED    22   HIGHEST GUST DIRECTION     W (250)
  AVERAGE WIND SPEED     7.6


SKY COVER
  POSSIBLE SUNSHINE  MM
  AVERAGE SKY COVER 0.0


WEATHER CONDITIONS
 THE FOLLOWING WEATHER WAS RECORDED YESTERDAY.
  NO SIGNIFICANT WEATHER WAS OBSERVED.


RELATIVE HUMIDITY (PERCENT)
 HIGHEST    73           400 AM
 LOWEST     16           200 PM
 AVERAGE    45

..........................................................


THE POCATELLO ID CLIMATE NORMALS FOR TODAY
                         NORMAL    RECORD    YEAR
 MAXIMUM TEMPERATURE (F)   84        96      2012
 MINIMUM TEMPERATURE (F)   49        34      1993


SUNRISE AND SUNSET
AUGUST 27 2016........SUNRISE   650 AM MDT   SUNSET   812 PM MDT
AUGUST 28 2016........SUNRISE   651 AM MDT   SUNSET   811 PM MDT


-  INDICATES NEGATIVE NUMBERS.
R  INDICATES RECORD WAS SET OR TIED.
MM INDICATES DATA IS MISSING.
T  INDICATES TRACE AMOUNT.




$$
