000
CDUS45 KPIH 222322
CLIPIH


CLIMATE REPORT
NATIONAL WEATHER SERVICE POCATELLO ID
421 PM MST MON DEC 22 2014


...................................

...THE POCATELLO ID CLIMATE SUMMARY FOR DECEMBER 22 2014...
VALID TODAY AS OF 0400 PM LOCAL TIME.

CLIMATE NORMAL PERIOD 1981 TO 2010
CLIMATE RECORD PERIOD 1939 TO 2014


WEATHER ITEM   OBSERVED TIME   RECORD YEAR NORMAL DEPARTURE LAST
                VALUE   (LST)  VALUE       VALUE  FROM      YEAR
                                                  NORMAL
..................................................................
TEMPERATURE (F)
 TODAY
  MAXIMUM         46    223 PM  58    1964  32     14       34
  MINIMUM         34    416 AM -25    1990  15     19       23
                                      1983
  AVERAGE         40                        23     17       29

PRECIPITATION (IN)
  TODAY            0.02          0.59 1944   0.04  -0.02     0.00
  MONTH TO DATE    0.40                      0.90  -0.50     0.40
  SINCE OCT 1      2.02                      2.88  -0.86     1.34
  SINCE JAN 1     12.28                     11.79   0.49     6.14

SNOWFALL (IN)
  TODAY            0.3
  MONTH TO DATE    1.5
  SINCE DEC 1      1.5
  SINCE JUL 1      6.1
  SNOW DEPTH       T

DEGREE DAYS
 HEATING
  TODAY           25                        42    -17       36
  MONTH TO DATE  591                       883   -292     1053
  SINCE DEC 1    591                       883   -292     1053
  SINCE JUL 1   2118                      2611   -493     2665

 COOLING
  TODAY            0                         0      0        0
  MONTH TO DATE    0                         0      0        0
  SINCE DEC 1      0                         0      0        0
  SINCE JAN 1    421                       392     29      688
..................................................................


WIND (MPH)
  HIGHEST WIND SPEED    25   HIGHEST WIND DIRECTION     W (250)
  HIGHEST GUST SPEED    33   HIGHEST GUST DIRECTION    SW (240)
  AVERAGE WIND SPEED    16.5


SKY COVER
  POSSIBLE SUNSHINE  MM
  AVERAGE SKY COVER 0.9


WEATHER CONDITIONS
 THE FOLLOWING WEATHER WAS RECORDED TODAY.
  LIGHT RAIN
  HAIL
  SNOW
  SLEET
  FOG


RELATIVE HUMIDITY (PERCENT)
 HIGHEST   100           200 AM
 LOWEST     70           200 PM
 AVERAGE    85

..........................................................


THE POCATELLO ID CLIMATE NORMALS FOR TOMORROW
                         NORMAL    RECORD    YEAR
 MAXIMUM TEMPERATURE (F)   32        59      1964
 MINIMUM TEMPERATURE (F)   15       -29      1990


SUNRISE AND SUNSET
DECEMBER 22 2014......SUNRISE   759 AM MST   SUNSET   500 PM MST
DECEMBER 23 2014......SUNRISE   759 AM MST   SUNSET   500 PM MST


-  INDICATES NEGATIVE NUMBERS.
R  INDICATES RECORD WAS SET OR TIED.
MM INDICATES DATA IS MISSING.
T  INDICATES TRACE AMOUNT.




$$
