000
CDUS45 KPIH 022322
CLIPIH


CLIMATE REPORT
NATIONAL WEATHER SERVICE POCATELLO ID
521 PM MDT TUE SEP 2 2014


...................................

...THE POCATELLO ID CLIMATE SUMMARY FOR SEPTEMBER 2 2014...
VALID TODAY AS OF 0500 PM LOCAL TIME.

CLIMATE NORMAL PERIOD 1981 TO 2010
CLIMATE RECORD PERIOD 1939 TO 2014


WEATHER ITEM   OBSERVED TIME   RECORD YEAR NORMAL DEPARTURE LAST
                VALUE   (LST)  VALUE       VALUE  FROM      YEAR
                                                  NORMAL
..................................................................
TEMPERATURE (F)
 TODAY
  MAXIMUM         83    351 PM  96    1947  82      1       74
  MINIMUM         39    613 AM  31    2006  47     -8       62
  AVERAGE         61                        64     -3       68

PRECIPITATION (IN)
  TODAY            0.00          0.28 2013   0.02  -0.02     0.28
  MONTH TO DATE    0.00                      0.05  -0.05     0.28
  SINCE OCT 1     10.15                     11.34  -1.19     8.47
  SINCE JAN 1      8.78                      8.12   0.66     4.31

SNOWFALL (IN)
  TODAY            0.0
  MONTH TO DATE    0.0
  SINCE SEP 1      0.0
  SINCE JUL 1      0.0
  SNOW DEPTH       0

DEGREE DAYS
 HEATING
  TODAY            4                         3      1        0
  MONTH TO DATE    8                         5      3        0
  SINCE SEP 1      8                         5      3        0
  SINCE JUL 1     43                        51     -8        0

 COOLING
  TODAY            0                         2     -2        3
  MONTH TO DATE    0                         4     -4        6
  SINCE SEP 1      0                         4     -4        6
  SINCE JAN 1    386                       374     12      633
..................................................................


WIND (MPH)
  HIGHEST WIND SPEED    22   HIGHEST WIND DIRECTION     W (260)
  HIGHEST GUST SPEED    27   HIGHEST GUST DIRECTION     W (270)
  AVERAGE WIND SPEED     6.0


SKY COVER
  POSSIBLE SUNSHINE  MM
  AVERAGE SKY COVER 0.0


WEATHER CONDITIONS
 THE FOLLOWING WEATHER WAS RECORDED TODAY.
  NO SIGNIFICANT WEATHER WAS OBSERVED.


RELATIVE HUMIDITY (PERCENT)
 HIGHEST    92           600 AM
 LOWEST     17           300 PM
 AVERAGE    55

..........................................................


THE POCATELLO ID CLIMATE NORMALS FOR TOMORROW
                         NORMAL    RECORD    YEAR
 MAXIMUM TEMPERATURE (F)   82        96      2007
                                             1950
 MINIMUM TEMPERATURE (F)   46        31      1964


SUNRISE AND SUNSET
SEPTEMBER  2 2014.....SUNRISE   656 AM MDT   SUNSET   803 PM MDT
SEPTEMBER  3 2014.....SUNRISE   657 AM MDT   SUNSET   801 PM MDT


-  INDICATES NEGATIVE NUMBERS.
R  INDICATES RECORD WAS SET OR TIED.
MM INDICATES DATA IS MISSING.
T  INDICATES TRACE AMOUNT.




$$
