000
CDUS45 KPIH 260738
CLIPIH


CLIMATE REPORT
NATIONAL WEATHER SERVICE POCATELLO ID
1235 AM MST MON JAN 26 2015


...................................

...THE POCATELLO ID CLIMATE SUMMARY FOR JANUARY 25 2015...

CLIMATE NORMAL PERIOD 1981 TO 2010
CLIMATE RECORD PERIOD 1939 TO 2015


WEATHER ITEM   OBSERVED TIME   RECORD YEAR NORMAL DEPARTURE LAST
                VALUE   (LST)  VALUE       VALUE  FROM      YEAR
                                                  NORMAL
..................................................................
TEMPERATURE (F)
 YESTERDAY
  MAXIMUM         43    247 PM  54    1953  33     10       37
  MINIMUM         30   1159 PM -31    1949  16     14       12
  AVERAGE         37                        25     12       25

PRECIPITATION (IN)
  YESTERDAY        0.00          0.44 1997   0.03  -0.03     0.00
  MONTH TO DATE    0.37                      0.82  -0.45     0.46
  SINCE OCT 1      2.76                      4.04  -1.28     1.83
  SINCE JAN 1      0.37                      0.82  -0.45     0.46

SNOWFALL (IN)
  YESTERDAY        0.0
  MONTH TO DATE    0.9
  SINCE DEC 1      8.1
  SINCE JUL 1     12.7
  SNOW DEPTH       0

DEGREE DAYS
 HEATING
  YESTERDAY       28                        40    -12       40
  MONTH TO DATE  902                      1020   -118      894
  SINCE DEC 1   1908                      2277   -369     2282
  SINCE JUL 1   3435                      4005   -570     3894

 COOLING
  YESTERDAY        0                         0      0        0
  MONTH TO DATE    0                         0      0        0
  SINCE DEC 1      0                         0      0        0
  SINCE JAN 1      0                         0      0        0
..................................................................


WIND (MPH)
  HIGHEST WIND SPEED    13   HIGHEST WIND DIRECTION    NE (40)
  HIGHEST GUST SPEED    15   HIGHEST GUST DIRECTION    NE (40)
  AVERAGE WIND SPEED     6.1


SKY COVER
  POSSIBLE SUNSHINE  MM
  AVERAGE SKY COVER 0.9


WEATHER CONDITIONS
 THE FOLLOWING WEATHER WAS RECORDED YESTERDAY.
  FOG
  FOG W/VISIBILITY <= 1/4 MILE


RELATIVE HUMIDITY (PERCENT)
 HIGHEST   100          1200 AM
 LOWEST     70           300 PM
 AVERAGE    85

..........................................................


THE POCATELLO ID CLIMATE NORMALS FOR TODAY
                         NORMAL    RECORD    YEAR
 MAXIMUM TEMPERATURE (F)   33        52      2003
 MINIMUM TEMPERATURE (F)   16       -21      1949


SUNRISE AND SUNSET
JANUARY 26 2015.......SUNRISE   751 AM MST   SUNSET   535 PM MST
JANUARY 27 2015.......SUNRISE   750 AM MST   SUNSET   536 PM MST


-  INDICATES NEGATIVE NUMBERS.
R  INDICATES RECORD WAS SET OR TIED.
MM INDICATES DATA IS MISSING.
T  INDICATES TRACE AMOUNT.




$$
