598
CDUS45 KPIH 260732
CLIPIH


CLIMATE REPORT
NATIONAL WEATHER SERVICE POCATELLO ID
131 AM MDT TUE SEP 26 2017


...................................

...THE POCATELLO ID CLIMATE SUMMARY FOR SEPTEMBER 25 2017...

CLIMATE NORMAL PERIOD 1981 TO 2010
CLIMATE RECORD PERIOD 1939 TO 2017


WEATHER ITEM   OBSERVED TIME   RECORD YEAR NORMAL DEPARTURE LAST
                VALUE   (LST)  VALUE       VALUE  FROM      YEAR
                                                  NORMAL
..................................................................
TEMPERATURE (F)
 YESTERDAY
  MAXIMUM         59    308 PM  93    2015  71    -12       67
  MINIMUM         34    617 AM  23    1970  39     -5       35
  AVERAGE         47                        55     -8       51

PRECIPITATION (IN)
  YESTERDAY        0.00          0.63 1982   0.03  -0.03     0.00
  MONTH TO DATE    2.89                      0.69   2.20     2.10
  SINCE OCT 1     21.00                     11.98   9.02    13.25
  SINCE JAN 1     14.44                      8.76   5.68     9.68

SNOWFALL (IN)
  YESTERDAY        0.0
  MONTH TO DATE    0.0
  SINCE SEP 1      0.0
  SINCE JUL 1      0.0
  SNOW DEPTH       0

DEGREE DAYS
 HEATING
  YESTERDAY       18                        10      8       14
  MONTH TO DATE  180                       147     33      187
  SINCE SEP 1    180                       147     33      187
  SINCE JUL 1    184                       193     -9      225

 COOLING
  YESTERDAY        0                         0      0        0
  MONTH TO DATE   66                        20     46       16
  SINCE SEP 1     66                        20     46       16
  SINCE JAN 1    575                       390    185      415
..................................................................


WIND (MPH)
  HIGHEST WIND SPEED    12   HIGHEST WIND DIRECTION     W (280)
  HIGHEST GUST SPEED    18   HIGHEST GUST DIRECTION    NW (310)
  AVERAGE WIND SPEED     4.4


SKY COVER
  POSSIBLE SUNSHINE  MM
  AVERAGE SKY COVER 0.6


WEATHER CONDITIONS
 THE FOLLOWING WEATHER WAS RECORDED YESTERDAY.
  NO SIGNIFICANT WEATHER WAS OBSERVED.


RELATIVE HUMIDITY (PERCENT)
 HIGHEST    92           600 AM
 LOWEST     33           200 PM
 AVERAGE    63

..........................................................


THE POCATELLO ID CLIMATE NORMALS FOR TODAY
                         NORMAL    RECORD    YEAR
 MAXIMUM TEMPERATURE (F)   71        90      2010
 MINIMUM TEMPERATURE (F)   39        27      1996
                                             1970


SUNRISE AND SUNSET
SEPTEMBER 26 2017.....SUNRISE   722 AM MDT   SUNSET   720 PM MDT
SEPTEMBER 27 2017.....SUNRISE   724 AM MDT   SUNSET   718 PM MDT


-  INDICATES NEGATIVE NUMBERS.
R  INDICATES RECORD WAS SET OR TIED.
MM INDICATES DATA IS MISSING.
T  INDICATES TRACE AMOUNT.




$$
