000
CDUS45 KPIH 300734
CLIPIH


CLIMATE REPORT
NATIONAL WEATHER SERVICE POCATELLO ID
134 AM MDT THU OCT 30 2014


...................................

...THE POCATELLO ID CLIMATE SUMMARY FOR OCTOBER 29 2014...

CLIMATE NORMAL PERIOD 1981 TO 2010
CLIMATE RECORD PERIOD 1939 TO 2014


WEATHER ITEM   OBSERVED TIME   RECORD YEAR NORMAL DEPARTURE LAST
                VALUE   (LST)  VALUE       VALUE  FROM      YEAR
                                                  NORMAL
..................................................................
TEMPERATURE (F)
 YESTERDAY
  MAXIMUM         64    337 PM  72    1968  55      9       51
  MINIMUM         25    217 AM  10    1971  30     -5       33
  AVERAGE         45                        42      3       42

PRECIPITATION (IN)
  YESTERDAY        0.00          0.33 2000   0.03  -0.03     0.00
  MONTH TO DATE    0.04                      0.81  -0.77     0.49
  SINCE OCT 1      0.04                      0.81  -0.77     0.49
  SINCE JAN 1     10.30                      9.72   0.58     5.29

SNOWFALL (IN)
  YESTERDAY        0.0
  MONTH TO DATE    0.0
  SINCE SEP 1      0.0
  SINCE JUL 1      0.0
  SNOW DEPTH       0

DEGREE DAYS
 HEATING
  YESTERDAY       20                        23     -3       23
  MONTH TO DATE  401                       511   -110      584
  SINCE SEP 1    544                       714   -170      721
  SINCE JUL 1    579                       760   -181      721

 COOLING
  YESTERDAY        0                         0      0        0
  MONTH TO DATE    0                         0      0        0
  SINCE SEP 1     35                        22     13       61
  SINCE JAN 1    421                       392     29      688
..................................................................


WIND (MPH)
  HIGHEST WIND SPEED    22   HIGHEST WIND DIRECTION     W (250)
  HIGHEST GUST SPEED    26   HIGHEST GUST DIRECTION     W (250)
  AVERAGE WIND SPEED     8.4


SKY COVER
  POSSIBLE SUNSHINE  MM
  AVERAGE SKY COVER 0.6


WEATHER CONDITIONS
 THE FOLLOWING WEATHER WAS RECORDED YESTERDAY.
  NO SIGNIFICANT WEATHER WAS OBSERVED.


RELATIVE HUMIDITY (PERCENT)
 HIGHEST    75           200 AM
 LOWEST     29           100 PM
 AVERAGE    52

..........................................................


THE POCATELLO ID CLIMATE NORMALS FOR TODAY
                         NORMAL    RECORD    YEAR
 MAXIMUM TEMPERATURE (F)   54        72      1962
 MINIMUM TEMPERATURE (F)   30        11      1991


SUNRISE AND SUNSET
OCTOBER 30 2014.......SUNRISE   802 AM MDT   SUNSET   625 PM MDT
OCTOBER 31 2014.......SUNRISE   804 AM MDT   SUNSET   624 PM MDT


-  INDICATES NEGATIVE NUMBERS.
R  INDICATES RECORD WAS SET OR TIED.
MM INDICATES DATA IS MISSING.
T  INDICATES TRACE AMOUNT.




$$
