000
CDUS45 KPIH 170731
CLIPIH


CLIMATE REPORT
NATIONAL WEATHER SERVICE POCATELLO ID
1229 AM MST TUE JAN 17 2017


...................................

...THE POCATELLO ID CLIMATE SUMMARY FOR JANUARY 16 2017...

CLIMATE NORMAL PERIOD 1981 TO 2010
CLIMATE RECORD PERIOD 1939 TO 2017


WEATHER ITEM   OBSERVED TIME   RECORD YEAR NORMAL DEPARTURE LAST
                VALUE   (LST)  VALUE       VALUE  FROM      YEAR
                                                  NORMAL
..................................................................
TEMPERATURE (F)
 YESTERDAY
  MAXIMUM         12    433 PM  57    1974  33    -21       36
  MINIMUM         -3    907 PM -13    1947  16    -19       23
  AVERAGE          5                        24    -19       30

PRECIPITATION (IN)
  YESTERDAY        T             0.47 1959   0.03  -0.03     0.14
  MONTH TO DATE    1.68                      0.56   1.12     0.29
  SINCE OCT 1      8.24                      3.78   4.46     3.86
  SINCE JAN 1      1.68                      0.56   1.12     0.29

SNOWFALL (IN)
  YESTERDAY        0.5
  MONTH TO DATE   13.9
  SINCE DEC 1     42.4
  SINCE JUL 1     45.0
  SNOW DEPTH       4

DEGREE DAYS
 HEATING
  YESTERDAY       60                        41     19       35
  MONTH TO DATE  821                       656    165      650
  SINCE DEC 1   2218                      1913    305     1885
  SINCE JUL 1   3653                      3641     12     3329

 COOLING
  YESTERDAY        0                         0      0        0
  MONTH TO DATE    0                         0      0        0
  SINCE DEC 1      0                         0      0        0
  SINCE JAN 1      0                         0      0        0
..................................................................


WIND (MPH)
  HIGHEST WIND SPEED     8   HIGHEST WIND DIRECTION    NW (320)
  HIGHEST GUST SPEED    10   HIGHEST GUST DIRECTION     N (10)
  AVERAGE WIND SPEED     2.7


SKY COVER
  POSSIBLE SUNSHINE  MM
  AVERAGE SKY COVER 0.5


WEATHER CONDITIONS
 THE FOLLOWING WEATHER WAS RECORDED YESTERDAY.
  LIGHT SNOW
  FOG
  HAZE


RELATIVE HUMIDITY (PERCENT)
 HIGHEST    95           700 PM
 LOWEST     73           200 PM
 AVERAGE    84

..........................................................


THE POCATELLO ID CLIMATE NORMALS FOR TODAY
                         NORMAL    RECORD    YEAR
 MAXIMUM TEMPERATURE (F)   33        54      1961
 MINIMUM TEMPERATURE (F)   16       -23      1984


SUNRISE AND SUNSET
JANUARY 17 2017.......SUNRISE   757 AM MST   SUNSET   524 PM MST
JANUARY 18 2017.......SUNRISE   757 AM MST   SUNSET   526 PM MST


-  INDICATES NEGATIVE NUMBERS.
R  INDICATES RECORD WAS SET OR TIED.
MM INDICATES DATA IS MISSING.
T  INDICATES TRACE AMOUNT.




$$
