000
CDUS45 KPIH 102321
CLIPIH


CLIMATE REPORT
NATIONAL WEATHER SERVICE POCATELLO ID
521 PM MDT THU JUL 10 2014


...................................

...THE POCATELLO ID CLIMATE SUMMARY FOR JULY 10 2014...
VALID TODAY AS OF 0500 PM LOCAL TIME.

CLIMATE NORMAL PERIOD 1981 TO 2010
CLIMATE RECORD PERIOD 1939 TO 2014


WEATHER ITEM   OBSERVED TIME   RECORD YEAR NORMAL DEPARTURE LAST
                VALUE   (LST)  VALUE       VALUE  FROM      YEAR
                                                  NORMAL
..................................................................
TEMPERATURE (F)
 TODAY
  MAXIMUM         92    313 PM 101    1973  87      5      100
  MINIMUM         65    300 AM  38    1999  52     13       50
  AVERAGE         79                        69     10       75

PRECIPITATION (IN)
  TODAY            T             0.36 1997   0.02  -0.02     0.00
                                      1970
  MONTH TO DATE    0.03                      0.19  -0.16     0.12
  SINCE OCT 1      7.54                     10.23  -2.69     7.83
  SINCE JAN 1      6.17                      7.01  -0.84     3.67

SNOWFALL (IN)
  TODAY            0.0
  MONTH TO DATE    0.0
  SINCE JUN 1      0.0
  SINCE JUL 1      0.0
  SNOW DEPTH       0

DEGREE DAYS
 HEATING
  TODAY            0                         1     -1        0
  MONTH TO DATE    2                        11     -9        0
  SINCE JUN 1    112                       142    -30       90
  SINCE JUL 1      2                        11     -9        0

 COOLING
  TODAY           14                         5      9       10
  MONTH TO DATE   79                        43     36      105
  SINCE JUN 1     99                        89     10      198
  SINCE JAN 1     99                        94      5      207
..................................................................


WIND (MPH)
  HIGHEST WIND SPEED    18   HIGHEST WIND DIRECTION    SW (230)
  HIGHEST GUST SPEED    27   HIGHEST GUST DIRECTION    SW (220)
  AVERAGE WIND SPEED    10.8


SKY COVER
  POSSIBLE SUNSHINE  MM
  AVERAGE SKY COVER 0.2


WEATHER CONDITIONS
 THE FOLLOWING WEATHER WAS RECORDED TODAY.
  LIGHT RAIN


RELATIVE HUMIDITY (PERCENT)
 HIGHEST    55           400 AM
 LOWEST     14           400 PM
 AVERAGE    35

..........................................................


THE POCATELLO ID CLIMATE NORMALS FOR TOMORROW
                         NORMAL    RECORD    YEAR
 MAXIMUM TEMPERATURE (F)   87       101      2002
 MINIMUM TEMPERATURE (F)   52        40      1983


SUNRISE AND SUNSET
JULY 10 2014..........SUNRISE   601 AM MDT   SUNSET   910 PM MDT
JULY 11 2014..........SUNRISE   602 AM MDT   SUNSET   909 PM MDT


-  INDICATES NEGATIVE NUMBERS.
R  INDICATES RECORD WAS SET OR TIED.
MM INDICATES DATA IS MISSING.
T  INDICATES TRACE AMOUNT.




$$
