000
CDUS43 KABR 311035
CLIPIR


CLIMATE REPORT
NATIONAL WEATHER SERVICE ABERDEEN SD
534 AM CDT FRI OCT 31 2014


...................................

...THE PIERRE SD CLIMATE SUMMARY FOR OCTOBER 30 2014...

CLIMATE NORMAL PERIOD 1981 TO 2010
CLIMATE RECORD PERIOD 1892 TO 2014


WEATHER ITEM   OBSERVED TIME   RECORD YEAR NORMAL DEPARTURE LAST
                VALUE   (LST)  VALUE       VALUE  FROM      YEAR
                                                  NORMAL
..................................................................
TEMPERATURE (F)
 YESTERDAY
  MAXIMUM         49    121 AM  88    1950  54     -5       36
  MINIMUM         26   1158 PM   6    1991  31     -5       30
  AVERAGE         38                        42     -4       33

PRECIPITATION (IN)
  YESTERDAY        0.00          0.81 1927   0.04  -0.04      T
  MONTH TO DATE    0.30                      1.62  -1.32     4.76
  SINCE SEP 1      0.91                      3.49  -2.58     5.92
  SINCE JAN 1     17.13                     18.67  -1.54    22.84

SNOWFALL (IN)
  YESTERDAY        0.0           7.0  1943   0.1   -0.1      0.0
  MONTH TO DATE    0.0                       0.9   -0.9      0.5
  SINCE OCT 1      0.0                       0.9   -0.9      0.5
  SINCE JUL 1      0.0                       0.9   -0.9      0.5
  SNOW DEPTH       0

DEGREE DAYS
 HEATING
  YESTERDAY       27                        23      4       32
  MONTH TO DATE  386                       487   -101      589
  SINCE SEP 1    513                       638   -125      645
  SINCE JUL 1    541                       658   -117      654

 COOLING
  YESTERDAY        0                         0      0        0
  MONTH TO DATE    2                         2      0        0
  SINCE SEP 1     86                        88     -2      167
  SINCE JAN 1    622                       865   -243      853
..................................................................


WIND (MPH)
  RESULTANT WIND SPEED  13   RESULTANT WIND DIRECTION   N (340)
  HIGHEST WIND SPEED    25   HIGHEST WIND DIRECTION     N (340)
  HIGHEST GUST SPEED    30   HIGHEST GUST DIRECTION     N (340)
  AVERAGE WIND SPEED    15.1




RELATIVE HUMIDITY (PERCENT)
 HIGHEST    82           600 AM
 LOWEST     50           300 PM
 AVERAGE    66

..........................................................


THE PIERRE SD CLIMATE NORMALS FOR TODAY
                         NORMAL    RECORD    YEAR
 MAXIMUM TEMPERATURE (F)   53        85      1990
 MINIMUM TEMPERATURE (F)   31         4      1991


SUNRISE AND SUNSET
OCTOBER 31 2014.......SUNRISE   817 AM CDT   SUNSET   632 PM CDT
NOVEMBER  1 2014......SUNRISE   818 AM CDT   SUNSET   630 PM CDT


-  INDICATES NEGATIVE NUMBERS.
R  INDICATES RECORD WAS SET OR TIED.
MM INDICATES DATA IS MISSING.
T  INDICATES TRACE AMOUNT.




$$
