000
CDUS43 KABR 291046
CLIPIR


CLIMATE REPORT
NATIONAL WEATHER SERVICE ABERDEEN SD
445 AM CST MON DEC 29 2014


...................................

...THE PIERRE SD CLIMATE SUMMARY FOR DECEMBER 28 2014...

CLIMATE NORMAL PERIOD 1981 TO 2010
CLIMATE RECORD PERIOD 1892 TO 2014


WEATHER ITEM   OBSERVED TIME   RECORD YEAR NORMAL DEPARTURE LAST
                VALUE   (LST)  VALUE       VALUE  FROM      YEAR
                                                  NORMAL
..................................................................
TEMPERATURE (F)
 YESTERDAY
  MAXIMUM         19    630 PM  60    1999  29    -10       41
  MINIMUM          0    844 AM -12    1990  10    -10        1
  AVERAGE         10                        20    -10       21

PRECIPITATION (IN)
  YESTERDAY       MM             0.16 1909   0.02  MM         T
  MONTH TO DATE    0.74                      0.50   0.24     1.34
  SINCE DEC 1      0.74                      0.50   0.24     1.34
  SINCE JAN 1     18.69                     19.96  -1.27    24.42

SNOWFALL (IN)
  YESTERDAY       MM             2.5  1909   0.2   MM         T
  MONTH TO DATE    9.3                       4.5    4.8     12.9
  SINCE OCT 1     18.5                      10.8    7.7     14.9
  SINCE JUL 1     18.5                      10.8    7.7     14.9
  SNOW DEPTH       4

DEGREE DAYS
 HEATING
  YESTERDAY       55                        45     10       44
  MONTH TO DATE 1082                      1205   -123     1433
  SINCE DEC 1   1082                      1205   -123     1433
  SINCE JUL 1   2804                      2825    -21     3052

 COOLING
  YESTERDAY        0                         0      0        0
  MONTH TO DATE    0                         0      0        0
  SINCE DEC 1      0                         0      0        0
  SINCE JAN 1    622                       868   -246      853
..................................................................


WIND (MPH)
  RESULTANT WIND SPEED   6   RESULTANT WIND DIRECTION   E (80)
  HIGHEST WIND SPEED    21   HIGHEST WIND DIRECTION    NE (60)
  HIGHEST GUST SPEED    24   HIGHEST GUST DIRECTION    NE (60)
  AVERAGE WIND SPEED    10.4




RELATIVE HUMIDITY (PERCENT)
 HIGHEST    96           800 AM
 LOWEST     80          1200 AM
 AVERAGE    88

..........................................................


THE PIERRE SD CLIMATE NORMALS FOR TODAY
                         NORMAL    RECORD    YEAR
 MAXIMUM TEMPERATURE (F)   29        61      1965
 MINIMUM TEMPERATURE (F)   10       -21      1990


SUNRISE AND SUNSET
DECEMBER 29 2014......SUNRISE   817 AM CST   SUNSET   510 PM CST
DECEMBER 30 2014......SUNRISE   817 AM CST   SUNSET   511 PM CST


-  INDICATES NEGATIVE NUMBERS.
R  INDICATES RECORD WAS SET OR TIED.
MM INDICATES DATA IS MISSING.
T  INDICATES TRACE AMOUNT.




$$
