000
CDUS43 KABR 221044
CLIPIR


CLIMATE REPORT
NATIONAL WEATHER SERVICE ABERDEEN SD
442 AM CST SUN JAN 22 2017


...................................

...THE PIERRE SD CLIMATE SUMMARY FOR JANUARY 21 2017...

CLIMATE NORMAL PERIOD 1981 TO 2010
CLIMATE RECORD PERIOD 1892 TO 2017


WEATHER ITEM   OBSERVED TIME   RECORD YEAR NORMAL DEPARTURE LAST
                VALUE   (LST)  VALUE       VALUE  FROM      YEAR
                                                  NORMAL
..................................................................
TEMPERATURE (F)
 YESTERDAY
  MAXIMUM         30    436 PM  62    1942  30      0       26
  MINIMUM         18   1047 PM -26    1954  10      8       19
  AVERAGE         24                        20      4       23

PRECIPITATION (IN)
  YESTERDAY        0.00          0.59 1952   0.01  -0.01     0.00
  MONTH TO DATE    0.37                      0.29   0.08     0.17
  SINCE DEC 1      2.07                      0.84   1.23     1.18
  SINCE JAN 1      0.37                      0.29   0.08     0.17

SNOWFALL (IN)
  YESTERDAY        0.0           6.0  1952   0.1   -0.1      0.0
  MONTH TO DATE    3.0                       3.2   -0.2      2.3
  SINCE OCT 1     21.4                      14.4    7.0     22.7
  SINCE JUL 1     21.4                      14.4    7.0     22.7
  SNOW DEPTH       5

DEGREE DAYS
 HEATING
  YESTERDAY       41                        45     -4       42
  MONTH TO DATE 1156                       950    206     1020
  SINCE DEC 1   2675                      2292    383     2265
  SINCE JUL 1   3812                      3912   -100     3562

 COOLING
  YESTERDAY        0                         0      0        0
  MONTH TO DATE    0                         0      0        0
  SINCE DEC 1      0                         0      0        0
  SINCE JAN 1      0                         0      0        0
..................................................................


WIND (MPH)
  RESULTANT WIND SPEED   5   RESULTANT WIND DIRECTION  NW (300)
  HIGHEST WIND SPEED    14   HIGHEST WIND DIRECTION    NW (310)
  HIGHEST GUST SPEED    15   HIGHEST GUST DIRECTION    NW (310)
  AVERAGE WIND SPEED     5.5




RELATIVE HUMIDITY (PERCENT)
 HIGHEST   100          1100 AM
 LOWEST     85           400 PM
 AVERAGE    93

..........................................................


THE PIERRE SD CLIMATE NORMALS FOR TODAY
                         NORMAL    RECORD    YEAR
 MAXIMUM TEMPERATURE (F)   30        58      1967
 MINIMUM TEMPERATURE (F)   10       -19      1966


SUNRISE AND SUNSET
JANUARY 22 2017.......SUNRISE   809 AM CST   SUNSET   537 PM CST
JANUARY 23 2017.......SUNRISE   808 AM CST   SUNSET   539 PM CST


-  INDICATES NEGATIVE NUMBERS.
R  INDICATES RECORD WAS SET OR TIED.
MM INDICATES DATA IS MISSING.
T  INDICATES TRACE AMOUNT.




$$
