000
CDUS41 KPBZ 270702
CLIPIT

CLIMATE REPORT
NATIONAL WEATHER SERVICE PITTSBURGH PA
301 AM EDT FRI MAY 27 2016

...................................

...THE PITTSBURGH PA CLIMATE SUMMARY FOR MAY 26 2016...

CLIMATE NORMAL PERIOD 1981 TO 2010
CLIMATE RECORD PERIOD 1871 TO 2016

WEATHER ITEM   OBSERVED TIME   RECORD YEAR NORMAL DEPARTURE LAST
                VALUE   (LST)  VALUE       VALUE  FROM      YEAR
                                                  NORMAL
..................................................................
TEMPERATURE (F)
 YESTERDAY
  MAXIMUM         82    113 PM  94    1880  73      9       81
  MINIMUM         67    521 AM  34    1969  52     15       66
  AVERAGE         75                        63     12       74

PRECIPITATION (IN)
  YESTERDAY        0.00          0.80 1901   0.14  -0.14     0.01
  MONTH TO DATE    3.61                      3.23   0.38     1.95
  SINCE JUN 1     39.70                     37.47   2.23    35.46
  SINCE JAN 1     13.62                     14.38  -0.76    13.71

SNOWFALL (IN)
  YESTERDAY        0.0           T    1961   0.0    0.0      0.0
  MONTH TO DATE    T                         0.0    0.0      0.0
  SINCE OCT 1     29.6                      41.9  -12.3     47.5
  SINCE JUL 1     29.6                      41.9  -12.3     47.5
  SNOW DEPTH       0

DEGREE DAYS
 HEATING
  YESTERDAY        0                         4     -4        0
  MONTH TO DATE  178                       178      0       91
  SINCE MAR 1   1104                      1397   -293     1348
  SINCE JUL 1   4670                      5654   -984     6016

 COOLING
  YESTERDAY       10                         2      8        9
  MONTH TO DATE   20                        32    -12       97
  SINCE MAR 1     23                        42    -19       98
  SINCE JAN 1     23                        42    -19       98
..................................................................

WIND (MPH)
  HIGHEST WIND SPEED    15   HIGHEST WIND DIRECTION    SW (210)
  HIGHEST GUST SPEED    20   HIGHEST GUST DIRECTION     S (190)
  AVERAGE WIND SPEED     6.9


SKY COVER
  POSSIBLE SUNSHINE  MM
  AVERAGE SKY COVER 0.8


WEATHER CONDITIONS
 THE FOLLOWING WEATHER WAS RECORDED YESTERDAY.
  NO SIGNIFICANT WEATHER WAS OBSERVED.


RELATIVE HUMIDITY (PERCENT)
 HIGHEST    78          1100 PM
 LOWEST     49           200 PM
 AVERAGE    64

..........................................................


THE PITTSBURGH PA CLIMATE NORMALS FOR TODAY
                         NORMAL    RECORD    YEAR
 MAXIMUM TEMPERATURE (F)   74        92      1880
 MINIMUM TEMPERATURE (F)   53        34      1961


SUNRISE AND SUNSET
MAY 27 2016...........SUNRISE   555 AM EDT   SUNSET   842 PM EDT
MAY 28 2016...........SUNRISE   554 AM EDT   SUNSET   843 PM EDT


-  INDICATES NEGATIVE NUMBERS.
R  INDICATES RECORD WAS SET OR TIED.
MM INDICATES DATA IS MISSING.
T  INDICATES TRACE AMOUNT.

&&

SNOW DEPTH IS MEASURED AT 7 AM EST OR 8 AM EDT.

$$
