000
CDUS41 KPBZ 260826
CLIPIT

CLIMATE REPORT
NATIONAL WEATHER SERVICE PITTSBURGH PA
326 AM EST SUN FEB 26 2017

...................................

...THE PITTSBURGH PA CLIMATE SUMMARY FOR FEBRUARY 25 2017...

CLIMATE NORMAL PERIOD 1981 TO 2010
CLIMATE RECORD PERIOD 1871 TO 2017

WEATHER ITEM   OBSERVED TIME   RECORD YEAR NORMAL DEPARTURE LAST
                VALUE   (LST)  VALUE       VALUE  FROM      YEAR
                                                  NORMAL
..................................................................
TEMPERATURE (F)
 YESTERDAY
  MAXIMUM         66    243 AM  73    2000  42     24       45
  MINIMUM         28   1159 PM  -4    1900  25      3       27
  AVERAGE         47                        33     14       36

PRECIPITATION (IN)
  YESTERDAY        0.30          1.26 1956   0.09   0.21     0.10
  MONTH TO DATE    1.46                      2.13  -0.67     3.10
  SINCE JUN 1     26.39                     27.92  -1.53    30.97
  SINCE JAN 1      5.00                      4.83   0.17     4.89

SNOWFALL (IN)
  YESTERDAY        T             3.4  1965   0.3   -0.3      0.5
  MONTH TO DATE    6.7                       9.1   -2.4      9.4
  SINCE OCT 1     22.3                      31.6   -9.3     24.3
  SINCE JUL 1     22.3                      31.6   -9.3     24.3
  SNOW DEPTH       0

DEGREE DAYS
 HEATING
  YESTERDAY       18                        32    -14       29
  MONTH TO DATE  598                       855   -257      803
  SINCE DEC 1   2502                      3001   -499     2610
  SINCE JUL 1   3349                      4164   -815     3464

 COOLING
  YESTERDAY        0                         0      0        0
  MONTH TO DATE    1                         0      1        0
  SINCE DEC 1      1                         0      1        0
  SINCE JAN 1      1                         0      1        0
..................................................................

WIND (MPH)
  HIGHEST WIND SPEED    29   HIGHEST WIND DIRECTION     W (270)
  HIGHEST GUST SPEED    39   HIGHEST GUST DIRECTION     W (280)
  AVERAGE WIND SPEED    14.9


SKY COVER
  POSSIBLE SUNSHINE  MM
  AVERAGE SKY COVER 0.9


WEATHER CONDITIONS
 THE FOLLOWING WEATHER WAS RECORDED YESTERDAY.
  RAIN
  LIGHT RAIN
  LIGHT SNOW
  FOG


RELATIVE HUMIDITY (PERCENT)
 HIGHEST   100           600 AM
 LOWEST     45           400 PM
 AVERAGE    73

..........................................................


THE PITTSBURGH PA CLIMATE NORMALS FOR TODAY
                         NORMAL    RECORD    YEAR
 MAXIMUM TEMPERATURE (F)   42        76      2000
 MINIMUM TEMPERATURE (F)   25        -6      1963


SUNRISE AND SUNSET
FEBRUARY 26 2017......SUNRISE   659 AM EST   SUNSET   609 PM EST
FEBRUARY 27 2017......SUNRISE   657 AM EST   SUNSET   610 PM EST


-  INDICATES NEGATIVE NUMBERS.
R  INDICATES RECORD WAS SET OR TIED.
MM INDICATES DATA IS MISSING.
T  INDICATES TRACE AMOUNT.

&&

SNOW DEPTH IS MEASURED AT 7 AM EST OR 8 AM EDT.

$$
