398
CDUS41 KPBZ 192212
CLIPIT

CLIMATE REPORT
NATIONAL WEATHER SERVICE PITTSBURGH PA
511 PM EST MON FEB 19 2018

...................................

...THE PITTSBURGH PA CLIMATE SUMMARY FOR FEBRUARY 19 2018...
VALID TODAY AS OF 0500 PM LOCAL TIME.

CLIMATE NORMAL PERIOD 1981 TO 2010
CLIMATE RECORD PERIOD 1871 TO 2018

WEATHER ITEM   OBSERVED TIME   RECORD YEAR NORMAL DEPARTURE LAST
                VALUE   (LST)  VALUE       VALUE  FROM      YEAR
                                                  NORMAL
..................................................................
TEMPERATURE (F)
 TODAY
  MAXIMUM         64    357 PM  70    1884  40     24       65
  MINIMUM         34    523 AM  -8    1936  24     10       44
  AVERAGE         49                        32     17       55

PRECIPITATION (IN)
  TODAY            0.38          1.11 1924   0.09   0.29     0.00
  MONTH TO DATE    4.99                      1.62   3.37     1.16
  SINCE JUN 1     32.71                     27.41   5.30    26.09
  SINCE JAN 1      9.27                      4.32   4.95     4.70

SNOWFALL (IN)
  TODAY            0.0           5.0  1927   0.3   -0.3      0.0
  MONTH TO DATE    9.7                       6.9    2.8      6.7
  SINCE OCT 1     40.2                      29.4   10.8     22.3
  SINCE JUL 1     40.2                      29.4   10.8     22.3
  SNOW DEPTH       0

DEGREE DAYS
 HEATING
  TODAY           16                        33    -17       10
  MONTH TO DATE  604                       661    -57      544
  SINCE DEC 1   2878                      2807     71     2448
  SINCE JUL 1   3881                      3970    -89     3295

 COOLING
  TODAY            0                         0      0        0
  MONTH TO DATE    0                         0      0        0
  SINCE DEC 1      0                         0      0        0
  SINCE JAN 1      0                         0      0        0
..................................................................

WIND (MPH)
  HIGHEST WIND SPEED    10   HIGHEST WIND DIRECTION    SW (240)
  HIGHEST GUST SPEED    16   HIGHEST GUST DIRECTION    SW (240)
  AVERAGE WIND SPEED     5.7


SKY COVER
  POSSIBLE SUNSHINE  MM
  AVERAGE SKY COVER 1.0


WEATHER CONDITIONS
 THE FOLLOWING WEATHER WAS RECORDED TODAY.
  RAIN
  LIGHT RAIN
  FOG


RELATIVE HUMIDITY (PERCENT)
 HIGHEST   100           100 PM
 LOWEST     65           700 AM
 AVERAGE    83

..........................................................


THE PITTSBURGH PA CLIMATE NORMALS FOR TOMORROW
                         NORMAL    RECORD    YEAR
 MAXIMUM TEMPERATURE (F)   41        68      1891
 MINIMUM TEMPERATURE (F)   24       -10      2015


SUNRISE AND SUNSET
FEBRUARY 19 2018......SUNRISE   709 AM EST   SUNSET   601 PM EST
FEBRUARY 20 2018......SUNRISE   708 AM EST   SUNSET   602 PM EST


-  INDICATES NEGATIVE NUMBERS.
R  INDICATES RECORD WAS SET OR TIED.
MM INDICATES DATA IS MISSING.
T  INDICATES TRACE AMOUNT.

&&

SNOW DEPTH IS MEASURED AT 7 AM EST OR 8 AM EDT.

$$
