000
CDUS41 KPBZ 092242
CLIPIT

CLIMATE REPORT
NATIONAL WEATHER SERVICE PITTSBURGH PA
540 PM EST TUE FEB 9 2016

...................................

...THE PITTSBURGH PA CLIMATE SUMMARY FOR FEBRUARY 9 2016...
VALID TODAY AS OF 0500 PM LOCAL TIME.

CLIMATE NORMAL PERIOD 1981 TO 2010
CLIMATE RECORD PERIOD 1871 TO 2016

WEATHER ITEM   OBSERVED TIME   RECORD YEAR NORMAL DEPARTURE LAST
                VALUE   (LST)  VALUE       VALUE  FROM      YEAR
                                                  NORMAL
..................................................................
TEMPERATURE (F)
 TODAY
  MAXIMUM         32    551 AM  68    2001  38     -6       45
                                      1925
  MINIMUM         27    139 PM -11    1934  22      5       20
  AVERAGE         30                        30      0       33

PRECIPITATION (IN)
  TODAY            0.15          0.56 1881   0.09   0.06     0.02
  MONTH TO DATE    0.72                      0.78  -0.06     0.81
  SINCE JUN 1     28.59                     26.57   2.02    24.81
  SINCE JAN 1      2.51                      3.48  -0.97     3.06

SNOWFALL (IN)
  TODAY            1.8           3.4  1982   0.3    1.5       T
  MONTH TO DATE    2.0                       3.3   -1.3      3.8
  SINCE OCT 1     16.9                      25.8   -8.9     26.6
  SINCE JUL 1     16.9                      25.8   -8.9     26.6
  SNOW DEPTH       T

DEGREE DAYS
 HEATING
  TODAY           35                        35      0       32
  MONTH TO DATE  248                       320    -72      330
  SINCE DEC 1   2055                      2466   -411     2461
  SINCE JUL 1   2909                      3629   -720     3699

 COOLING
  TODAY            0                         0      0        0
  MONTH TO DATE    0                         0      0        0
  SINCE DEC 1      0                         0      0        0
  SINCE JAN 1      0                         0      0        0
..................................................................

WIND (MPH)
  HIGHEST WIND SPEED    17   HIGHEST WIND DIRECTION    SW (230)
  HIGHEST GUST SPEED    20   HIGHEST GUST DIRECTION    SW (230)
  AVERAGE WIND SPEED     6.0


SKY COVER
  POSSIBLE SUNSHINE  MM
  AVERAGE SKY COVER 1.0


WEATHER CONDITIONS
 THE FOLLOWING WEATHER WAS RECORDED TODAY.
  SNOW
  LIGHT SNOW
  FOG


RELATIVE HUMIDITY (PERCENT)
 HIGHEST   100           200 AM
 LOWEST     78           100 PM
 AVERAGE    89

..........................................................


THE PITTSBURGH PA CLIMATE NORMALS FOR TOMORROW
                         NORMAL    RECORD    YEAR
 MAXIMUM TEMPERATURE (F)   38        65      1959
 MINIMUM TEMPERATURE (F)   22       -20      1899


SUNRISE AND SUNSET
FEBRUARY  9 2016......SUNRISE   722 AM EST   SUNSET   548 PM EST
FEBRUARY 10 2016......SUNRISE   721 AM EST   SUNSET   549 PM EST


-  INDICATES NEGATIVE NUMBERS.
R  INDICATES RECORD WAS SET OR TIED.
MM INDICATES DATA IS MISSING.
T  INDICATES TRACE AMOUNT.

&&

SNOW DEPTH IS MEASURED AT 7 AM EST OR 8 AM EDT.

$$
