000
CDUS41 KPBZ 022113
CLIPIT


CLIMATE REPORT
NATIONAL WEATHER SERVICE PITTSBURGH PA
513 PM EDT TUE SEP 2 2014


...................................

...THE PITTSBURGH PA CLIMATE SUMMARY FOR SEPTEMBER 2 2014...
VALID TODAY AS OF 0500 PM LOCAL TIME.

CLIMATE NORMAL PERIOD 1981 TO 2010
CLIMATE RECORD PERIOD 1871 TO 2014


WEATHER ITEM   OBSERVED TIME   RECORD YEAR NORMAL DEPARTURE LAST
                VALUE   (LST)  VALUE       VALUE  FROM      YEAR
                                                  NORMAL
..................................................................
TEMPERATURE (F)
 TODAY
  MAXIMUM         81    343 PM  94    1953  79      2       85
  MINIMUM         71    633 AM  45    1965  59     12       63
                                      1909
  AVERAGE         76                        69      7       74

PRECIPITATION (IN)
  TODAY            T             1.36 1962   0.11  -0.11      T
  MONTH TO DATE    0.21                      0.22  -0.01     0.01
  SINCE JUN 1     14.50                     11.83   2.67    13.43
  SINCE JAN 1     29.59                     26.93   2.66    25.77

SNOWFALL (IN)
  TODAY            0.0           0.0  2002   0.0    0.0      0.0
                                      2001
  MONTH TO DATE    0.0                       0.0    0.0      0.0
  SINCE OCT 1     63.4                      41.4   22.0     57.4
  SINCE JUL 1      0.0                       0.0    0.0      0.0
  SNOW DEPTH       0

DEGREE DAYS
 HEATING
  TODAY            0                         1     -1        0
  MONTH TO DATE    0                         2     -2        0
  SINCE SEP 1      0                         2     -2        0
  SINCE JUL 1     21                        15      6       11

 COOLING
  TODAY           11                         5      6        9
  MONTH TO DATE   22                        10     12       19
  SINCE SEP 1     22                        10     12       19
  SINCE JAN 1    643                       662    -19      738
..................................................................


WIND (MPH)
  HIGHEST WIND SPEED    23   HIGHEST WIND DIRECTION    SW (220)
  HIGHEST GUST SPEED    29   HIGHEST GUST DIRECTION    SW (210)
  AVERAGE WIND SPEED     8.4


SKY COVER
  POSSIBLE SUNSHINE  MM
  AVERAGE SKY COVER 0.8


WEATHER CONDITIONS
 THE FOLLOWING WEATHER WAS RECORDED TODAY.
  NO SIGNIFICANT WEATHER WAS OBSERVED.


RELATIVE HUMIDITY (PERCENT)
 HIGHEST    93           600 AM
 LOWEST     62           400 PM
 AVERAGE    78

..........................................................


THE PITTSBURGH PA CLIMATE NORMALS FOR TOMORROW
                         NORMAL    RECORD    YEAR
 MAXIMUM TEMPERATURE (F)   79        96      1953
 MINIMUM TEMPERATURE (F)   58        44      1976
                                             1967
                                             1893


SUNRISE AND SUNSET
SEPTEMBER  2 2014.....SUNRISE   649 AM EDT   SUNSET   751 PM EDT
SEPTEMBER  3 2014.....SUNRISE   650 AM EDT   SUNSET   750 PM EDT


-  INDICATES NEGATIVE NUMBERS.
R  INDICATES RECORD WAS SET OR TIED.
MM INDICATES DATA IS MISSING.
T  INDICATES TRACE AMOUNT.





&&
SNOW DEPTH IS MEASURED AT 7 AM EST OR 8 AM EDT.
$$
