000
CDUS41 KPBZ 250800
CLIPIT

CLIMATE REPORT
NATIONAL WEATHER SERVICE PITTSBURGH PA
300 AM EST SAT NOV 25 2017

...................................

...THE PITTSBURGH PA CLIMATE SUMMARY FOR NOVEMBER 24 2017...

CLIMATE NORMAL PERIOD 1981 TO 2010
CLIMATE RECORD PERIOD 1871 TO 2017

WEATHER ITEM   OBSERVED TIME   RECORD YEAR NORMAL DEPARTURE LAST
                VALUE   (LST)  VALUE       VALUE  FROM      YEAR
                                                  NORMAL
..................................................................
TEMPERATURE (F)
 YESTERDAY
  MAXIMUM         53    428 PM  69    1931  48      5       51
  MINIMUM         26    754 AM  11    1950  32     -6       41
  AVERAGE         40                        40      0       46

PRECIPITATION (IN)
  YESTERDAY        0.00          1.54 1950   0.11  -0.11     0.22
  MONTH TO DATE    4.00                      2.58   1.42     0.80
  SINCE JUN 1     21.52                     19.59   1.93    17.33
  SINCE JAN 1     40.23                     34.69   5.54    30.95

SNOWFALL (IN)
  YESTERDAY        0.0          14.0  1950   0.1   -0.1      0.0
  MONTH TO DATE    T                         1.4   -1.4      2.1
  SINCE OCT 1      T                         1.8   -1.8      2.1
  SINCE JUL 1      T                         1.8   -1.8      2.1
  SNOW DEPTH       0

DEGREE DAYS
 HEATING
  YESTERDAY       25                        25      0       19
  MONTH TO DATE  568                       502     66      438
  SINCE SEP 1    883                       990   -107      729
  SINCE JUL 1    888                      1003   -115      730

 COOLING
  YESTERDAY        0                         0      0        0
  MONTH TO DATE    0                         0      0        4
  SINCE SEP 1    160                        84     76      183
  SINCE JAN 1    864                       736    128     1158
..................................................................

WIND (MPH)
  HIGHEST WIND SPEED    15   HIGHEST WIND DIRECTION    SW (210)
  HIGHEST GUST SPEED    19   HIGHEST GUST DIRECTION    SW (210)
  AVERAGE WIND SPEED     5.8


SKY COVER
  POSSIBLE SUNSHINE  MM
  AVERAGE SKY COVER 0.1


WEATHER CONDITIONS
 THE FOLLOWING WEATHER WAS RECORDED YESTERDAY.
  NO SIGNIFICANT WEATHER WAS OBSERVED.


RELATIVE HUMIDITY (PERCENT)
 HIGHEST    84           400 AM
 LOWEST     26           300 PM
 AVERAGE    55

..........................................................


THE PITTSBURGH PA CLIMATE NORMALS FOR TODAY
                         NORMAL    RECORD    YEAR
 MAXIMUM TEMPERATURE (F)   47        71      1908
                                             1896
 MINIMUM TEMPERATURE (F)   32         7      1950


SUNRISE AND SUNSET
NOVEMBER 25 2017......SUNRISE   719 AM EST   SUNSET   457 PM EST
NOVEMBER 26 2017......SUNRISE   720 AM EST   SUNSET   456 PM EST


-  INDICATES NEGATIVE NUMBERS.
R  INDICATES RECORD WAS SET OR TIED.
MM INDICATES DATA IS MISSING.
T  INDICATES TRACE AMOUNT.

&&

SNOW DEPTH IS MEASURED AT 7 AM EST OR 8 AM EDT.

$$
