000
CDUS41 KPBZ 272126
CLIPIT

CLIMATE REPORT
NATIONAL WEATHER SERVICE PITTSBURGH PA
526 PM EDT FRI MAR 27 2015

...................................

...THE PITTSBURGH PA CLIMATE SUMMARY FOR MARCH 27 2015...
VALID TODAY AS OF 0500 PM LOCAL TIME.

CLIMATE NORMAL PERIOD 1981 TO 2010
CLIMATE RECORD PERIOD 1871 TO 2015

WEATHER ITEM   OBSERVED TIME   RECORD YEAR NORMAL DEPARTURE LAST
                VALUE   (LST)  VALUE       VALUE  FROM      YEAR
                                                  NORMAL
..................................................................
TEMPERATURE (F)
 TODAY
  MAXIMUM         36    935 AM  83    1950  54    -18       54
  MINIMUM         31    359 PM  14    1982  34     -3       17
  AVERAGE         34                        44    -10       36

PRECIPITATION (IN)
  TODAY            T             0.86 1880   0.11  -0.11     0.00
  MONTH TO DATE    3.99                      2.54   1.45     1.18
  SINCE JUN 1     29.54                     30.72  -1.18    29.92
  SINCE JAN 1      7.79                      7.63   0.16     5.61

SNOWFALL (IN)
  TODAY            T             1.8  1891   0.1   -0.1      0.0
  MONTH TO DATE    8.8                       6.9    1.9      4.1
  SINCE OCT 1     47.0                      39.7    7.3     62.5
  SINCE JUL 1     47.0                      39.7    7.3     62.5
  SNOW DEPTH       0

DEGREE DAYS
 HEATING
  TODAY           31                        21     10       29
  MONTH TO DATE  776                       706     70      860
  SINCE MAR 1    776                       706     70      860
  SINCE JUL 1   5444                      4963    481     5391

 COOLING
  TODAY            0                         0      0        0
  MONTH TO DATE    0                         0      0        0
  SINCE MAR 1      0                         0      0        0
  SINCE JAN 1      0                         0      0        0
..................................................................

WIND (MPH)
  HIGHEST WIND SPEED    20   HIGHEST WIND DIRECTION    NW (330)
  HIGHEST GUST SPEED    24   HIGHEST GUST DIRECTION     N (340)
  AVERAGE WIND SPEED     9.1


SKY COVER
  POSSIBLE SUNSHINE  MM
  AVERAGE SKY COVER 1.0


WEATHER CONDITIONS
 THE FOLLOWING WEATHER WAS RECORDED TODAY.
  LIGHT SNOW
  FOG
  HAZE


RELATIVE HUMIDITY (PERCENT)
 HIGHEST    96           300 AM
 LOWEST     69           100 PM
 AVERAGE    83

..........................................................


THE PITTSBURGH PA CLIMATE NORMALS FOR TOMORROW
                         NORMAL    RECORD    YEAR
 MAXIMUM TEMPERATURE (F)   54        81      1989
                                             1910
 MINIMUM TEMPERATURE (F)   34        11      1982


SUNRISE AND SUNSET
MARCH 27 2015.........SUNRISE   713 AM EDT   SUNSET   740 PM EDT
MARCH 28 2015.........SUNRISE   712 AM EDT   SUNSET   741 PM EDT


-  INDICATES NEGATIVE NUMBERS.
R  INDICATES RECORD WAS SET OR TIED.
MM INDICATES DATA IS MISSING.
T  INDICATES TRACE AMOUNT.

&&

SNOW DEPTH IS MEASURED AT 7 AM EST OR 8 AM EDT.

$$
