000
CDUS41 KPBZ 140702
CLIPIT


CLIMATE REPORT
NATIONAL WEATHER SERVICE PITTSBURGH PA
302 AM EDT MON JUL 14 2014


...................................

...THE PITTSBURGH PA CLIMATE SUMMARY FOR JULY 13 2014...

CLIMATE NORMAL PERIOD 1981 TO 2010
CLIMATE RECORD PERIOD 1871 TO 2014


WEATHER ITEM   OBSERVED TIME   RECORD YEAR NORMAL DEPARTURE LAST
                VALUE   (LST)  VALUE       VALUE  FROM      YEAR
                                                  NORMAL
..................................................................
TEMPERATURE (F)
 YESTERDAY
  MAXIMUM         83    139 PM  96    1880  83      0       82
  MINIMUM         71    831 PM  50    2001  63      8       63
                                      1940
                                      1888
  AVERAGE         77                        73      4       73

PRECIPITATION (IN)
  YESTERDAY        0.22          1.74 1928   0.13   0.09     0.00
  MONTH TO DATE    1.41                      1.66  -0.25     3.95
  SINCE JUN 1      5.46                      5.96  -0.50     9.43
  SINCE JAN 1     20.55                     21.06  -0.51    21.77

SNOWFALL (IN)
  YESTERDAY        0.0           0.0  2002   0.0    0.0      0.0
                                      2001
  MONTH TO DATE    0.0                       0.0    0.0      0.0
  SINCE OCT 1     63.4                      41.4   22.0     57.4
  SINCE JUL 1      0.0                       0.0    0.0      0.0
  SNOW DEPTH       0

DEGREE DAYS
 HEATING
  YESTERDAY        0                         0      0        0
  MONTH TO DATE    1                         0      1        0
  SINCE JUN 1     10                        38    -28       16
  SINCE JUL 1      1                         0      1        0

 COOLING
  YESTERDAY       12                         8      4        8
  MONTH TO DATE  105                       101      4      124
  SINCE JUN 1    290                       251     39      278
  SINCE JAN 1    364                       303     61      382
..................................................................


WIND (MPH)
  HIGHEST WIND SPEED    18   HIGHEST WIND DIRECTION     S (200)
  HIGHEST GUST SPEED    30   HIGHEST GUST DIRECTION     S (200)
  AVERAGE WIND SPEED     7.2


SKY COVER
  POSSIBLE SUNSHINE  MM
  AVERAGE SKY COVER 0.9


WEATHER CONDITIONS
 THE FOLLOWING WEATHER WAS RECORDED YESTERDAY.
  THUNDERSTORM
  LIGHT RAIN
  FOG
  HAZE


RELATIVE HUMIDITY (PERCENT)
 HIGHEST    90           900 PM
 LOWEST     62           800 AM
 AVERAGE    76

..........................................................


THE PITTSBURGH PA CLIMATE NORMALS FOR TODAY
                         NORMAL    RECORD    YEAR
 MAXIMUM TEMPERATURE (F)   83       102      1936
 MINIMUM TEMPERATURE (F)   63        51      2009


SUNRISE AND SUNSET
JULY 14 2014..........SUNRISE   602 AM EDT   SUNSET   851 PM EDT
JULY 15 2014..........SUNRISE   603 AM EDT   SUNSET   850 PM EDT


-  INDICATES NEGATIVE NUMBERS.
R  INDICATES RECORD WAS SET OR TIED.
MM INDICATES DATA IS MISSING.
T  INDICATES TRACE AMOUNT.





&&
SNOW DEPTH IS MEASURED AT 7 AM EST OR 8 AM EDT.
$$
