000
CDUS41 KPBZ 252121
CLIPIT

CLIMATE REPORT
NATIONAL WEATHER SERVICE PITTSBURGH PA
520 PM EDT TUE JUL 25 2017

...................................

...THE PITTSBURGH PA CLIMATE SUMMARY FOR JULY 25 2017...
VALID TODAY AS OF 0500 PM LOCAL TIME.

CLIMATE NORMAL PERIOD 1981 TO 2010
CLIMATE RECORD PERIOD 1871 TO 2017

WEATHER ITEM   OBSERVED TIME   RECORD YEAR NORMAL DEPARTURE LAST
                VALUE   (LST)  VALUE       VALUE  FROM      YEAR
                                                  NORMAL
..................................................................
TEMPERATURE (F)
 TODAY
  MAXIMUM         76    310 PM  96    1934  82     -6       93
                                      1892
                                      1885
  MINIMUM         62    604 AM  51    2014  63     -1       71
                                      1953
  AVERAGE         69                        73     -4       82

PRECIPITATION (IN)
  TODAY            T             0.92 1921   0.12  -0.12     0.02
  MONTH TO DATE    4.38                      3.12   1.26     1.81
  SINCE JUN 1      8.16                      7.42   0.74     4.91
  SINCE JAN 1     26.87                     22.52   4.35    18.53

SNOWFALL (IN)
  TODAY            0.0           0.0  2002   0.0    0.0      0.0
                                      2001
  MONTH TO DATE    0.0                       0.0    0.0      0.0
  SINCE OCT 1     32.0                      41.9   -9.9     29.6
  SINCE JUL 1      0.0                       0.0    0.0      0.0
  SNOW DEPTH       0

DEGREE DAYS
 HEATING
  TODAY            0                         0      0        0
  MONTH TO DATE    0                         0      0        1
  SINCE JUN 1     26                        38    -12       15
  SINCE JUL 1      0                         0      0        1

 COOLING
  TODAY            4                         8     -4       17
  MONTH TO DATE  240                       197     43      269
  SINCE JUN 1    414                       347     67      489
  SINCE JAN 1    488                       399     89      559
..................................................................

WIND (MPH)
  HIGHEST WIND SPEED    12   HIGHEST WIND DIRECTION    NW (330)
  HIGHEST GUST SPEED    17   HIGHEST GUST DIRECTION     N (350)
  AVERAGE WIND SPEED     7.1


SKY COVER
  POSSIBLE SUNSHINE  MM
  AVERAGE SKY COVER 1.0


WEATHER CONDITIONS
 THE FOLLOWING WEATHER WAS RECORDED TODAY.
  LIGHT RAIN


RELATIVE HUMIDITY (PERCENT)
 HIGHEST    84           500 AM
 LOWEST     57           300 PM
 AVERAGE    71

..........................................................


THE PITTSBURGH PA CLIMATE NORMALS FOR TOMORROW
                         NORMAL    RECORD    YEAR
 MAXIMUM TEMPERATURE (F)   82        96      1934
                                             1930
                                             1892
 MINIMUM TEMPERATURE (F)   63        51      1977
                                             1965
                                             1920


SUNRISE AND SUNSET
JULY 25 2017..........SUNRISE   612 AM EDT   SUNSET   842 PM EDT
JULY 26 2017..........SUNRISE   613 AM EDT   SUNSET   841 PM EDT


-  INDICATES NEGATIVE NUMBERS.
R  INDICATES RECORD WAS SET OR TIED.
MM INDICATES DATA IS MISSING.
T  INDICATES TRACE AMOUNT.

&&

SNOW DEPTH IS MEASURED AT 7 AM EST OR 8 AM EDT.

$$
