000
CDUS41 KRLX 292117
CLIPKB


CLIMATE REPORT
NATIONAL WEATHER SERVICE CHARLESTON WV
517 PM EDT MON JUN 29 2015


...................................

...THE PARKERSBURG WV CLIMATE SUMMARY FOR JUNE 29 2015...
VALID TODAY AS OF 0500 PM LOCAL TIME.

CLIMATE NORMAL PERIOD 1981 TO 2010
CLIMATE RECORD PERIOD 1889 TO 2015


WEATHER ITEM   OBSERVED TIME   RECORD YEAR NORMAL DEPARTURE LAST
                VALUE   (LST)  VALUE       VALUE  FROM      YEAR
                                                  NORMAL
..................................................................
TEMPERATURE (F)
 TODAY
  MAXIMUM         74   1106 AM  98    2012  85    -11       86
                                      1934
  MINIMUM         53    543 AM  50    1957  63    -10       72
  AVERAGE         64                        74    -10       79

PRECIPITATION (IN)
  TODAY            0.11          0.55 2012   0.12  -0.01     0.02
  MONTH TO DATE    5.40                      3.89   1.51     2.35
  SINCE JUN 1      5.40                      3.89   1.51     2.35
  SINCE JAN 1     23.59                     20.84   2.75    11.24

DEGREE DAYS
 HEATING
  TODAY            1                         0      1        0
  MONTH TO DATE   15                        18     -3        0
  SINCE JUN 1     15                        18     -3        0
  SINCE JUL 1   5357                      4971    386     4621

 COOLING
  TODAY            0                         9     -9       14
  MONTH TO DATE  218                       184     34      145
  SINCE JUN 1    218                       184     34      145
  SINCE JAN 1    379                       268    111      150
..................................................................


WIND (MPH)
  HIGHEST WIND SPEED     9   HIGHEST WIND DIRECTION    SE (150)
  HIGHEST GUST SPEED    14   HIGHEST GUST DIRECTION     S (160)
  AVERAGE WIND SPEED     2.1


SKY COVER
  POSSIBLE SUNSHINE  MM
  AVERAGE SKY COVER 0.4


WEATHER CONDITIONS
 THE FOLLOWING WEATHER WAS RECORDED TODAY.
  LIGHT RAIN
  FOG


RELATIVE HUMIDITY (PERCENT)
 HIGHEST   100           300 AM
 LOWEST     57          1100 AM
 AVERAGE    79

..........................................................


THE PARKERSBURG WV CLIMATE NORMALS FOR TOMORROW
                         NORMAL    RECORD    YEAR
 MAXIMUM TEMPERATURE (F)   85        97      1913
 MINIMUM TEMPERATURE (F)   63        47      1988


SUNRISE AND SUNSET
JUNE 29 2015..........SUNRISE   602 AM EDT   SUNSET   857 PM EDT
JUNE 30 2015..........SUNRISE   602 AM EDT   SUNSET   856 PM EDT


-  INDICATES NEGATIVE NUMBERS.
R  INDICATES RECORD WAS SET OR TIED.
MM INDICATES DATA IS MISSING.
T  INDICATES TRACE AMOUNT.




$$
