000
CDUS41 KRLX 180844
CLIPKB


CLIMATE REPORT
NATIONAL WEATHER SERVICE CHARLESTON WV
341 AM EST SAT NOV 18 2017


...................................

...THE PARKERSBURG WV CLIMATE SUMMARY FOR NOVEMBER 17 2017...

CLIMATE NORMAL PERIOD 1981 TO 2010
CLIMATE RECORD PERIOD 1889 TO 2017


WEATHER ITEM   OBSERVED TIME   RECORD YEAR NORMAL DEPARTURE LAST
                VALUE   (LST)  VALUE       VALUE  FROM      YEAR
                                                  NORMAL
..................................................................
TEMPERATURE (F)
 YESTERDAY
  MAXIMUM         49    418 PM  79    1958  55     -6       67
  MINIMUM         32   1132 PM  13    1933  35     -3       31
  AVERAGE         41                        45     -4       49

PRECIPITATION (IN)
  YESTERDAY        0.00          1.40 1929   0.12  -0.12     0.00
  MONTH TO DATE    3.41                      1.85   1.56     0.37
  SINCE JAN 1     48.01                     36.58  11.43    31.31

SNOWFALL (IN)
  YESTERDAY       MM
  MONTH TO DATE   MM
  SINCE SEP 1     MM
  SNOW DEPTH      MM

DEGREE DAYS
 HEATING
  YESTERDAY       24                        20      4       16
  MONTH TO DATE  318                       295     23      262
  SINCE SEP 1    615                       684    -69      477
  SINCE JUL 1    617                       689    -72      477

 COOLING
  YESTERDAY        0                         0      0        0
  MONTH TO DATE    2                         0      2        2
  SINCE SEP 1    173                       123     50      274
  SINCE JAN 1    975                       953     22     1352
..................................................................


WIND (MPH)
  HIGHEST WIND SPEED    10   HIGHEST WIND DIRECTION     E (110)
  HIGHEST GUST SPEED    14   HIGHEST GUST DIRECTION     S (160)
  AVERAGE WIND SPEED     1.9


SKY COVER
  POSSIBLE SUNSHINE  MM
  AVERAGE SKY COVER 0.5


WEATHER CONDITIONS
 THE FOLLOWING WEATHER WAS RECORDED YESTERDAY.
  NO SIGNIFICANT WEATHER WAS OBSERVED.


RELATIVE HUMIDITY (PERCENT)
 HIGHEST    85           700 AM
 LOWEST     46           300 PM
 AVERAGE    66

..........................................................


THE PARKERSBURG WV CLIMATE NORMALS FOR TODAY
                         NORMAL    RECORD    YEAR
 MAXIMUM TEMPERATURE (F)   54        79      1958
 MINIMUM TEMPERATURE (F)   35        14      1959


SUNRISE AND SUNSET
NOVEMBER 18 2017......SUNRISE   713 AM EST   SUNSET   509 PM EST
NOVEMBER 19 2017......SUNRISE   714 AM EST   SUNSET   508 PM EST


-  INDICATES NEGATIVE NUMBERS.
R  INDICATES RECORD WAS SET OR TIED.
MM INDICATES DATA IS MISSING.
T  INDICATES TRACE AMOUNT.




$$
