000
CDUS41 KRLX 270818
CLIPKB


CLIMATE REPORT
NATIONAL WEATHER SERVICE CHARLESTON WV
316 AM EST TUE JAN 27 2015


...................................

...THE PARKERSBURG WV CLIMATE SUMMARY FOR JANUARY 26 2015...

CLIMATE NORMAL PERIOD 1981 TO 2010
CLIMATE RECORD PERIOD 1889 TO 2015


WEATHER ITEM   OBSERVED TIME   RECORD YEAR NORMAL DEPARTURE LAST
                VALUE   (LST)  VALUE       VALUE  FROM      YEAR
                                                  NORMAL
..................................................................
TEMPERATURE (F)
 YESTERDAY
  MAXIMUM         37    237 AM  70    1967  40     -3       41
  MINIMUM         23   1159 PM  -8    1948  23      0        7
  AVERAGE         30                        32     -2       24

PRECIPITATION (IN)
  YESTERDAY        0.18          1.10 2012   0.09   0.09     0.02
  MONTH TO DATE    1.93                      2.46  -0.53     2.24
  SINCE JAN 1      1.93                      2.46  -0.53     2.24

SNOWFALL (IN)
  YESTERDAY       MM
  MONTH TO DATE   MM
  SINCE SEP 1     MM
  SINCE JUL 1     MM
  SNOW DEPTH      MM

DEGREE DAYS
 HEATING
  YESTERDAY       35                        33      2       41
  MONTH TO DATE  911                       873     38      980
  SINCE DEC 1   1729                      1798    -69     1828
  SINCE JUL 1     MM                      2783     MM     2930

 COOLING
  YESTERDAY        0                         0      0        0
  MONTH TO DATE    0                         0      0        0
  SINCE DEC 1      0                         0      0        0
  SINCE JAN 1      0                         0      0        0
..................................................................


WIND (MPH)
  HIGHEST WIND SPEED    14   HIGHEST WIND DIRECTION    NW (300)
  HIGHEST GUST SPEED    19   HIGHEST GUST DIRECTION    NW (330)
  AVERAGE WIND SPEED     6.9


SKY COVER
  POSSIBLE SUNSHINE  MM
  AVERAGE SKY COVER 1.0


WEATHER CONDITIONS
 THE FOLLOWING WEATHER WAS RECORDED YESTERDAY.
  LIGHT RAIN
  LIGHT SNOW
  FOG
  HAZE


RELATIVE HUMIDITY (PERCENT)
 HIGHEST   100           400 AM
 LOWEST     81           100 PM
 AVERAGE    91

..........................................................


THE PARKERSBURG WV CLIMATE NORMALS FOR TODAY
                         NORMAL    RECORD    YEAR
 MAXIMUM TEMPERATURE (F)   40        74      1916
 MINIMUM TEMPERATURE (F)   23        -7      1936


SUNRISE AND SUNSET
JANUARY 27 2015.......SUNRISE   737 AM EST   SUNSET   540 PM EST
JANUARY 28 2015.......SUNRISE   736 AM EST   SUNSET   541 PM EST


-  INDICATES NEGATIVE NUMBERS.
R  INDICATES RECORD WAS SET OR TIED.
MM INDICATES DATA IS MISSING.
T  INDICATES TRACE AMOUNT.




$$
