000
CDUS41 KRLX 030721
CLIPKB


CLIMATE REPORT
NATIONAL WEATHER SERVICE CHARLESTON WV
320 AM EDT TUE MAY 3 2016


...................................

...THE PARKERSBURG WV CLIMATE SUMMARY FOR MAY 2 2016...

CLIMATE NORMAL PERIOD 1981 TO 2010
CLIMATE RECORD PERIOD 1889 TO 2016


WEATHER ITEM   OBSERVED TIME   RECORD YEAR NORMAL DEPARTURE LAST
                VALUE   (LST)  VALUE       VALUE  FROM      YEAR
                                                  NORMAL
..................................................................
TEMPERATURE (F)
 YESTERDAY
  MAXIMUM         MM        MM  90    1959  71     MM       76
  MINIMUM         MM        MM  30    1963  47     MM       41
  AVERAGE         MM                        59     MM       59

PRECIPITATION (IN)
  YESTERDAY        0.15          2.53 2010   0.12   0.03     0.00
  MONTH TO DATE    0.33                      0.24   0.09     0.01
  SINCE JAN 1     13.05                     12.89   0.16    16.27

SNOWFALL (IN)
  YESTERDAY       MM
  MONTH TO DATE   MM
  SINCE SEP 1     MM
  SNOW DEPTH      MM

DEGREE DAYS
 HEATING
  YESTERDAY       MM                         7     MM        6
  MONTH TO DATE    0                        14    -14       11
  SINCE MAR 1    769                      1030   -261     1060
  SINCE JUL 1   3982                      4820   -838     5278

 COOLING
  YESTERDAY       MM                         1     MM        0
  MONTH TO DATE    4                         2      2        0
  SINCE MAR 1     24                        23      1       12
  SINCE JAN 1     24                        23      1       12
..................................................................


WIND (MPH)
  HIGHEST WIND SPEED    14   HIGHEST WIND DIRECTION    SW (240)
  HIGHEST GUST SPEED    MM   HIGHEST GUST DIRECTION    MM
  AVERAGE WIND SPEED     7.9


SKY COVER
  POSSIBLE SUNSHINE  MM
  AVERAGE SKY COVER 0.7


WEATHER CONDITIONS
 THE FOLLOWING WEATHER WAS RECORDED YESTERDAY.
  THUNDERSTORM
  HEAVY RAIN
  LIGHT RAIN
  FOG


RELATIVE HUMIDITY (PERCENT)
 HIGHEST    93           600 AM
 LOWEST     68          1100 AM
 AVERAGE    81

..........................................................


THE PARKERSBURG WV CLIMATE NORMALS FOR TODAY
                         NORMAL    RECORD    YEAR
 MAXIMUM TEMPERATURE (F)   71        90      1959
 MINIMUM TEMPERATURE (F)   47        30      1978


SUNRISE AND SUNSET
MAY  3 2016...........SUNRISE   624 AM EDT   SUNSET   822 PM EDT
MAY  4 2016...........SUNRISE   623 AM EDT   SUNSET   823 PM EDT


-  INDICATES NEGATIVE NUMBERS.
R  INDICATES RECORD WAS SET OR TIED.
MM INDICATES DATA IS MISSING.
T  INDICATES TRACE AMOUNT.




$$
