000
CDUS41 KRLX 192116
CLIPKB


CLIMATE REPORT
NATIONAL WEATHER SERVICE CHARLESTON WV
515 PM EDT FRI SEP 19 2014


...................................

...THE PARKERSBURG WV CLIMATE SUMMARY FOR SEPTEMBER 19 2014...
VALID TODAY AS OF 0500 PM LOCAL TIME.

CLIMATE NORMAL PERIOD 1981 TO 2010
CLIMATE RECORD PERIOD 1889 TO 2014


WEATHER ITEM   OBSERVED TIME   RECORD YEAR NORMAL DEPARTURE LAST
                VALUE   (LST)  VALUE       VALUE  FROM      YEAR
                                                  NORMAL
..................................................................
TEMPERATURE (F)
 TODAY
  MAXIMUM         78    253 PM  95    1895  76      2       73
  MINIMUM         45    545 AM  37    1903  54     -9       63
  AVERAGE         62                        65     -3       68

PRECIPITATION (IN)
  TODAY            0.00          1.08 2003   0.09  -0.09     0.00
  MONTH TO DATE    0.45                      1.98  -1.53     0.39
  SINCE SEP 1      0.45                      1.98  -1.53     0.39
  SINCE JAN 1        MM                     30.77     MM    32.95

DEGREE DAYS
 HEATING
  TODAY            3                         3      0        0
  MONTH TO DATE   MM                        24     MM       31
  SINCE SEP 1     MM                        24     MM       31
  SINCE JUL 1     MM                        29     MM       36

 COOLING
  TODAY            0                         3     -3        3
  MONTH TO DATE   MM                        86     MM       91
  SINCE SEP 1     MM                        86     MM       91
  SINCE JAN 1     MM                       916     MM      915
..................................................................


WIND (MPH)
  HIGHEST WIND SPEED     9   HIGHEST WIND DIRECTION     S (180)
  HIGHEST GUST SPEED    12   HIGHEST GUST DIRECTION    NE (60)
  AVERAGE WIND SPEED     2.4


SKY COVER
  POSSIBLE SUNSHINE  MM
  AVERAGE SKY COVER 0.1


WEATHER CONDITIONS
 THE FOLLOWING WEATHER WAS RECORDED TODAY.
  FOG


RELATIVE HUMIDITY (PERCENT)
 HIGHEST   100           700 AM
 LOWEST     45           300 PM
 AVERAGE    73

..........................................................


THE PARKERSBURG WV CLIMATE NORMALS FOR TOMORROW
                         NORMAL    RECORD    YEAR
 MAXIMUM TEMPERATURE (F)   76        96      1895
 MINIMUM TEMPERATURE (F)   53        36      1956


SUNRISE AND SUNSET
SEPTEMBER 19 2014.....SUNRISE   711 AM EDT   SUNSET   728 PM EDT
SEPTEMBER 20 2014.....SUNRISE   711 AM EDT   SUNSET   726 PM EDT


-  INDICATES NEGATIVE NUMBERS.
R  INDICATES RECORD WAS SET OR TIED.
MM INDICATES DATA IS MISSING.
T  INDICATES TRACE AMOUNT.




$$
