000
CDUS41 KRLX 250735
CLIPKB


CLIMATE REPORT
NATIONAL WEATHER SERVICE CHARLESTON WV
335 AM EDT TUE JUL 25 2017


...................................

...THE PARKERSBURG WV CLIMATE SUMMARY FOR JULY 24 2017...

CLIMATE NORMAL PERIOD 1981 TO 2010
CLIMATE RECORD PERIOD 1889 TO 2017


WEATHER ITEM   OBSERVED TIME   RECORD YEAR NORMAL DEPARTURE LAST
                VALUE   (LST)  VALUE       VALUE  FROM      YEAR
                                                  NORMAL
..................................................................
TEMPERATURE (F)
 YESTERDAY
  MAXIMUM         85    414 PM  98    1934  85      0       94
  MINIMUM         63   1159 PM  51    1947  64     -1       71
  AVERAGE         74                        74      0       83

PRECIPITATION (IN)
  YESTERDAY        0.03          1.54 1992   0.14  -0.11     0.00
  MONTH TO DATE    7.03                      3.25   3.78     3.26
  SINCE JAN 1     33.54                     24.22   9.32    23.63

SNOWFALL (IN)
  YESTERDAY       MM
  MONTH TO DATE   MM
  SINCE SEP 1     MM
  SNOW DEPTH      MM

DEGREE DAYS
 HEATING
  YESTERDAY        0                         0      0        0
  MONTH TO DATE    0                         0      0        0
  SINCE JUN 1     19                        19      0        7
  SINCE JUL 1      0                         0      0        0

 COOLING
  YESTERDAY        9                         9      0       18
  MONTH TO DATE  259                       228     31      249
  SINCE JUN 1    447                       419     28      481
  SINCE JAN 1    567                       503     64      569
..................................................................


WIND (MPH)
  HIGHEST WIND SPEED    17   HIGHEST WIND DIRECTION     W (290)
  HIGHEST GUST SPEED    24   HIGHEST GUST DIRECTION     W (280)
  AVERAGE WIND SPEED     5.1


SKY COVER
  POSSIBLE SUNSHINE  MM
  AVERAGE SKY COVER 0.4


WEATHER CONDITIONS
 THE FOLLOWING WEATHER WAS RECORDED YESTERDAY.
  THUNDERSTORM
  LIGHT RAIN
  FOG
  FOG W/VISIBILITY <= 1/4 MILE


RELATIVE HUMIDITY (PERCENT)
 HIGHEST   100           100 AM
 LOWEST     55           400 PM
 AVERAGE    78

..........................................................


THE PARKERSBURG WV CLIMATE NORMALS FOR TODAY
                         NORMAL    RECORD    YEAR
 MAXIMUM TEMPERATURE (F)   85       102      1934
 MINIMUM TEMPERATURE (F)   64        53      2013
                                             1947


SUNRISE AND SUNSET
JULY 25 2017..........SUNRISE   620 AM EDT   SUNSET   844 PM EDT
JULY 26 2017..........SUNRISE   621 AM EDT   SUNSET   843 PM EDT


-  INDICATES NEGATIVE NUMBERS.
R  INDICATES RECORD WAS SET OR TIED.
MM INDICATES DATA IS MISSING.
T  INDICATES TRACE AMOUNT.




$$
