000
CDUS46 KLOX 011154
CLIPMD


CLIMATE REPORT
NATIONAL WEATHER SERVICE LOS ANGELES/OXNARD CA
453 AM PDT SAT AUG 1 2015


...................................

...THE PALMDALE AIRPORT CA CLIMATE SUMMARY FOR JULY 31 2015...

CLIMATE NORMAL PERIOD 1981 TO 2010
CLIMATE RECORD PERIOD 1931 TO 2015


WEATHER ITEM   OBSERVED TIME   RECORD YEAR NORMAL DEPARTURE LAST
                VALUE   (LST)  VALUE       VALUE  FROM      YEAR
                                                  NORMAL
..................................................................
TEMPERATURE (F)
 YESTERDAY
  MAXIMUM         95    237 PM 109    1938  99     -4      104
  MINIMUM         72    505 AM  49    1979  67      5       73
  AVERAGE         84                        83      1       89

PRECIPITATION (IN)
  YESTERDAY        0.00          0.38 1984   0.00   0.00     0.00
  MONTH TO DATE    1.60                      0.10   1.50      T
  SINCE OCT 1      5.85                      7.87  -2.02     4.99
  SINCE JAN 1      3.28                      5.42  -2.14     3.05

SNOWFALL (IN)
  YESTERDAY        0.0          MM      MM  MM               0.0
  MONTH TO DATE    0.0                      MM               0.0
  SINCE JUN 1      0.0                      MM               0.0
  SINCE JUL 1      0.0                      MM               0.0
  SNOW DEPTH       0

DEGREE DAYS
 HEATING
  YESTERDAY        0                         0      0        0
  MONTH TO DATE    0                         0      0        0
  SINCE JUN 1      0                         7     -7        0
  SINCE JUL 1      0                         0      0        0

 COOLING
  YESTERDAY       19                        18      1       24
  MONTH TO DATE  424                       502    -78      602
  SINCE JUN 1    872                       808     64     1006
  SINCE JAN 1    997                       978     19     1225
..................................................................


WIND (MPH)
  HIGHEST WIND SPEED    24   HIGHEST WIND DIRECTION    SW (230)
  HIGHEST GUST SPEED    30   HIGHEST GUST DIRECTION    SW (220)
  AVERAGE WIND SPEED     9.2


SKY COVER
  POSSIBLE SUNSHINE  MM
  AVERAGE SKY COVER 0.0


WEATHER CONDITIONS
 THE FOLLOWING WEATHER WAS RECORDED YESTERDAY.
  NO SIGNIFICANT WEATHER WAS OBSERVED.


RELATIVE HUMIDITY (PERCENT)
 HIGHEST    79           300 AM
 LOWEST     28           500 PM
 AVERAGE    54

..........................................................


THE PALMDALE AIRPORT CA CLIMATE NORMALS FOR TODAY
                         NORMAL    RECORD    YEAR
 MAXIMUM TEMPERATURE (F)   99       110      1993
 MINIMUM TEMPERATURE (F)   67        52      1933


SUNRISE AND SUNSET
AUGUST  1 2015........SUNRISE   602 AM PDT   SUNSET   754 PM PDT
AUGUST  2 2015........SUNRISE   603 AM PDT   SUNSET   754 PM PDT


-  INDICATES NEGATIVE NUMBERS.
R  INDICATES RECORD WAS SET OR TIED.
MM INDICATES DATA IS MISSING.
T  INDICATES TRACE AMOUNT.




$$
