000
CDUS46 KLOX 250113
CLIPMD


CLIMATE REPORT
NATIONAL WEATHER SERVICE LOS ANGELES/OXNARD CA
612 PM PDT SUN MAY 24 2015


...................................

...THE PALMDALE AIRPORT CA CLIMATE SUMMARY FOR MAY 24 2015...
VALID TODAY AS OF 0600 PM LOCAL TIME.

CLIMATE NORMAL PERIOD 1981 TO 2010
CLIMATE RECORD PERIOD 1931 TO 2015


WEATHER ITEM   OBSERVED TIME   RECORD YEAR NORMAL DEPARTURE LAST
                VALUE   (LST)  VALUE       VALUE  FROM      YEAR
                                                  NORMAL
..................................................................
TEMPERATURE (F)
 TODAY
  MAXIMUM         79    221 PM  98    2001  86     -7       89
  MINIMUM         51    508 AM  39    1980  54     -3       63
  AVERAGE         65                        70     -5       76

PRECIPITATION (IN)
  TODAY            0.00          T    2002   0.00   0.00     0.00
  MONTH TO DATE    0.10                      0.22  -0.12     0.96
  SINCE OCT 1      4.22                      7.65  -3.43     4.99
  SINCE JAN 1      1.65                      5.20  -3.55     3.05

SNOWFALL (IN)
  TODAY            0.0          MM      MM  MM               0.0
  MONTH TO DATE    0.0                      MM               0.0
  SINCE MAR 1      0.0                      MM               0.0
  SINCE JUL 1      0.0                      MM               0.0
  SNOW DEPTH       0

DEGREE DAYS
 HEATING
  TODAY            0                         1     -1        0
  MONTH TO DATE   98                        61     37       35
  SINCE MAR 1    444                       666   -222      433
  SINCE JUL 1   2099                      2911   -812     2331

 COOLING
  TODAY            0                         6     -6       11
  MONTH TO DATE   27                        97    -70       94
  SINCE MAR 1     62                       120    -58      137
  SINCE JAN 1     62                       120    -58      138
..................................................................


WIND (MPH)
  HIGHEST WIND SPEED    23   HIGHEST WIND DIRECTION    SW (230)
  HIGHEST GUST SPEED    29   HIGHEST GUST DIRECTION    SW (230)
  AVERAGE WIND SPEED    10.0


SKY COVER
  POSSIBLE SUNSHINE  MM
  AVERAGE SKY COVER 0.1


WEATHER CONDITIONS
 THE FOLLOWING WEATHER WAS RECORDED TODAY.
  NO SIGNIFICANT WEATHER WAS OBSERVED.


RELATIVE HUMIDITY (PERCENT)
 HIGHEST    77           500 AM
 LOWEST     29          1200 PM
 AVERAGE    53

..........................................................


THE PALMDALE AIRPORT CA CLIMATE NORMALS FOR TOMORROW
                         NORMAL    RECORD    YEAR
 MAXIMUM TEMPERATURE (F)   86       104      1951
 MINIMUM TEMPERATURE (F)   55        35      1980


SUNRISE AND SUNSET
MAY 24 2015...........SUNRISE   544 AM PDT   SUNSET   755 PM PDT
MAY 25 2015...........SUNRISE   543 AM PDT   SUNSET   755 PM PDT


-  INDICATES NEGATIVE NUMBERS.
R  INDICATES RECORD WAS SET OR TIED.
MM INDICATES DATA IS MISSING.
T  INDICATES TRACE AMOUNT.




$$
