000
CDUS46 KLOX 220902
CLIPMD


CLIMATE REPORT
NATIONAL WEATHER SERVICE LOS ANGELES/OXNARD CA
202 AM PDT WED OCT 22 2014


...................................

...THE PALMDALE AIRPORT CA CLIMATE SUMMARY FOR OCTOBER 21 2014...

CLIMATE NORMAL PERIOD 1981 TO 2010
CLIMATE RECORD PERIOD 1931 TO 2014


WEATHER ITEM   OBSERVED TIME   RECORD YEAR NORMAL DEPARTURE LAST
                VALUE   (LST)  VALUE       VALUE  FROM      YEAR
                                                  NORMAL
..................................................................
TEMPERATURE (F)
 YESTERDAY
  MAXIMUM         80    342 PM  93    2003  77      3       84
  MINIMUM         51   1159 PM  26    1949  46      5       44
  AVERAGE         66                        61      5       64

PRECIPITATION (IN)
  YESTERDAY        0.00          0.13 1957   0.02  -0.02     0.00
  MONTH TO DATE    0.00                      0.36  -0.36     0.08
  SINCE JUL 1      0.16                      0.89  -0.73     0.21
  SINCE JAN 1      3.21                      6.21  -3.00     1.07

SNOWFALL (IN)
  YESTERDAY        0.0           0.0  1973  MM               0.0
  MONTH TO DATE    0.0                      MM               0.0
  SINCE SEP 1      0.0                      MM               0.0
  SINCE JUL 1      0.0                      MM               0.0
  SNOW DEPTH       0

DEGREE DAYS
 HEATING
  YESTERDAY        0                         4     -4        1
  MONTH TO DATE    2                        54    -52       95
  SINCE SEP 1      3                        66    -63      109
  SINCE JUL 1      3                        66    -63      109

 COOLING
  YESTERDAY        1                         1      0        0
  MONTH TO DATE  111                        53     58       10
  SINCE SEP 1    499                       328    171      359
  SINCE JAN 1   2212                      1810    402     2124
..................................................................


WIND (MPH)
  HIGHEST WIND SPEED    29   HIGHEST WIND DIRECTION    NW (300)
  HIGHEST GUST SPEED    34   HIGHEST GUST DIRECTION    NW (300)
  AVERAGE WIND SPEED    13.1


SKY COVER
  POSSIBLE SUNSHINE  MM
  AVERAGE SKY COVER 0.0


WEATHER CONDITIONS
 THE FOLLOWING WEATHER WAS RECORDED YESTERDAY.
  NO SIGNIFICANT WEATHER WAS OBSERVED.


RELATIVE HUMIDITY (PERCENT)
 HIGHEST    80           100 AM
 LOWEST     16           400 PM
 AVERAGE    48

..........................................................


THE PALMDALE AIRPORT CA CLIMATE NORMALS FOR TODAY
                         NORMAL    RECORD    YEAR
 MAXIMUM TEMPERATURE (F)   76        95      2003
 MINIMUM TEMPERATURE (F)   46        30      1935


SUNRISE AND SUNSET
OCTOBER 22 2014.......SUNRISE   704 AM PDT   SUNSET   609 PM PDT
OCTOBER 23 2014.......SUNRISE   705 AM PDT   SUNSET   608 PM PDT


-  INDICATES NEGATIVE NUMBERS.
R  INDICATES RECORD WAS SET OR TIED.
MM INDICATES DATA IS MISSING.
T  INDICATES TRACE AMOUNT.




$$
