000
CDUS46 KLOX 270858
CLIPMD


CLIMATE REPORT
NATIONAL WEATHER SERVICE LOS ANGELES/OXNARD CA
158 AM PDT FRI MAY 27 2016


...................................

...THE PALMDALE AIRPORT CA CLIMATE SUMMARY FOR MAY 26 2016...

CLIMATE NORMAL PERIOD 1981 TO 2010
CLIMATE RECORD PERIOD 1931 TO 2016


WEATHER ITEM   OBSERVED TIME   RECORD YEAR NORMAL DEPARTURE LAST
                VALUE   (LST)  VALUE       VALUE  FROM      YEAR
                                                  NORMAL
..................................................................
TEMPERATURE (F)
 YESTERDAY
  MAXIMUM         79    257 PM 100    1974  86     -7       83
  MINIMUM         53    456 AM  38    1980  55     -2       56
  AVERAGE         66                        70     -4       70

PRECIPITATION (IN)
  YESTERDAY        0.00          0.07 1937   0.00   0.00     0.00
  MONTH TO DATE    T                         0.23  -0.23     0.10
  SINCE OCT 1      4.28                      7.66  -3.38     4.22
  SINCE JAN 1      2.47                      5.21  -2.74     1.65

SNOWFALL (IN)
  YESTERDAY        0.0          MM      MM  MM               0.0
  MONTH TO DATE    0.0                      MM               0.0
  SINCE MAR 1      0.0                      MM               0.0
  SINCE JUL 1      T                        MM               0.0
  SNOW DEPTH       0

DEGREE DAYS
 HEATING
  YESTERDAY        0                         1     -1        0
  MONTH TO DATE   61                        63     -2       98
  SINCE MAR 1    444                       668   -224      444
  SINCE JUL 1   2605                      2913   -308     2099

 COOLING
  YESTERDAY        1                         7     -6        5
  MONTH TO DATE   73                       111    -38       35
  SINCE MAR 1     93                       134    -41       70
  SINCE JAN 1     93                       134    -41       70
..................................................................


WIND (MPH)
  HIGHEST WIND SPEED    28   HIGHEST WIND DIRECTION     W (290)
  HIGHEST GUST SPEED    35   HIGHEST GUST DIRECTION     W (280)
  AVERAGE WIND SPEED    10.9


SKY COVER
  POSSIBLE SUNSHINE  MM
  AVERAGE SKY COVER 0.1


WEATHER CONDITIONS
 THE FOLLOWING WEATHER WAS RECORDED YESTERDAY.
  NO SIGNIFICANT WEATHER WAS OBSERVED.


RELATIVE HUMIDITY (PERCENT)
 HIGHEST    66           400 AM
 LOWEST     25          1200 PM
 AVERAGE    46

..........................................................


THE PALMDALE AIRPORT CA CLIMATE NORMALS FOR TODAY
                         NORMAL    RECORD    YEAR
 MAXIMUM TEMPERATURE (F)   86       102      1984
 MINIMUM TEMPERATURE (F)   55        41      1934


SUNRISE AND SUNSET
MAY 27 2016...........SUNRISE   542 AM PDT   SUNSET   757 PM PDT
MAY 28 2016...........SUNRISE   542 AM PDT   SUNSET   758 PM PDT


-  INDICATES NEGATIVE NUMBERS.
R  INDICATES RECORD WAS SET OR TIED.
MM INDICATES DATA IS MISSING.
T  INDICATES TRACE AMOUNT.




$$
