000
CDUS46 KLOX 030128
CLIPMD


CLIMATE REPORT
NATIONAL WEATHER SERVICE LOS ANGELES/OXNARD CA
527 PM PST FRI DEC 2 2016


...................................

...THE PALMDALE AIRPORT CA CLIMATE SUMMARY FOR DECEMBER 2 2016...
VALID TODAY AS OF 0500 PM LOCAL TIME.

CLIMATE NORMAL PERIOD 1981 TO 2010
CLIMATE RECORD PERIOD 1931 TO 2016


WEATHER ITEM   OBSERVED TIME   RECORD YEAR NORMAL DEPARTURE LAST
                VALUE   (LST)  VALUE       VALUE  FROM      YEAR
                                                  NORMAL
..................................................................
TEMPERATURE (F)
 TODAY
  MAXIMUM         52   1241 PM  76    1977  61     -9       60
  MINIMUM         31    654 AM  21    2004  32     -1       27
  AVERAGE         42                        46     -4       44

PRECIPITATION (IN)
  TODAY            0.00          1.20 2014   0.01  -0.01     0.00
  MONTH TO DATE    0.00                      0.02  -0.02     0.00
  SINCE OCT 1      0.32                      1.32  -1.00     1.32
  SINCE JAN 1      2.79                      7.17  -4.38     5.03

SNOWFALL (IN)
  TODAY            0.0           0.0  1973  MM               0.0
  MONTH TO DATE    0.0                      MM               0.0
  SINCE DEC 1      0.0                      MM               0.0
  SINCE JUL 1      0.0                      MM               0.0
  SNOW DEPTH       0

DEGREE DAYS
 HEATING
  TODAY           23                        19      4       21
  MONTH TO DATE   42                        38      4       44
  SINCE DEC 1     42                        38      4       44
  SINCE JUL 1    425                       565   -140      567

 COOLING
  TODAY            0                         0      0        0
  MONTH TO DATE    0                         0      0        0
  SINCE DEC 1      0                         0      0        0
  SINCE JAN 1   2086                      1815    271     2067
..................................................................


WIND (MPH)
  HIGHEST WIND SPEED    30   HIGHEST WIND DIRECTION    NE (40)
  HIGHEST GUST SPEED    37   HIGHEST GUST DIRECTION    NE (30)
  AVERAGE WIND SPEED    15.5


SKY COVER
  POSSIBLE SUNSHINE  MM
  AVERAGE SKY COVER 0.1


WEATHER CONDITIONS
 THE FOLLOWING WEATHER WAS RECORDED TODAY.
  NO SIGNIFICANT WEATHER WAS OBSERVED.


RELATIVE HUMIDITY (PERCENT)
 HIGHEST    85          1200 AM
 LOWEST     15           300 PM
 AVERAGE    50

..........................................................


THE PALMDALE AIRPORT CA CLIMATE NORMALS FOR TOMORROW
                         NORMAL    RECORD    YEAR
 MAXIMUM TEMPERATURE (F)   60        76      1977
 MINIMUM TEMPERATURE (F)   32        19      1934


SUNRISE AND SUNSET
DECEMBER  2 2016......SUNRISE   642 AM PST   SUNSET   441 PM PST
DECEMBER  3 2016......SUNRISE   643 AM PST   SUNSET   441 PM PST


-  INDICATES NEGATIVE NUMBERS.
R  INDICATES RECORD WAS SET OR TIED.
MM INDICATES DATA IS MISSING.
T  INDICATES TRACE AMOUNT.




$$
