000
CDUS46 KLOX 230119
CLIPMD


CLIMATE REPORT
NATIONAL WEATHER SERVICE LOS ANGELES/OXNARD CA
619 PM PDT SAT JUL 22 2017


...................................

...THE PALMDALE AIRPORT CA CLIMATE SUMMARY FOR JULY 22 2017...
VALID TODAY AS OF 0600 PM LOCAL TIME.

CLIMATE NORMAL PERIOD 1981 TO 2010
CLIMATE RECORD PERIOD 1931 TO 2017


WEATHER ITEM   OBSERVED TIME   RECORD YEAR NORMAL DEPARTURE LAST
                VALUE   (LST)  VALUE       VALUE  FROM      YEAR
                                                  NORMAL
..................................................................
TEMPERATURE (F)
 TODAY
  MAXIMUM        103    229 PM 108    1953  99      4      105
                                      1980
  MINIMUM         65    530 AM  50    1957  66     -1       67
  AVERAGE         84                        82      2       86

PRECIPITATION (IN)
  TODAY            0.00          T    2013   0.01  -0.01     0.00
  MONTH TO DATE    0.00                      0.07  -0.07     0.00
  SINCE OCT 1      5.93                      7.84  -1.91     4.28
  SINCE JAN 1      4.14                      5.39  -1.25     2.47

SNOWFALL (IN)
  TODAY            0.0          MM      MM  MM               0.0
  MONTH TO DATE    0.0                      MM               0.0
  SINCE JUN 1      0.0                      MM               0.0
  SINCE JUL 1      0.0                      MM               0.0
  SNOW DEPTH       0

DEGREE DAYS
 HEATING
  TODAY            0                         0      0        0
  MONTH TO DATE    0                         0      0        0
  SINCE JUN 1      7                         7      0        0
  SINCE JUL 1      0                         0      0        0

 COOLING
  TODAY           19                        17      2       21
  MONTH TO DATE  482                       346    136      371
  SINCE JUN 1    941                       652    289      859
  SINCE JAN 1   1122                       822    300     1003
..................................................................


WIND (MPH)
  HIGHEST WIND SPEED    22   HIGHEST WIND DIRECTION    SW (210)
  HIGHEST GUST SPEED    32   HIGHEST GUST DIRECTION    SW (210)
  AVERAGE WIND SPEED     6.9


SKY COVER
  POSSIBLE SUNSHINE  MM
  AVERAGE SKY COVER 0.0


WEATHER CONDITIONS
 THE FOLLOWING WEATHER WAS RECORDED TODAY.
  NO SIGNIFICANT WEATHER WAS OBSERVED.


RELATIVE HUMIDITY (PERCENT)
 HIGHEST    35          1200 AM
 LOWEST      6           100 PM
 AVERAGE    21

..........................................................


THE PALMDALE AIRPORT CA CLIMATE NORMALS FOR TOMORROW
                         NORMAL    RECORD    YEAR
 MAXIMUM TEMPERATURE (F)   99       108      2016
                                             2006
                                             1959
 MINIMUM TEMPERATURE (F)   66        54      1972


SUNRISE AND SUNSET
JULY 22 2017..........SUNRISE   556 AM PDT   SUNSET   802 PM PDT
JULY 23 2017..........SUNRISE   556 AM PDT   SUNSET   801 PM PDT


-  INDICATES NEGATIVE NUMBERS.
R  INDICATES RECORD WAS SET OR TIED.
MM INDICATES DATA IS MISSING.
T  INDICATES TRACE AMOUNT.




$$
