000
CDUS46 KLOX 260902
CLIPMD


CLIMATE REPORT
NATIONAL WEATHER SERVICE LOS ANGELES/OXNARD CA
102 AM PST WED NOV 26 2014


...................................

...THE PALMDALE AIRPORT CA CLIMATE SUMMARY FOR NOVEMBER 25 2014...

CLIMATE NORMAL PERIOD 1981 TO 2010
CLIMATE RECORD PERIOD 1931 TO 2014


WEATHER ITEM   OBSERVED TIME   RECORD YEAR NORMAL DEPARTURE LAST
                VALUE   (LST)  VALUE       VALUE  FROM      YEAR
                                                  NORMAL
..................................................................
TEMPERATURE (F)
 YESTERDAY
  MAXIMUM         67    340 PM  82    1949  63      4       60
  MINIMUM         31    649 AM  15    1938  33     -2       35
  AVERAGE         49                        48      1       48

PRECIPITATION (IN)
  YESTERDAY        0.00          0.98 1983   0.02  -0.02     0.00
  MONTH TO DATE    T                         0.61  -0.61     1.84
  SINCE JUL 1      0.16                      1.74  -1.58     2.05
  SINCE JAN 1      3.21                      7.06  -3.85     2.91

SNOWFALL (IN)
  YESTERDAY        0.0           T    1965  MM               0.0
  MONTH TO DATE    0.0                      MM               0.0
  SINCE SEP 1      0.0                      MM               0.0
  SINCE JUL 1      0.0                      MM               0.0
  SNOW DEPTH       0

DEGREE DAYS
 HEATING
  YESTERDAY       16                        17     -1       17
  MONTH TO DATE  239                       311    -72      274
  SINCE SEP 1    265                       438   -173      435
  SINCE JUL 1    265                       438   -173      435

 COOLING
  YESTERDAY        0                         0      0        0
  MONTH TO DATE    1                         0      1        0
  SINCE SEP 1    510                       332    178      361
  SINCE JAN 1   2223                      1814    409     2126
..................................................................


WIND (MPH)
  HIGHEST WIND SPEED    10   HIGHEST WIND DIRECTION     W (280)
  HIGHEST GUST SPEED    10   HIGHEST GUST DIRECTION     W (280)
  AVERAGE WIND SPEED     3.5


SKY COVER
  POSSIBLE SUNSHINE  MM
  AVERAGE SKY COVER 0.0


WEATHER CONDITIONS
 THE FOLLOWING WEATHER WAS RECORDED YESTERDAY.
  NO SIGNIFICANT WEATHER WAS OBSERVED.


RELATIVE HUMIDITY (PERCENT)
 HIGHEST    47           600 AM
 LOWEST     10           400 PM
 AVERAGE    29

..........................................................


THE PALMDALE AIRPORT CA CLIMATE NORMALS FOR TODAY
                         NORMAL    RECORD    YEAR
 MAXIMUM TEMPERATURE (F)   63        84      1977
 MINIMUM TEMPERATURE (F)   33        21      2010


SUNRISE AND SUNSET
NOVEMBER 26 2014......SUNRISE   637 AM PST   SUNSET   443 PM PST
NOVEMBER 27 2014......SUNRISE   637 AM PST   SUNSET   442 PM PST


-  INDICATES NEGATIVE NUMBERS.
R  INDICATES RECORD WAS SET OR TIED.
MM INDICATES DATA IS MISSING.
T  INDICATES TRACE AMOUNT.




$$
