000
CDUS46 KLOX 290901
CLIPMD


CLIMATE REPORT
NATIONAL WEATHER SERVICE LOS ANGELES/OXNARD CA
201 AM PDT FRI APR 29 2016


...................................

...THE PALMDALE AIRPORT CA CLIMATE SUMMARY FOR APRIL 28 2016...

CLIMATE NORMAL PERIOD 1981 TO 2010
CLIMATE RECORD PERIOD 1931 TO 2016


WEATHER ITEM   OBSERVED TIME   RECORD YEAR NORMAL DEPARTURE LAST
                VALUE   (LST)  VALUE       VALUE  FROM      YEAR
                                                  NORMAL
..................................................................
TEMPERATURE (F)
 YESTERDAY
  MAXIMUM         67    156 PM  95    2007  77    -10       88
  MINIMUM         45    406 AM  31    1955  47     -2       46
  AVERAGE         56                        62     -6       67

PRECIPITATION (IN)
  YESTERDAY        T             0.31 2005   0.01  -0.01     0.00
  MONTH TO DATE    0.14                      0.45  -0.31     0.08
  SINCE OCT 1      4.23                      7.41  -3.18     4.12
  SINCE JAN 1      2.42                      4.96  -2.54     1.55

SNOWFALL (IN)
  YESTERDAY       MM             0.0  1973  MM               0.0
  MONTH TO DATE    0.0                      MM               0.0
  SINCE MAR 1      0.0                      MM               0.0
  SINCE JUL 1      T                        MM               0.0
  SNOW DEPTH       0

DEGREE DAYS
 HEATING
  YESTERDAY        9                         5      4        0
  MONTH TO DATE  106                       220   -114      162
  SINCE MAR 1    375                       596   -221      346
  SINCE JUL 1   2536                      2841   -305     2001

 COOLING
  YESTERDAY        0                         2     -2        2
  MONTH TO DATE   20                        14      6       13
  SINCE MAR 1     20                        16      4       21
  SINCE JAN 1     20                        16      4       21
..................................................................


WIND (MPH)
  HIGHEST WIND SPEED    38   HIGHEST WIND DIRECTION     W (280)
  HIGHEST GUST SPEED    44   HIGHEST GUST DIRECTION     W (280)
  AVERAGE WIND SPEED    20.9


SKY COVER
  POSSIBLE SUNSHINE  MM
  AVERAGE SKY COVER 0.2


WEATHER CONDITIONS
 THE FOLLOWING WEATHER WAS RECORDED YESTERDAY.
  NO SIGNIFICANT WEATHER WAS OBSERVED.


RELATIVE HUMIDITY (PERCENT)
 HIGHEST    76           300 AM
 LOWEST     29           200 PM
 AVERAGE    53

..........................................................


THE PALMDALE AIRPORT CA CLIMATE NORMALS FOR TODAY
                         NORMAL    RECORD    YEAR
 MAXIMUM TEMPERATURE (F)   77        95      1981
 MINIMUM TEMPERATURE (F)   47        34      1967


SUNRISE AND SUNSET
APRIL 29 2016.........SUNRISE   604 AM PDT   SUNSET   736 PM PDT
APRIL 30 2016.........SUNRISE   603 AM PDT   SUNSET   737 PM PDT


-  INDICATES NEGATIVE NUMBERS.
R  INDICATES RECORD WAS SET OR TIED.
MM INDICATES DATA IS MISSING.
T  INDICATES TRACE AMOUNT.




$$
