000
CDUS44 KMOB 220654
CLIPNS


CLIMATE REPORT
NATIONAL WEATHER SERVICE MOBILE AL
153 AM CDT FRI AUG 22 2014


...................................

...THE PENSACOLA CLIMATE SUMMARY FOR AUGUST 21 2014...

CLIMATE NORMAL PERIOD 1981 TO 2010
CLIMATE RECORD PERIOD 1879 TO 2014


WEATHER ITEM   OBSERVED TIME   RECORD YEAR NORMAL DEPARTURE LAST
                VALUE   (LST)  VALUE       VALUE  FROM      YEAR
                                                  NORMAL
..................................................................
TEMPERATURE (F)
 YESTERDAY
  MAXIMUM         91    112 PM  98    1983  89      2       89
  MINIMUM         77    555 AM  66    1940  74      3       74
  AVERAGE         84                        82      2       82

PRECIPITATION (IN)
  YESTERDAY        0.15          3.63 1988   0.21  -0.06     0.00
  MONTH TO DATE    1.36                      4.79  -3.43     9.64
  SINCE MAR 1     57.41                     33.11  24.30    41.81
  SINCE JAN 1     68.74                     42.80  25.94    56.08

DEGREE DAYS
 COOLING
  YESTERDAY       19                        17      2       17
  MONTH TO DATE  344                       357    -13      368
  SINCE JUN 1   1317                      1355    -38     1383
  SINCE JAN 1   1768                      1803    -35     1825
..................................................................


WIND (MPH)
  HIGHEST WIND SPEED    14   HIGHEST WIND DIRECTION     S (190)
  HIGHEST GUST SPEED    16   HIGHEST GUST DIRECTION    SW (210)
  AVERAGE WIND SPEED     6.9


SKY COVER
  POSSIBLE SUNSHINE  MM
  AVERAGE SKY COVER 0.1


WEATHER CONDITIONS
 THE FOLLOWING WEATHER WAS RECORDED YESTERDAY.
  LIGHT RAIN


RELATIVE HUMIDITY (PERCENT)
 HIGHEST    94           300 AM
 LOWEST     52          1100 AM
 AVERAGE    73

..........................................................


THE PENSACOLA CLIMATE NORMALS FOR TODAY
                         NORMAL    RECORD    YEAR
 MAXIMUM TEMPERATURE (F)   89       101      1951
 MINIMUM TEMPERATURE (F)   74        62      1956


SUNRISE AND SUNSET
AUGUST 22 2014........SUNRISE   620 AM CDT   SUNSET   723 PM CDT
AUGUST 23 2014........SUNRISE   620 AM CDT   SUNSET   722 PM CDT


-  INDICATES NEGATIVE NUMBERS.
R  INDICATES RECORD WAS SET OR TIED.
MM INDICATES DATA IS MISSING.
T  INDICATES TRACE AMOUNT.




$$
