000
CDUS44 KMOB 020645
CLIPNS


CLIMATE REPORT
NATIONAL WEATHER SERVICE MOBILE AL
145 AM CDT WED SEP 2 2015


...................................

...THE PENSACOLA CLIMATE SUMMARY FOR SEPTEMBER 1 2015...

CLIMATE NORMAL PERIOD 1981 TO 2010
CLIMATE RECORD PERIOD 1879 TO 2015


WEATHER ITEM   OBSERVED TIME   RECORD YEAR NORMAL DEPARTURE LAST
                VALUE   (LST)  VALUE       VALUE  FROM      YEAR
                                                  NORMAL
..................................................................
TEMPERATURE (F)
 YESTERDAY
  MAXIMUM         95    129 PM  98    1907  89      6       91
  MINIMUM         74    527 AM  64    1946  74      0       75
  AVERAGE         85                        81      4       83

PRECIPITATION (IN)
  YESTERDAY        0.00          2.67 1890   0.20  -0.20     0.00
  MONTH TO DATE    0.00                      0.20  -0.20     0.00
  SINCE MAR 1     35.30                     35.28   0.02    57.42
  SINCE JAN 1     45.71                     44.97   0.74    68.75

DEGREE DAYS
 COOLING
  YESTERDAY       20                        16      4       18
  MONTH TO DATE   20                        16      4       18
  SINCE SEP 1     20                        16      4       18
  SINCE JAN 1   2320                      1983    337     1974
..................................................................


WIND (MPH)
  HIGHEST WIND SPEED    14   HIGHEST WIND DIRECTION     S (190)
  HIGHEST GUST SPEED    20   HIGHEST GUST DIRECTION     S (200)
  AVERAGE WIND SPEED     5.5


SKY COVER
  POSSIBLE SUNSHINE  MM
  AVERAGE SKY COVER 0.1


WEATHER CONDITIONS
 THE FOLLOWING WEATHER WAS RECORDED YESTERDAY.
  NO SIGNIFICANT WEATHER WAS OBSERVED.


RELATIVE HUMIDITY (PERCENT)
 HIGHEST    87           100 AM
 LOWEST     36           200 PM
 AVERAGE    62

..........................................................


THE PENSACOLA CLIMATE NORMALS FOR TODAY
                         NORMAL    RECORD    YEAR
 MAXIMUM TEMPERATURE (F)   89        98      1989
 MINIMUM TEMPERATURE (F)   73        65      1967
                                             1903
                                             1892


SUNRISE AND SUNSET
SEPTEMBER  2 2015.....SUNRISE   626 AM CDT   SUNSET   711 PM CDT
SEPTEMBER  3 2015.....SUNRISE   626 AM CDT   SUNSET   709 PM CDT


-  INDICATES NEGATIVE NUMBERS.
R  INDICATES RECORD WAS SET OR TIED.
MM INDICATES DATA IS MISSING.
T  INDICATES TRACE AMOUNT.




$$
