000
CDUS44 KMOB 280630
CLIPNS


CLIMATE REPORT
NATIONAL WEATHER SERVICE MOBILE AL
129 AM CDT THU MAY 28 2015


...................................

...THE PENSACOLA CLIMATE SUMMARY FOR MAY 27 2015...

CLIMATE NORMAL PERIOD 1981 TO 2010
CLIMATE RECORD PERIOD 1879 TO 2015


WEATHER ITEM   OBSERVED TIME   RECORD YEAR NORMAL DEPARTURE LAST
                VALUE   (LST)  VALUE       VALUE  FROM      YEAR
                                                  NORMAL
..................................................................
TEMPERATURE (F)
 YESTERDAY
  MAXIMUM         83    236 PM 102    1953  86     -3       87
  MINIMUM         69    142 AM  50    1961  69      0       74
  AVERAGE         76                        77     -1       81

PRECIPITATION (IN)
  YESTERDAY        T             2.92 2009   0.13  -0.13     0.00
  MONTH TO DATE    5.13                      3.59   1.54     2.55
  SINCE MAR 1     17.49                     13.72   3.77    41.86
  SINCE JAN 1     27.90                     23.41   4.49    53.19

DEGREE DAYS
 COOLING
  YESTERDAY       11                        12     -1       16
  MONTH TO DATE  295                       246     49      256
  SINCE MAR 1    596                       380    216      390
  SINCE JAN 1    603                       394    209      405
..................................................................


WIND (MPH)
  HIGHEST WIND SPEED    18   HIGHEST WIND DIRECTION    SE (130)
  HIGHEST GUST SPEED    23   HIGHEST GUST DIRECTION    SE (130)
  AVERAGE WIND SPEED     7.3


SKY COVER
  POSSIBLE SUNSHINE  MM
  AVERAGE SKY COVER 0.6


WEATHER CONDITIONS
 THE FOLLOWING WEATHER WAS RECORDED YESTERDAY.
  THUNDERSTORM
  LIGHT RAIN


RELATIVE HUMIDITY (PERCENT)
 HIGHEST   100           100 AM
 LOWEST     74           200 PM
 AVERAGE    87

..........................................................


THE PENSACOLA CLIMATE NORMALS FOR TODAY
                         NORMAL    RECORD    YEAR
 MAXIMUM TEMPERATURE (F)   86        98      2012
 MINIMUM TEMPERATURE (F)   69        55      1961


SUNRISE AND SUNSET
MAY 28 2015...........SUNRISE   548 AM CDT   SUNSET   744 PM CDT
MAY 29 2015...........SUNRISE   548 AM CDT   SUNSET   745 PM CDT


-  INDICATES NEGATIVE NUMBERS.
R  INDICATES RECORD WAS SET OR TIED.
MM INDICATES DATA IS MISSING.
T  INDICATES TRACE AMOUNT.




$$
