000
CDUS44 KMOB 180645
CLIPNS


CLIMATE REPORT
NATIONAL WEATHER SERVICE MOBILE AL
1245 AM CST SUN FEB 18 2018


...................................

...THE PENSACOLA CLIMATE SUMMARY FOR FEBRUARY 17 2018...

CLIMATE NORMAL PERIOD 1981 TO 2010
CLIMATE RECORD PERIOD 1879 TO 2018


WEATHER ITEM   OBSERVED TIME   RECORD YEAR NORMAL DEPARTURE LAST
                VALUE   (LST)  VALUE       VALUE  FROM      YEAR
                                                  NORMAL
..................................................................
TEMPERATURE (F)
 YESTERDAY
  MAXIMUM         80    329 PM  81    1975  64     16       68
  MINIMUM         65    423 AM  21    1900  46     19       44
  AVERAGE         73                        55     18       56

PRECIPITATION (IN)
  YESTERDAY        0.00          3.71 1940   0.18  -0.18     0.05
  MONTH TO DATE    9.31                      3.04   6.27     1.36
  SINCE MAR 1     88.99                     63.25  25.74    69.06
  SINCE JAN 1     12.43                      7.67   4.76    13.09

SNOWFALL (IN)
  YESTERDAY        0.0          MM      MM   0.0    0.0      0.0
  MONTH TO DATE    0.0                       0.0    0.0      0.0
  SINCE MAR 1      T                         0.0    0.0      0.0
  SINCE JUL 1      T                         0.0    0.0      0.0
  SNOW DEPTH       0

DEGREE DAYS
 HEATING
  YESTERDAY        0                        10    -10        9
  MONTH TO DATE   65                       198   -133       74
  SINCE DEC 1    888                       997   -109      457
  SINCE JUL 1   1023                      1209   -186      526

 COOLING
  YESTERDAY        8                         0      8        0
  MONTH TO DATE   25                         0     25       25
  SINCE DEC 1     62                        19     43      136
  SINCE JAN 1     25                         6     19       89
..................................................................


WIND (MPH)
  HIGHEST WIND SPEED    18   HIGHEST WIND DIRECTION    SW (210)
  HIGHEST GUST SPEED    24   HIGHEST GUST DIRECTION    SW (210)
  AVERAGE WIND SPEED     7.4


SKY COVER
  POSSIBLE SUNSHINE  MM
  AVERAGE SKY COVER 0.4


WEATHER CONDITIONS
 THE FOLLOWING WEATHER WAS RECORDED YESTERDAY.
  FOG


RELATIVE HUMIDITY (PERCENT)
 HIGHEST    93          1200 AM
 LOWEST     58           100 PM
 AVERAGE    76

..........................................................


THE PENSACOLA CLIMATE NORMALS FOR TODAY
                         NORMAL    RECORD    YEAR
 MAXIMUM TEMPERATURE (F)   64        79      1956
 MINIMUM TEMPERATURE (F)   46        19      1900


SUNRISE AND SUNSET
FEBRUARY 18 2018......SUNRISE   626 AM CST   SUNSET   539 PM CST
FEBRUARY 19 2018......SUNRISE   625 AM CST   SUNSET   540 PM CST


-  INDICATES NEGATIVE NUMBERS.
R  INDICATES RECORD WAS SET OR TIED.
MM INDICATES DATA IS MISSING.
T  INDICATES TRACE AMOUNT.




$$
