000
CDUS44 KMOB 022254
CLIPNS


CLIMATE REPORT
NATIONAL WEATHER SERVICE MOBILE AL
552 PM CDT THU JUL 2 2015


...................................

...THE PENSACOLA CLIMATE SUMMARY FOR JULY 2 2015...
VALID TODAY AS OF 0500 PM LOCAL TIME.

CLIMATE NORMAL PERIOD 1981 TO 2010
CLIMATE RECORD PERIOD 1879 TO 2015


WEATHER ITEM   OBSERVED TIME   RECORD YEAR NORMAL DEPARTURE LAST
                VALUE   (LST)  VALUE       VALUE  FROM      YEAR
                                                  NORMAL
..................................................................
TEMPERATURE (F)
 TODAY
  MAXIMUM         89    359 PM  98    1993  90     -1       94
                                      1970
  MINIMUM         74   1253 AM  64    1924  74      0       80
  AVERAGE         82                        82      0       87

PRECIPITATION (IN)
  TODAY            0.00          2.90 1988   0.24  -0.24     0.00
  MONTH TO DATE    T                         0.47  -0.47     0.00
  SINCE MAR 1     21.59                     21.38   0.21    48.41
  SINCE JAN 1     32.00                     31.07   0.93    59.74

DEGREE DAYS
 COOLING
  TODAY           17                        17      0       22
  MONTH TO DATE   33                        34     -1       44
  SINCE JUN 1    516                       499     17      523
  SINCE JAN 1   1169                       947    222      974
..................................................................


WIND (MPH)
  HIGHEST WIND SPEED    20   HIGHEST WIND DIRECTION    SW (230)
  HIGHEST GUST SPEED    24   HIGHEST GUST DIRECTION    SW (240)
  AVERAGE WIND SPEED     8.9


SKY COVER
  POSSIBLE SUNSHINE  MM
  AVERAGE SKY COVER 0.3


WEATHER CONDITIONS
 THE FOLLOWING WEATHER WAS RECORDED TODAY.
  NO SIGNIFICANT WEATHER WAS OBSERVED.


RELATIVE HUMIDITY (PERCENT)
 HIGHEST    88           300 AM
 LOWEST     56           400 PM
 AVERAGE    72

..........................................................


THE PENSACOLA CLIMATE NORMALS FOR TOMORROW
                         NORMAL    RECORD    YEAR
 MAXIMUM TEMPERATURE (F)   90        97      1970
                                             1954
 MINIMUM TEMPERATURE (F)   74        65      1924


SUNRISE AND SUNSET
JULY  2 2015..........SUNRISE   550 AM CDT   SUNSET   755 PM CDT
JULY  3 2015..........SUNRISE   551 AM CDT   SUNSET   755 PM CDT


-  INDICATES NEGATIVE NUMBERS.
R  INDICATES RECORD WAS SET OR TIED.
MM INDICATES DATA IS MISSING.
T  INDICATES TRACE AMOUNT.




$$
