000
CDUS44 KMOB 180645
CLIPNS


CLIMATE REPORT
NATIONAL WEATHER SERVICE MOBILE AL
145 AM CDT THU SEP 18 2014


...................................

...THE PENSACOLA CLIMATE SUMMARY FOR SEPTEMBER 17 2014...

CLIMATE NORMAL PERIOD 1981 TO 2010
CLIMATE RECORD PERIOD 1879 TO 2014


WEATHER ITEM   OBSERVED TIME   RECORD YEAR NORMAL DEPARTURE LAST
                VALUE   (LST)  VALUE       VALUE  FROM      YEAR
                                                  NORMAL
..................................................................
TEMPERATURE (F)
 YESTERDAY
  MAXIMUM         86    201 PM  97    1991  87     -1       91
  MINIMUM         69    557 AM  60    1981  70     -1       73
  AVERAGE         78                        78      0       82

PRECIPITATION (IN)
  YESTERDAY        0.05          5.92 2009   0.20  -0.15     0.03
  MONTH TO DATE    4.92                      3.41   1.51     1.57
  SINCE MAR 1     62.34                     38.49  23.85    43.75
  SINCE JAN 1     73.67                     48.18  25.49    58.02

DEGREE DAYS
 COOLING
  YESTERDAY       13                        13      0       17
  MONTH TO DATE  271                       253     18      302
  SINCE SEP 1    271                       253     18      302
  SINCE JAN 1   2227                      2220      7     2284
..................................................................


WIND (MPH)
  HIGHEST WIND SPEED    13   HIGHEST WIND DIRECTION     S (170)
  HIGHEST GUST SPEED    17   HIGHEST GUST DIRECTION     S (180)
  AVERAGE WIND SPEED     5.2


SKY COVER
  POSSIBLE SUNSHINE  MM
  AVERAGE SKY COVER 0.2


WEATHER CONDITIONS
 THE FOLLOWING WEATHER WAS RECORDED YESTERDAY.
  HEAVY RAIN
  RAIN


RELATIVE HUMIDITY (PERCENT)
 HIGHEST   100          1200 AM
 LOWEST     61           100 PM
 AVERAGE    81

..........................................................


THE PENSACOLA CLIMATE NORMALS FOR TODAY
                         NORMAL    RECORD    YEAR
 MAXIMUM TEMPERATURE (F)   86        96      2005
 MINIMUM TEMPERATURE (F)   70        53      1981


SUNRISE AND SUNSET
SEPTEMBER 18 2014.....SUNRISE   635 AM CDT   SUNSET   650 PM CDT
SEPTEMBER 19 2014.....SUNRISE   635 AM CDT   SUNSET   649 PM CDT


-  INDICATES NEGATIVE NUMBERS.
R  INDICATES RECORD WAS SET OR TIED.
MM INDICATES DATA IS MISSING.
T  INDICATES TRACE AMOUNT.




$$
