000
CDUS44 KMOB 170629
CLIPNS


CLIMATE REPORT
NATIONAL WEATHER SERVICE MOBILE AL
127 AM CDT THU APR 17 2014


...................................

...THE PENSACOLA CLIMATE SUMMARY FOR APRIL 16 2014...

CLIMATE NORMAL PERIOD 1981 TO 2010
CLIMATE RECORD PERIOD 1879 TO 2014


WEATHER ITEM   OBSERVED TIME   RECORD YEAR NORMAL DEPARTURE LAST
                VALUE   (LST)  VALUE       VALUE  FROM      YEAR
                                                  NORMAL
..................................................................
TEMPERATURE (F)
 YESTERDAY
  MAXIMUM         68    337 PM  85    1972  76     -8       80
                                      1944
                                      1937
  MINIMUM         42R   546 AM  42    1962  58    -16       66
                                      1928
  AVERAGE         55                        67    -12       73

PRECIPITATION (IN)
  YESTERDAY        0.00          2.32 1880   0.14  -0.14     0.00
  MONTH TO DATE    5.13                      2.46   2.67     4.13
  SINCE MAR 1     14.91                      8.27   6.64     5.68
  SINCE JAN 1     26.24                     17.96   8.28    19.95

DEGREE DAYS
 HEATING
  YESTERDAY       10                         2      8        0
  MONTH TO DATE   33                        40     -7       18
  SINCE MAR 1    238                       216     22      275
  SINCE JUL 1   1575                      1524     51     1156

 COOLING
  YESTERDAY        0                         3     -3        8
  MONTH TO DATE   46                        39      7       46
  SINCE MAR 1     52                        72    -20       61
  SINCE JAN 1     67                        86    -19      101
..................................................................


WIND (MPH)
  HIGHEST WIND SPEED    15   HIGHEST WIND DIRECTION     N (10)
  HIGHEST GUST SPEED    22   HIGHEST GUST DIRECTION     N (360)
  AVERAGE WIND SPEED     6.4


SKY COVER
  POSSIBLE SUNSHINE  MM
  AVERAGE SKY COVER 0.0


WEATHER CONDITIONS
 THE FOLLOWING WEATHER WAS RECORDED YESTERDAY.
  NO SIGNIFICANT WEATHER WAS OBSERVED.


RELATIVE HUMIDITY (PERCENT)
 HIGHEST    77          1000 PM
 LOWEST     32           200 PM
 AVERAGE    55

..........................................................


THE PENSACOLA CLIMATE NORMALS FOR TODAY
                         NORMAL    RECORD    YEAR
 MAXIMUM TEMPERATURE (F)   76        89      1948
 MINIMUM TEMPERATURE (F)   58        42      1962


SUNRISE AND SUNSET
APRIL 17 2014.........SUNRISE   619 AM CDT   SUNSET   718 PM CDT
APRIL 18 2014.........SUNRISE   618 AM CDT   SUNSET   718 PM CDT


-  INDICATES NEGATIVE NUMBERS.
R  INDICATES RECORD WAS SET OR TIED.
MM INDICATES DATA IS MISSING.
T  INDICATES TRACE AMOUNT.




$$
