000
CDUS44 KMOB 310645
CLIPNS


CLIMATE REPORT
NATIONAL WEATHER SERVICE MOBILE AL
145 AM CDT TUE MAY 31 2016


...................................

...THE PENSACOLA CLIMATE SUMMARY FOR MAY 30 2016...

CLIMATE NORMAL PERIOD 1981 TO 2010
CLIMATE RECORD PERIOD 1879 TO 2016


WEATHER ITEM   OBSERVED TIME   RECORD YEAR NORMAL DEPARTURE LAST
                VALUE   (LST)  VALUE       VALUE  FROM      YEAR
                                                  NORMAL
..................................................................
TEMPERATURE (F)
 YESTERDAY
  MAXIMUM         92   1228 PM  94    1945  86      6       85
                                      1921
  MINIMUM         73    508 AM  52    1984  70      3       70
  AVERAGE         83                        78      5       78

PRECIPITATION (IN)
  YESTERDAY        T             3.82 1883   0.15  -0.15     0.00
  MONTH TO DATE    1.96                      4.03  -2.07     5.13
  SINCE MAR 1     15.61                     14.16   1.45    17.49
  SINCE JAN 1     24.26                     23.85   0.41    27.90

DEGREE DAYS
 COOLING
  YESTERDAY       18                        13      5       13
  MONTH TO DATE  335                       285     50      333
  SINCE MAR 1    562                       419    143      634
  SINCE JAN 1    580                       433    147      641
..................................................................


WIND (MPH)
  HIGHEST WIND SPEED    14   HIGHEST WIND DIRECTION     W (250)
  HIGHEST GUST SPEED    17   HIGHEST GUST DIRECTION     W (250)
  AVERAGE WIND SPEED     6.1


SKY COVER
  POSSIBLE SUNSHINE  MM
  AVERAGE SKY COVER 0.2


WEATHER CONDITIONS
 THE FOLLOWING WEATHER WAS RECORDED YESTERDAY.
  THUNDERSTORM
  LIGHT RAIN


RELATIVE HUMIDITY (PERCENT)
 HIGHEST    87           300 AM
 LOWEST     44          1100 AM
 AVERAGE    66

..........................................................


THE PENSACOLA CLIMATE NORMALS FOR TODAY
                         NORMAL    RECORD    YEAR
 MAXIMUM TEMPERATURE (F)   87        98      1951
 MINIMUM TEMPERATURE (F)   70        47      1889


SUNRISE AND SUNSET
MAY 31 2016...........SUNRISE   547 AM CDT   SUNSET   746 PM CDT
JUNE  1 2016..........SUNRISE   547 AM CDT   SUNSET   747 PM CDT


-  INDICATES NEGATIVE NUMBERS.
R  INDICATES RECORD WAS SET OR TIED.
MM INDICATES DATA IS MISSING.
T  INDICATES TRACE AMOUNT.




$$
