546
CDUS44 KMOB 230645
CLIPNS


CLIMATE REPORT
NATIONAL WEATHER SERVICE MOBILE AL
145 AM CDT SAT JUL 23 2016


...................................

...THE PENSACOLA CLIMATE SUMMARY FOR JULY 22 2016...

CLIMATE NORMAL PERIOD 1981 TO 2010
CLIMATE RECORD PERIOD 1879 TO 2016


WEATHER ITEM   OBSERVED TIME   RECORD YEAR NORMAL DEPARTURE LAST
                VALUE   (LST)  VALUE       VALUE  FROM      YEAR
                                                  NORMAL
..................................................................
TEMPERATURE (F)
 YESTERDAY
  MAXIMUM         91    356 PM  97    1898  90      1       93
  MINIMUM         76    611 AM  67    1893  75      1       80
  AVERAGE         84                        82      2       87

PRECIPITATION (IN)
  YESTERDAY        0.66          4.97 1931   0.23   0.43      T
  MONTH TO DATE    6.27                      5.21   1.06     2.37
  SINCE MAR 1     29.53                     26.12   3.41    23.96
  SINCE JAN 1     38.18                     35.81   2.37    34.37

DEGREE DAYS
 COOLING
  YESTERDAY       19                        17      2       22
  MONTH TO DATE  434                       374     60      424
  SINCE JUN 1    955                       839    116      907
  SINCE JAN 1   1551                      1287    264     1560
..................................................................


WIND (MPH)
  HIGHEST WIND SPEED    20   HIGHEST WIND DIRECTION    SE (130)
  HIGHEST GUST SPEED    26   HIGHEST GUST DIRECTION    SE (120)
  AVERAGE WIND SPEED     5.7


SKY COVER
  POSSIBLE SUNSHINE  MM
  AVERAGE SKY COVER 0.3


WEATHER CONDITIONS
 THE FOLLOWING WEATHER WAS RECORDED YESTERDAY.
  HEAVY RAIN
  LIGHT RAIN
  FOG


RELATIVE HUMIDITY (PERCENT)
 HIGHEST    91          1200 AM
 LOWEST     52           400 PM
 AVERAGE    72

..........................................................


THE PENSACOLA CLIMATE NORMALS FOR TODAY
                         NORMAL    RECORD    YEAR
 MAXIMUM TEMPERATURE (F)   90        98      2010
                                             1952
                                             1948
 MINIMUM TEMPERATURE (F)   75        64      1947


SUNRISE AND SUNSET
JULY 23 2016..........SUNRISE   602 AM CDT   SUNSET   748 PM CDT
JULY 24 2016..........SUNRISE   602 AM CDT   SUNSET   748 PM CDT


-  INDICATES NEGATIVE NUMBERS.
R  INDICATES RECORD WAS SET OR TIED.
MM INDICATES DATA IS MISSING.
T  INDICATES TRACE AMOUNT.




$$
