000
CDUS41 KALY 010632
CLIPOU


CLIMATE REPORT
NATIONAL WEATHER SERVICE ALBANY NY
227 AM EDT SAT NOV 1 2014


...................................

...THE POUGHKEEPSIE NY CLIMATE SUMMARY FOR OCTOBER 31 2014...

CLIMATE NORMAL PERIOD 1981 TO 2010
CLIMATE RECORD PERIOD 1949 TO 2014


WEATHER ITEM   OBSERVED TIME   RECORD YEAR NORMAL DEPARTURE LAST
                VALUE   (LST)  VALUE       VALUE  FROM      YEAR
                                                  NORMAL
..................................................................
TEMPERATURE (F)
 YESTERDAY
  MAXIMUM         55    341 PM  72    1974  58     -3       63
  MINIMUM         32    718 AM  18    1988  34     -2       35
  AVERAGE         44                        46     -2       49

PRECIPITATION (IN)
  YESTERDAY        0.00          0.84 1956   0.13  -0.13     0.24
  MONTH TO DATE    3.76                      4.47  -0.71     1.61
  SINCE SEP 1      4.28                      8.75  -4.47     3.93
  SINCE JAN 1     28.95                     39.53 -10.58    34.15

DEGREE DAYS
 HEATING
  YESTERDAY       21                        19      2       16
  MONTH TO DATE  315                       438   -123      345
  SINCE SEP 1    404                       559   -155      485
  SINCE JUL 1    409                       576   -167      488

 COOLING
  YESTERDAY        0                         0      0        0
  MONTH TO DATE   13                         4      9        8
  SINCE SEP 1     99                        68     31       72
  SINCE JAN 1    696                       672     24      829
..................................................................


WIND (MPH)
  HIGHEST WIND SPEED    15   HIGHEST WIND DIRECTION    NE (60)
  HIGHEST GUST SPEED    20   HIGHEST GUST DIRECTION    NE (50)
  AVERAGE WIND SPEED     3.6


SKY COVER
  AVERAGE SKY COVER 0.6



RELATIVE HUMIDITY (PERCENT)
 HIGHEST    92           300 AM
 LOWEST     50           300 PM
 AVERAGE    71

..........................................................


THE POUGHKEEPSIE NY CLIMATE NORMALS FOR TODAY
                         NORMAL    RECORD    YEAR
 MAXIMUM TEMPERATURE (F)   58        82      1950
 MINIMUM TEMPERATURE (F)   34        21      1968


SUNRISE AND SUNSET
NOVEMBER  1 2014......SUNRISE   727 AM EDT   SUNSET   550 PM EDT
NOVEMBER  2 2014......SUNRISE   629 AM EST   SUNSET   449 PM EST


-  INDICATES NEGATIVE NUMBERS.
R  INDICATES RECORD WAS SET OR TIED.
MM INDICATES DATA IS MISSING.
T  INDICATES TRACE AMOUNT.





RECORDS FOR KPOU DATE BACK TO 1949...
HOWEVER...DATA IS MISSING FROM JANUARY 1993 - JULY 2000.
$$
