000
CDUS46 KLOX 280908
CLIPRB


CLIMATE REPORT
NATIONAL WEATHER SERVICE LOS ANGELES/OXNARD CA
208 AM PDT THU JUL 28 2016


...................................

...THE PASO ROBLES AIRPORT CA CLIMATE SUMMARY FOR JULY 27 2016...

CLIMATE NORMAL PERIOD 1981 TO 2010
CLIMATE RECORD PERIOD 1948 TO 2016


WEATHER ITEM   OBSERVED TIME   RECORD YEAR NORMAL DEPARTURE LAST
                VALUE   (LST)  VALUE       VALUE  FROM      YEAR
                                                  NORMAL
..................................................................
TEMPERATURE (F)
 YESTERDAY
  MAXIMUM        106    103 PM 108    1954  94     12       95
  MINIMUM         62    532 AM  45    1957  55      7       54
  AVERAGE         84                        74     10       75

PRECIPITATION (IN)
  YESTERDAY        0.00          0.02 1967   0.00   0.00     0.00
  MONTH TO DATE    0.00                      0.00   0.00     2.17
  SINCE OCT 1      8.06                     12.45  -4.39    10.98
  SINCE JAN 1      6.00                      8.79  -2.79     5.26

SNOWFALL (IN)
  YESTERDAY        0.0
  MONTH TO DATE    0.0
  SINCE JUN 1      0.0
  SINCE JUL 1      0.0

DEGREE DAYS
 HEATING
  YESTERDAY        0                         0      0        0
  MONTH TO DATE    0                         0      0        0
  SINCE JUN 1      8                        27    -19        8
  SINCE JUL 1      0                         0      0        0

 COOLING
  YESTERDAY       19                         9     10       10
  MONTH TO DATE  233                       229      4      227
  SINCE JUN 1    523                       372    151      490
  SINCE JAN 1    584                       440    144      561
..................................................................


WIND (MPH)
  HIGHEST WIND SPEED    21   HIGHEST WIND DIRECTION    SW (210)
  HIGHEST GUST SPEED    26   HIGHEST GUST DIRECTION    SW (210)
  AVERAGE WIND SPEED     5.6


SKY COVER
  POSSIBLE SUNSHINE  MM
  AVERAGE SKY COVER 0.0


WEATHER CONDITIONS
 THE FOLLOWING WEATHER WAS RECORDED YESTERDAY.
  HAZE


RELATIVE HUMIDITY (PERCENT)
 HIGHEST    48           500 AM
 LOWEST     11          1200 PM
 AVERAGE    30

..........................................................


THE PASO ROBLES AIRPORT CA CLIMATE NORMALS FOR TODAY
                         NORMAL    RECORD    YEAR
 MAXIMUM TEMPERATURE (F)   94       110      1954
 MINIMUM TEMPERATURE (F)   55        47      2010


SUNRISE AND SUNSET
JULY 28 2016..........SUNRISE   608 AM PDT   SUNSET   810 PM PDT
JULY 29 2016..........SUNRISE   609 AM PDT   SUNSET   809 PM PDT


-  INDICATES NEGATIVE NUMBERS.
R  INDICATES RECORD WAS SET OR TIED.
MM INDICATES DATA IS MISSING.
T  INDICATES TRACE AMOUNT.




$$
