000
CDUS46 KLOX 300857
CLIPRB


CLIMATE REPORT
NATIONAL WEATHER SERVICE LOS ANGELES/OXNARD CA
157 AM PDT SAT MAY 30 2015


...................................

...THE PASO ROBLES AIRPORT CA CLIMATE SUMMARY FOR MAY 29 2015...

CLIMATE NORMAL PERIOD 1981 TO 2010
CLIMATE RECORD PERIOD 1948 TO 2015


WEATHER ITEM   OBSERVED TIME   RECORD YEAR NORMAL DEPARTURE LAST
                VALUE   (LST)  VALUE       VALUE  FROM      YEAR
                                                  NORMAL
..................................................................
TEMPERATURE (F)
 YESTERDAY
  MAXIMUM         95    221 PM 102    1984  84     11       88
  MINIMUM         51    516 AM  40    2010  48      3       45
                                      1980
  AVERAGE         73                        66      7       67

PRECIPITATION (IN)
  YESTERDAY        0.00          0.01 2011   0.00   0.00     0.00
  MONTH TO DATE    0.15                      0.25  -0.10      T
  SINCE OCT 1      8.63                     12.42  -3.79     4.92
  SINCE JAN 1      2.91                      8.76  -5.85     4.46

SNOWFALL (IN)
  YESTERDAY        0.0
  MONTH TO DATE    0.0
  SINCE MAR 1      0.0
  SINCE JUL 1      0.0

DEGREE DAYS
 HEATING
  YESTERDAY        0                         2     -2        0
  MONTH TO DATE  115                       104     11       31
  SINCE MAR 1    443                       723   -280      401
  SINCE JUL 1   1803                      2816  -1013     2106

 COOLING
  YESTERDAY        8                         3      5        2
  MONTH TO DATE   26                        53    -27      128
  SINCE MAR 1     66                        62      4      146
  SINCE JAN 1     66                        62      4      146
..................................................................


WIND (MPH)
  HIGHEST WIND SPEED    18   HIGHEST WIND DIRECTION     S (200)
  HIGHEST GUST SPEED    21   HIGHEST GUST DIRECTION     S (200)
  AVERAGE WIND SPEED     5.6


SKY COVER
  POSSIBLE SUNSHINE  MM
  AVERAGE SKY COVER 0.2


WEATHER CONDITIONS
 THE FOLLOWING WEATHER WAS RECORDED YESTERDAY.
  FOG


RELATIVE HUMIDITY (PERCENT)
 HIGHEST    96           400 AM
 LOWEST     12           200 PM
 AVERAGE    54

..........................................................


THE PASO ROBLES AIRPORT CA CLIMATE NORMALS FOR TODAY
                         NORMAL    RECORD    YEAR
 MAXIMUM TEMPERATURE (F)   84       102      2001
 MINIMUM TEMPERATURE (F)   48        38      2011


SUNRISE AND SUNSET
MAY 30 2015...........SUNRISE   549 AM PDT   SUNSET   812 PM PDT
MAY 31 2015...........SUNRISE   548 AM PDT   SUNSET   812 PM PDT


-  INDICATES NEGATIVE NUMBERS.
R  INDICATES RECORD WAS SET OR TIED.
MM INDICATES DATA IS MISSING.
T  INDICATES TRACE AMOUNT.




$$
