841
CDUS46 KLOX 261031
CLIPRB


CLIMATE REPORT
NATIONAL WEATHER SERVICE LOS ANGELES/OXNARD CA
330 AM PDT WED APR 26 2017


...................................

...THE PASO ROBLES AIRPORT CA CLIMATE SUMMARY FOR APRIL 25 2017...

CLIMATE NORMAL PERIOD 1981 TO 2010
CLIMATE RECORD PERIOD 1948 TO 2017


WEATHER ITEM   OBSERVED TIME   RECORD YEAR NORMAL DEPARTURE LAST
                VALUE   (LST)  VALUE       VALUE  FROM      YEAR
                                                  NORMAL
..................................................................
TEMPERATURE (F)
 YESTERDAY
  MAXIMUM         75    307 PM  94    2004  75      0       68
  MINIMUM         49    552 AM  31    1971  42      7       45
  AVERAGE         62                        59      3       57

PRECIPITATION (IN)
  YESTERDAY        0.00          0.60 1978   0.02  -0.02     0.00
  MONTH TO DATE    0.95                      0.61   0.34     0.16
  SINCE OCT 1     15.96                     12.10   3.86     8.06
  SINCE JAN 1     12.28                      8.44   3.84     6.00

SNOWFALL (IN)
  YESTERDAY        0.0
  MONTH TO DATE    0.0
  SINCE MAR 1      0.0
  SINCE JUL 1      0.0

DEGREE DAYS
 HEATING
  YESTERDAY        3                         7     -4        8
  MONTH TO DATE  160                       223    -63       99
  SINCE MAR 1    444                       589   -145      378
  SINCE JUL 1   2245                      2682   -437     2165

 COOLING
  YESTERDAY        0                         0      0        0
  MONTH TO DATE    0                         0      0        5
  SINCE MAR 1      0                         0      0        5
  SINCE JAN 1      0                         0      0        5
..................................................................


WIND (MPH)
  HIGHEST WIND SPEED    26   HIGHEST WIND DIRECTION    NW (330)
  HIGHEST GUST SPEED    32   HIGHEST GUST DIRECTION    NW (330)
  AVERAGE WIND SPEED    16.6


SKY COVER
  POSSIBLE SUNSHINE  MM
  AVERAGE SKY COVER 0.1


WEATHER CONDITIONS
 THE FOLLOWING WEATHER WAS RECORDED YESTERDAY.
  NO SIGNIFICANT WEATHER WAS OBSERVED.


RELATIVE HUMIDITY (PERCENT)
 HIGHEST    86           400 AM
 LOWEST     29           200 PM
 AVERAGE    58

..........................................................


THE PASO ROBLES AIRPORT CA CLIMATE NORMALS FOR TODAY
                         NORMAL    RECORD    YEAR
 MAXIMUM TEMPERATURE (F)   76        97      2004
 MINIMUM TEMPERATURE (F)   43        31      1975


SUNRISE AND SUNSET
APRIL 26 2017.........SUNRISE   616 AM PDT   SUNSET   745 PM PDT
APRIL 27 2017.........SUNRISE   615 AM PDT   SUNSET   746 PM PDT


-  INDICATES NEGATIVE NUMBERS.
R  INDICATES RECORD WAS SET OR TIED.
MM INDICATES DATA IS MISSING.
T  INDICATES TRACE AMOUNT.




$$
